{"id":2238,"date":"2018-08-22T16:01:11","date_gmt":"2018-08-22T14:01:11","guid":{"rendered":"http:\/\/rima.unplace.ch\/wp\/?post_type=product&#038;p=2238"},"modified":"2026-04-20T16:18:12","modified_gmt":"2026-04-20T14:18:12","slug":"self","status":"publish","type":"product","link":"https:\/\/www.rimadesio.it\/it\/prodotto\/self\/","title":{"rendered":"Self"},"content":{"rendered":"<p>Un sistema componibile per ogni zona della casa, che permette di creare madie mono e bifacciali, comodini, settimanali e composizioni sospese a parete.<br \/>\nUn progetto che fa della versatilit\u00e0 la propria qualit\u00e0 principale, Self pu\u00f2 essere progettato nella massima libert\u00e0, con composizioni di modularit\u00e0 orizzontale o contenitori che si sviluppano in verticale. Con l&#8217;eccezionale variet\u00e0 dei 70 colori della collezione Ecolorsystem a disposizione, la collezione Self prevede soluzioni con anta battente, ante a ribalta, cassetti e vani a giorno.<\/p>\n","protected":false},"featured_media":0,"template":"","product_category":[111,203,570,114,573,91,92,93,95],"acf":[],"yoast_head":"<!-- This site is optimized with the Yoast SEO plugin v20.4 - https:\/\/yoast.com\/wordpress\/plugins\/seo\/ -->\n<title>Self mobili giorno | Rimadesio<\/title>\n<meta name=\"description\" content=\"Scopri il sistema giorno Self by Rimadesio. Soluzioni dal design contemporaneo, realizzate su misura. Alta qualit\u00e0 Made in Italy.\" \/>\n<meta name=\"robots\" content=\"index, follow, max-snippet:-1, max-image-preview:large, max-video-preview:-1\" \/>\n<link rel=\"canonical\" href=\"https:\/\/www.rimadesio.it\/it\/prodotto\/self\/\" \/>\n<meta property=\"og:locale\" content=\"it_IT\" \/>\n<meta property=\"og:type\" content=\"article\" \/>\n<meta property=\"og:title\" content=\"Self mobili giorno | Rimadesio\" \/>\n<meta property=\"og:description\" content=\"Scopri il sistema giorno Self by Rimadesio. Soluzioni dal design contemporaneo, realizzate su misura. Alta qualit\u00e0 Made in Italy.\" \/>\n<meta property=\"og:url\" content=\"https:\/\/www.rimadesio.it\/it\/prodotto\/self\/\" \/>\n<meta property=\"og:site_name\" content=\"Rimadesio\" \/>\n<meta property=\"article:modified_time\" content=\"2026-04-20T14:18:12+00:00\" \/>\n<meta name=\"twitter:card\" content=\"summary_large_image\" \/>\n<meta name=\"twitter:label1\" content=\"Est. reading time\" \/>\n\t<meta name=\"twitter:data1\" content=\"1 minute\" \/>\n<script type=\"application\/ld+json\" class=\"yoast-schema-graph\">{\"@context\":\"https:\/\/schema.org\",\"@graph\":[{\"@type\":\"WebPage\",\"@id\":\"https:\/\/www.rimadesio.it\/it\/prodotto\/self\/\",\"url\":\"https:\/\/www.rimadesio.it\/it\/prodotto\/self\/\",\"name\":\"Self mobili giorno | Rimadesio\",\"isPartOf\":{\"@id\":\"https:\/\/www.rimadesio.it\/it\/#website\"},\"datePublished\":\"2018-08-22T14:01:11+00:00\",\"dateModified\":\"2026-04-20T14:18:12+00:00\",\"description\":\"Scopri il sistema giorno Self by Rimadesio. Soluzioni dal design contemporaneo, realizzate su misura. Alta qualit\u00e0 Made in Italy.\",\"breadcrumb\":{\"@id\":\"https:\/\/www.rimadesio.it\/it\/prodotto\/self\/#breadcrumb\"},\"inLanguage\":\"it-IT\",\"potentialAction\":[{\"@type\":\"ReadAction\",\"target\":[\"https:\/\/www.rimadesio.it\/it\/prodotto\/self\/\"]}]},{\"@type\":\"BreadcrumbList\",\"@id\":\"https:\/\/www.rimadesio.it\/it\/prodotto\/self\/#breadcrumb\",\"itemListElement\":[{\"@type\":\"ListItem\",\"position\":1,\"name\":\"Homepage\",\"item\":\"https:\/\/www.rimadesio.it\/it\/\"},{\"@type\":\"ListItem\",\"position\":2,\"name\":\"Prodotti\",\"item\":\"https:\/\/www.rimadesio.it\/it\/prodotto\/\"},{\"@type\":\"ListItem\",\"position\":3,\"name\":\"Sistemi giorno\",\"item\":\"https:\/\/www.rimadesio.it\/it\/categoria-prodotto\/sistemi-giorno\/\"},{\"@type\":\"ListItem\",\"position\":4,\"name\":\"Mobili componibili\",\"item\":\"https:\/\/www.rimadesio.it\/it\/categoria-prodotto\/sistemi-giorno\/sistemi-componibili\/\"},{\"@type\":\"ListItem\",\"position\":5,\"name\":\"Self\"}]},{\"@type\":\"WebSite\",\"@id\":\"https:\/\/www.rimadesio.it\/it\/#website\",\"url\":\"https:\/\/www.rimadesio.it\/it\/\",\"name\":\"Rimadesio\",\"description\":\"Rimadesio official website\",\"publisher\":{\"@id\":\"https:\/\/www.rimadesio.it\/it\/#organization\"},\"potentialAction\":[{\"@type\":\"SearchAction\",\"target\":{\"@type\":\"EntryPoint\",\"urlTemplate\":\"https:\/\/www.rimadesio.it\/it\/?s={search_term_string}\"},\"query-input\":\"required name=search_term_string\"}],\"inLanguage\":\"it-IT\"},{\"@type\":\"Organization\",\"@id\":\"https:\/\/www.rimadesio.it\/it\/#organization\",\"name\":\"Rimadesio\",\"url\":\"https:\/\/www.rimadesio.it\/it\/\",\"logo\":{\"@type\":\"ImageObject\",\"inLanguage\":\"it-IT\",\"@id\":\"https:\/\/www.rimadesio.it\/it\/#\/schema\/logo\/image\/\",\"url\":\"https:\/\/static.rimadesio.it\/media\/2021\/08\/Logo.png\",\"contentUrl\":\"https:\/\/static.rimadesio.it\/media\/2021\/08\/Logo.png\",\"width\":102,\"height\":18,\"caption\":\"Rimadesio\"},\"image\":{\"@id\":\"https:\/\/www.rimadesio.it\/it\/#\/schema\/logo\/image\/\"}}]}<\/script>\n<!-- \/ Yoast SEO plugin. -->","yoast_head_json":{"title":"Self mobili giorno | Rimadesio","description":"Scopri il sistema giorno Self by Rimadesio. Soluzioni dal design contemporaneo, realizzate su misura. Alta qualit\u00e0 Made in Italy.","robots":{"index":"index","follow":"follow","max-snippet":"max-snippet:-1","max-image-preview":"max-image-preview:large","max-video-preview":"max-video-preview:-1"},"canonical":"https:\/\/www.rimadesio.it\/it\/prodotto\/self\/","og_locale":"it_IT","og_type":"article","og_title":"Self mobili giorno | Rimadesio","og_description":"Scopri il sistema giorno Self by Rimadesio. Soluzioni dal design contemporaneo, realizzate su misura. Alta qualit\u00e0 Made in Italy.","og_url":"https:\/\/www.rimadesio.it\/it\/prodotto\/self\/","og_site_name":"Rimadesio","article_modified_time":"2026-04-20T14:18:12+00:00","twitter_card":"summary_large_image","twitter_misc":{"Est. reading time":"1 minute"},"schema":{"@context":"https:\/\/schema.org","@graph":[{"@type":"WebPage","@id":"https:\/\/www.rimadesio.it\/it\/prodotto\/self\/","url":"https:\/\/www.rimadesio.it\/it\/prodotto\/self\/","name":"Self mobili giorno | Rimadesio","isPartOf":{"@id":"https:\/\/www.rimadesio.it\/it\/#website"},"datePublished":"2018-08-22T14:01:11+00:00","dateModified":"2026-04-20T14:18:12+00:00","description":"Scopri il sistema giorno Self by Rimadesio. Soluzioni dal design contemporaneo, realizzate su misura. Alta qualit\u00e0 Made in Italy.","breadcrumb":{"@id":"https:\/\/www.rimadesio.it\/it\/prodotto\/self\/#breadcrumb"},"inLanguage":"it-IT","potentialAction":[{"@type":"ReadAction","target":["https:\/\/www.rimadesio.it\/it\/prodotto\/self\/"]}]},{"@type":"BreadcrumbList","@id":"https:\/\/www.rimadesio.it\/it\/prodotto\/self\/#breadcrumb","itemListElement":[{"@type":"ListItem","position":1,"name":"Homepage","item":"https:\/\/www.rimadesio.it\/it\/"},{"@type":"ListItem","position":2,"name":"Prodotti","item":"https:\/\/www.rimadesio.it\/it\/prodotto\/"},{"@type":"ListItem","position":3,"name":"Sistemi giorno","item":"https:\/\/www.rimadesio.it\/it\/categoria-prodotto\/sistemi-giorno\/"},{"@type":"ListItem","position":4,"name":"Mobili componibili","item":"https:\/\/www.rimadesio.it\/it\/categoria-prodotto\/sistemi-giorno\/sistemi-componibili\/"},{"@type":"ListItem","position":5,"name":"Self"}]},{"@type":"WebSite","@id":"https:\/\/www.rimadesio.it\/it\/#website","url":"https:\/\/www.rimadesio.it\/it\/","name":"Rimadesio","description":"Rimadesio official website","publisher":{"@id":"https:\/\/www.rimadesio.it\/it\/#organization"},"potentialAction":[{"@type":"SearchAction","target":{"@type":"EntryPoint","urlTemplate":"https:\/\/www.rimadesio.it\/it\/?s={search_term_string}"},"query-input":"required name=search_term_string"}],"inLanguage":"it-IT"},{"@type":"Organization","@id":"https:\/\/www.rimadesio.it\/it\/#organization","name":"Rimadesio","url":"https:\/\/www.rimadesio.it\/it\/","logo":{"@type":"ImageObject","inLanguage":"it-IT","@id":"https:\/\/www.rimadesio.it\/it\/#\/schema\/logo\/image\/","url":"https:\/\/static.rimadesio.it\/media\/2021\/08\/Logo.png","contentUrl":"https:\/\/static.rimadesio.it\/media\/2021\/08\/Logo.png","width":102,"height":18,"caption":"Rimadesio"},"image":{"@id":"https:\/\/www.rimadesio.it\/it\/#\/schema\/logo\/image\/"}}]}},"_links":{"self":[{"href":"https:\/\/www.rimadesio.it\/it\/wp-json\/wp\/v2\/product\/2238"}],"collection":[{"href":"https:\/\/www.rimadesio.it\/it\/wp-json\/wp\/v2\/product"}],"about":[{"href":"https:\/\/www.rimadesio.it\/it\/wp-json\/wp\/v2\/types\/product"}],"wp:attachment":[{"href":"https:\/\/www.rimadesio.it\/it\/wp-json\/wp\/v2\/media?parent=2238"}],"wp:term":[{"taxonomy":"product_category","embeddable":true,"href":"https:\/\/www.rimadesio.it\/it\/wp-json\/wp\/v2\/product_category?post=2238"}],"curies":[{"name":"wp","href":"https:\/\/api.w.org\/{rel}","templated":true}]}}

<p>Un sistema componibile per ogni zona della casa, che permette di creare madie mono e bifacciali, comodini, settimanali e composizioni sospese a parete.<br />
Un progetto che fa della versatilità la propria qualità principale, Self può essere progettato nella massima libertà, con composizioni di modularità orizzontale o contenitori che si sviluppano in verticale. Con l&#8217;eccezionale varietà dei 70 colori della collezione Ecolorsystem a disposizione, la collezione Self prevede soluzioni con anta battente, ante a ribalta, cassetti e vani a giorno.</p>

<!-- This site is optimized with the Yoast SEO plugin v20.4 - https://yoast.com/wordpress/plugins/seo/ -->
<title>Self mobili giorno | Rimadesio</title>
<meta name="description" content="Scopri il sistema giorno Self by Rimadesio. Soluzioni dal design contemporaneo, realizzate su misura. Alta qualità Made in Italy." />
<meta name="robots" content="index, follow, max-snippet:-1, max-image-preview:large, max-video-preview:-1" />
<link rel="canonical" href="https://www.rimadesio.it/it/prodotto/self/" />
<meta property="og:locale" content="it_IT" />
<meta property="og:type" content="article" />
<meta property="og:title" content="Self mobili giorno | Rimadesio" />
<meta property="og:description" content="Scopri il sistema giorno Self by Rimadesio. Soluzioni dal design contemporaneo, realizzate su misura. Alta qualità Made in Italy." />
<meta property="og:url" content="https://www.rimadesio.it/it/prodotto/self/" />
<meta property="og:site_name" content="Rimadesio" />
<meta property="article:modified_time" content="2026-04-20T14:18:12+00:00" />
<meta name="twitter:card" content="summary_large_image" />
<meta name="twitter:label1" content="Est. reading time" />
	<meta name="twitter:data1" content="1 minute" />
<script type="application/ld+json" class="yoast-schema-graph">{"@context":"https://schema.org","@graph":[{"@type":"WebPage","@id":"https://www.rimadesio.it/it/prodotto/self/","url":"https://www.rimadesio.it/it/prodotto/self/","name":"Self mobili giorno | Rimadesio","isPartOf":{"@id":"https://www.rimadesio.it/it/#website"},"datePublished":"2018-08-22T14:01:11+00:00","dateModified":"2026-04-20T14:18:12+00:00","description":"Scopri il sistema giorno Self by Rimadesio. Soluzioni dal design contemporaneo, realizzate su misura. Alta qualità Made in Italy.","breadcrumb":{"@id":"https://www.rimadesio.it/it/prodotto/self/#breadcrumb"},"inLanguage":"it-IT","potentialAction":[{"@type":"ReadAction","target":["https://www.rimadesio.it/it/prodotto/self/"]}]},{"@type":"BreadcrumbList","@id":"https://www.rimadesio.it/it/prodotto/self/#breadcrumb","itemListElement":[{"@type":"ListItem","position":1,"name":"Homepage","item":"https://www.rimadesio.it/it/"},{"@type":"ListItem","position":2,"name":"Prodotti","item":"https://www.rimadesio.it/it/prodotto/"},{"@type":"ListItem","position":3,"name":"Sistemi giorno","item":"https://www.rimadesio.it/it/categoria-prodotto/sistemi-giorno/"},{"@type":"ListItem","position":4,"name":"Mobili componibili","item":"https://www.rimadesio.it/it/categoria-prodotto/sistemi-giorno/sistemi-componibili/"},{"@type":"ListItem","position":5,"name":"Self"}]},{"@type":"WebSite","@id":"https://www.rimadesio.it/it/#website","url":"https://www.rimadesio.it/it/","name":"Rimadesio","description":"Rimadesio official website","publisher":{"@id":"https://www.rimadesio.it/it/#organization"},"potentialAction":[{"@type":"SearchAction","target":{"@type":"EntryPoint","urlTemplate":"https://www.rimadesio.it/it/?s={search_term_string}"},"query-input":"required name=search_term_string"}],"inLanguage":"it-IT"},{"@type":"Organization","@id":"https://www.rimadesio.it/it/#organization","name":"Rimadesio","url":"https://www.rimadesio.it/it/","logo":{"@type":"ImageObject","inLanguage":"it-IT","@id":"https://www.rimadesio.it/it/#/schema/logo/image/","url":"https://static.rimadesio.it/media/2021/08/Logo.png","contentUrl":"https://static.rimadesio.it/media/2021/08/Logo.png","width":102,"height":18,"caption":"Rimadesio"},"image":{"@id":"https://www.rimadesio.it/it/#/schema/logo/image/"}}]}</script>
<!-- / Yoast SEO plugin. -->

Scopri il sistema giorno Self by Rimadesio. Soluzioni dal design contemporaneo, realizzate su misura. Alta qualità Made in Italy.
