{"id":167351,"date":"2025-01-24T14:16:35","date_gmt":"2025-01-24T13:16:35","guid":{"rendered":"https:\/\/www.rimadesio.it\/punti_vendita\/rimadesio-showroom-mallorca\/"},"modified":"2026-03-11T14:20:37","modified_gmt":"2026-03-11T13:20:37","slug":"rimadesio-showroom-mallorca","status":"publish","type":"punti_vendita","link":"https:\/\/www.rimadesio.it\/fr\/points-vente\/rimadesio-showroom-mallorca\/","title":{"rendered":"Rimadesio showroom Palma de Majorque"},"content":{"rendered":"<p>Situ\u00e9 sur le Paseo de Mallorca, au c\u0153ur de la ville, le nouvel espace de 210 m\u00b2 offre une exp\u00e9rience unique pour d\u00e9couvrir l&#8217;excellence du design italien. G\u00e9r\u00e9 par Espacio Home Design, le showroom incarne \u00e0 la perfection les principes m\u00eames d&#8217;innovation technologique, de recherche stylistique et de durabilit\u00e9 qui caract\u00e9risent Rimadesio. \u00c0 l&#8217;int\u00e9rieur, on retrouve le must de la collection sign\u00e9e Giuseppe Bavuso. Des solutions personnalis\u00e9es qui se distinguent par leur design essentiel et cet \u00e9quilibre parfait entre esth\u00e9tique et fonctionnalit\u00e9.<\/p>\n","protected":false},"featured_media":0,"template":"","acf":[],"yoast_head":"<!-- This site is optimized with the Yoast SEO plugin v20.4 - https:\/\/yoast.com\/wordpress\/plugins\/seo\/ -->\n<title>Rimadesio showroom Palma de Majorque - Rimadesio<\/title>\n<meta name=\"description\" content=\"Visita Rimadesio showroom Palma de Majorque e scopri la collezione: una selezione sempre aggiornata di arredi su misura e sistemi per l&#039;abitare contemporaneo. Alta qualit\u00e0 Made in Italy.\" \/>\n<meta name=\"robots\" content=\"index, follow, max-snippet:-1, max-image-preview:large, max-video-preview:-1\" \/>\n<link rel=\"canonical\" href=\"https:\/\/www.rimadesio.it\/fr\/points-vente\/rimadesio-showroom-mallorca\/\" \/>\n<meta property=\"og:locale\" content=\"fr_FR\" \/>\n<meta property=\"og:type\" content=\"article\" \/>\n<meta property=\"og:title\" content=\"Rimadesio showroom Palma de Majorque - Rimadesio\" \/>\n<meta property=\"og:description\" content=\"Visita Rimadesio showroom Palma de Majorque e scopri la collezione: una selezione sempre aggiornata di arredi su misura e sistemi per l&#039;abitare contemporaneo. Alta qualit\u00e0 Made in Italy.\" \/>\n<meta property=\"og:url\" content=\"https:\/\/www.rimadesio.it\/fr\/points-vente\/rimadesio-showroom-mallorca\/\" \/>\n<meta property=\"og:site_name\" content=\"Rimadesio\" \/>\n<meta property=\"article:modified_time\" content=\"2026-03-11T13:20:37+00:00\" \/>\n<meta name=\"twitter:card\" content=\"summary_large_image\" \/>\n<script type=\"application\/ld+json\" class=\"yoast-schema-graph\">{\"@context\":\"https:\/\/schema.org\",\"@graph\":[{\"@type\":\"WebPage\",\"@id\":\"https:\/\/www.rimadesio.it\/fr\/points-vente\/rimadesio-showroom-mallorca\/\",\"url\":\"https:\/\/www.rimadesio.it\/fr\/points-vente\/rimadesio-showroom-mallorca\/\",\"name\":\"Rimadesio showroom Palma de Majorque - Rimadesio\",\"isPartOf\":{\"@id\":\"https:\/\/www.rimadesio.it\/fr\/#website\"},\"datePublished\":\"2025-01-24T13:16:35+00:00\",\"dateModified\":\"2026-03-11T13:20:37+00:00\",\"description\":\"Visita Rimadesio showroom Palma de Majorque e scopri la collezione: una selezione sempre aggiornata di arredi su misura e sistemi per l'abitare contemporaneo. Alta qualit\u00e0 Made in Italy.\",\"breadcrumb\":{\"@id\":\"https:\/\/www.rimadesio.it\/fr\/points-vente\/rimadesio-showroom-mallorca\/#breadcrumb\"},\"inLanguage\":\"fr-FR\",\"potentialAction\":[{\"@type\":\"ReadAction\",\"target\":[\"https:\/\/www.rimadesio.it\/fr\/points-vente\/rimadesio-showroom-mallorca\/\"]}]},{\"@type\":\"BreadcrumbList\",\"@id\":\"https:\/\/www.rimadesio.it\/fr\/points-vente\/rimadesio-showroom-mallorca\/#breadcrumb\",\"itemListElement\":[{\"@type\":\"ListItem\",\"position\":1,\"name\":\"Homepage\",\"item\":\"https:\/\/www.rimadesio.it\/fr\/\"},{\"@type\":\"ListItem\",\"position\":2,\"name\":\"Rimadesio showroom Palma de Majorque\"}]},{\"@type\":\"WebSite\",\"@id\":\"https:\/\/www.rimadesio.it\/fr\/#website\",\"url\":\"https:\/\/www.rimadesio.it\/fr\/\",\"name\":\"Rimadesio\",\"description\":\"Rimadesio official website\",\"publisher\":{\"@id\":\"https:\/\/www.rimadesio.it\/fr\/#organization\"},\"potentialAction\":[{\"@type\":\"SearchAction\",\"target\":{\"@type\":\"EntryPoint\",\"urlTemplate\":\"https:\/\/www.rimadesio.it\/fr\/?s={search_term_string}\"},\"query-input\":\"required name=search_term_string\"}],\"inLanguage\":\"fr-FR\"},{\"@type\":\"Organization\",\"@id\":\"https:\/\/www.rimadesio.it\/fr\/#organization\",\"name\":\"Rimadesio\",\"url\":\"https:\/\/www.rimadesio.it\/fr\/\",\"logo\":{\"@type\":\"ImageObject\",\"inLanguage\":\"fr-FR\",\"@id\":\"https:\/\/www.rimadesio.it\/fr\/#\/schema\/logo\/image\/\",\"url\":\"https:\/\/static.rimadesio.it\/media\/2021\/08\/Logo.png\",\"contentUrl\":\"https:\/\/static.rimadesio.it\/media\/2021\/08\/Logo.png\",\"width\":102,\"height\":18,\"caption\":\"Rimadesio\"},\"image\":{\"@id\":\"https:\/\/www.rimadesio.it\/fr\/#\/schema\/logo\/image\/\"}}]}<\/script>\n<!-- \/ Yoast SEO plugin. -->","yoast_head_json":{"title":"Rimadesio showroom Palma de Majorque - Rimadesio","description":"Visita Rimadesio showroom Palma de Majorque e scopri la collezione: una selezione sempre aggiornata di arredi su misura e sistemi per l'abitare contemporaneo. Alta qualit\u00e0 Made in Italy.","robots":{"index":"index","follow":"follow","max-snippet":"max-snippet:-1","max-image-preview":"max-image-preview:large","max-video-preview":"max-video-preview:-1"},"canonical":"https:\/\/www.rimadesio.it\/fr\/points-vente\/rimadesio-showroom-mallorca\/","og_locale":"fr_FR","og_type":"article","og_title":"Rimadesio showroom Palma de Majorque - Rimadesio","og_description":"Visita Rimadesio showroom Palma de Majorque e scopri la collezione: una selezione sempre aggiornata di arredi su misura e sistemi per l'abitare contemporaneo. Alta qualit\u00e0 Made in Italy.","og_url":"https:\/\/www.rimadesio.it\/fr\/points-vente\/rimadesio-showroom-mallorca\/","og_site_name":"Rimadesio","article_modified_time":"2026-03-11T13:20:37+00:00","twitter_card":"summary_large_image","schema":{"@context":"https:\/\/schema.org","@graph":[{"@type":"WebPage","@id":"https:\/\/www.rimadesio.it\/fr\/points-vente\/rimadesio-showroom-mallorca\/","url":"https:\/\/www.rimadesio.it\/fr\/points-vente\/rimadesio-showroom-mallorca\/","name":"Rimadesio showroom Palma de Majorque - Rimadesio","isPartOf":{"@id":"https:\/\/www.rimadesio.it\/fr\/#website"},"datePublished":"2025-01-24T13:16:35+00:00","dateModified":"2026-03-11T13:20:37+00:00","description":"Visita Rimadesio showroom Palma de Majorque e scopri la collezione: una selezione sempre aggiornata di arredi su misura e sistemi per l'abitare contemporaneo. Alta qualit\u00e0 Made in Italy.","breadcrumb":{"@id":"https:\/\/www.rimadesio.it\/fr\/points-vente\/rimadesio-showroom-mallorca\/#breadcrumb"},"inLanguage":"fr-FR","potentialAction":[{"@type":"ReadAction","target":["https:\/\/www.rimadesio.it\/fr\/points-vente\/rimadesio-showroom-mallorca\/"]}]},{"@type":"BreadcrumbList","@id":"https:\/\/www.rimadesio.it\/fr\/points-vente\/rimadesio-showroom-mallorca\/#breadcrumb","itemListElement":[{"@type":"ListItem","position":1,"name":"Homepage","item":"https:\/\/www.rimadesio.it\/fr\/"},{"@type":"ListItem","position":2,"name":"Rimadesio showroom Palma de Majorque"}]},{"@type":"WebSite","@id":"https:\/\/www.rimadesio.it\/fr\/#website","url":"https:\/\/www.rimadesio.it\/fr\/","name":"Rimadesio","description":"Rimadesio official website","publisher":{"@id":"https:\/\/www.rimadesio.it\/fr\/#organization"},"potentialAction":[{"@type":"SearchAction","target":{"@type":"EntryPoint","urlTemplate":"https:\/\/www.rimadesio.it\/fr\/?s={search_term_string}"},"query-input":"required name=search_term_string"}],"inLanguage":"fr-FR"},{"@type":"Organization","@id":"https:\/\/www.rimadesio.it\/fr\/#organization","name":"Rimadesio","url":"https:\/\/www.rimadesio.it\/fr\/","logo":{"@type":"ImageObject","inLanguage":"fr-FR","@id":"https:\/\/www.rimadesio.it\/fr\/#\/schema\/logo\/image\/","url":"https:\/\/static.rimadesio.it\/media\/2021\/08\/Logo.png","contentUrl":"https:\/\/static.rimadesio.it\/media\/2021\/08\/Logo.png","width":102,"height":18,"caption":"Rimadesio"},"image":{"@id":"https:\/\/www.rimadesio.it\/fr\/#\/schema\/logo\/image\/"}}]}},"_links":{"self":[{"href":"https:\/\/www.rimadesio.it\/fr\/wp-json\/wp\/v2\/punti_vendita\/167351"}],"collection":[{"href":"https:\/\/www.rimadesio.it\/fr\/wp-json\/wp\/v2\/punti_vendita"}],"about":[{"href":"https:\/\/www.rimadesio.it\/fr\/wp-json\/wp\/v2\/types\/punti_vendita"}],"wp:attachment":[{"href":"https:\/\/www.rimadesio.it\/fr\/wp-json\/wp\/v2\/media?parent=167351"}],"curies":[{"name":"wp","href":"https:\/\/api.w.org\/{rel}","templated":true}]}}

<p>Situé sur le Paseo de Mallorca, au cœur de la ville, le nouvel espace de 210 m² offre une expérience unique pour découvrir l&#8217;excellence du design italien. Géré par Espacio Home Design, le showroom incarne à la perfection les principes mêmes d&#8217;innovation technologique, de recherche stylistique et de durabilité qui caractérisent Rimadesio. À l&#8217;intérieur, on retrouve le must de la collection signée Giuseppe Bavuso. Des solutions personnalisées qui se distinguent par leur design essentiel et cet équilibre parfait entre esthétique et fonctionnalité.</p>

<!-- This site is optimized with the Yoast SEO plugin v20.4 - https://yoast.com/wordpress/plugins/seo/ -->
<title>Rimadesio showroom Palma de Majorque - Rimadesio</title>
<meta name="description" content="Visita Rimadesio showroom Palma de Majorque e scopri la collezione: una selezione sempre aggiornata di arredi su misura e sistemi per l&#039;abitare contemporaneo. Alta qualità Made in Italy." />
<meta name="robots" content="index, follow, max-snippet:-1, max-image-preview:large, max-video-preview:-1" />
<link rel="canonical" href="https://www.rimadesio.it/fr/points-vente/rimadesio-showroom-mallorca/" />
<meta property="og:locale" content="fr_FR" />
<meta property="og:type" content="article" />
<meta property="og:title" content="Rimadesio showroom Palma de Majorque - Rimadesio" />
<meta property="og:description" content="Visita Rimadesio showroom Palma de Majorque e scopri la collezione: una selezione sempre aggiornata di arredi su misura e sistemi per l&#039;abitare contemporaneo. Alta qualità Made in Italy." />
<meta property="og:url" content="https://www.rimadesio.it/fr/points-vente/rimadesio-showroom-mallorca/" />
<meta property="og:site_name" content="Rimadesio" />
<meta property="article:modified_time" content="2026-03-11T13:20:37+00:00" />
<meta name="twitter:card" content="summary_large_image" />
<script type="application/ld+json" class="yoast-schema-graph">{"@context":"https://schema.org","@graph":[{"@type":"WebPage","@id":"https://www.rimadesio.it/fr/points-vente/rimadesio-showroom-mallorca/","url":"https://www.rimadesio.it/fr/points-vente/rimadesio-showroom-mallorca/","name":"Rimadesio showroom Palma de Majorque - Rimadesio","isPartOf":{"@id":"https://www.rimadesio.it/fr/#website"},"datePublished":"2025-01-24T13:16:35+00:00","dateModified":"2026-03-11T13:20:37+00:00","description":"Visita Rimadesio showroom Palma de Majorque e scopri la collezione: una selezione sempre aggiornata di arredi su misura e sistemi per l'abitare contemporaneo. Alta qualità Made in Italy.","breadcrumb":{"@id":"https://www.rimadesio.it/fr/points-vente/rimadesio-showroom-mallorca/#breadcrumb"},"inLanguage":"fr-FR","potentialAction":[{"@type":"ReadAction","target":["https://www.rimadesio.it/fr/points-vente/rimadesio-showroom-mallorca/"]}]},{"@type":"BreadcrumbList","@id":"https://www.rimadesio.it/fr/points-vente/rimadesio-showroom-mallorca/#breadcrumb","itemListElement":[{"@type":"ListItem","position":1,"name":"Homepage","item":"https://www.rimadesio.it/fr/"},{"@type":"ListItem","position":2,"name":"Rimadesio showroom Palma de Majorque"}]},{"@type":"WebSite","@id":"https://www.rimadesio.it/fr/#website","url":"https://www.rimadesio.it/fr/","name":"Rimadesio","description":"Rimadesio official website","publisher":{"@id":"https://www.rimadesio.it/fr/#organization"},"potentialAction":[{"@type":"SearchAction","target":{"@type":"EntryPoint","urlTemplate":"https://www.rimadesio.it/fr/?s={search_term_string}"},"query-input":"required name=search_term_string"}],"inLanguage":"fr-FR"},{"@type":"Organization","@id":"https://www.rimadesio.it/fr/#organization","name":"Rimadesio","url":"https://www.rimadesio.it/fr/","logo":{"@type":"ImageObject","inLanguage":"fr-FR","@id":"https://www.rimadesio.it/fr/#/schema/logo/image/","url":"https://static.rimadesio.it/media/2021/08/Logo.png","contentUrl":"https://static.rimadesio.it/media/2021/08/Logo.png","width":102,"height":18,"caption":"Rimadesio"},"image":{"@id":"https://www.rimadesio.it/fr/#/schema/logo/image/"}}]}</script>
<!-- / Yoast SEO plugin. -->

Visita Rimadesio showroom Palma de Majorque e scopri la collezione: una selezione sempre aggiornata di arredi su misura e sistemi per l'abitare contemporaneo. Alta qualità Made in Italy.
