{"id":164549,"date":"2024-08-05T10:32:03","date_gmt":"2024-08-05T08:32:03","guid":{"rendered":"https:\/\/www.rimadesio.it\/?post_type=product&#038;p=164549"},"modified":"2026-04-16T12:37:01","modified_gmt":"2026-04-16T10:37:01","slug":"alambra-bar","status":"publish","type":"product","link":"https:\/\/www.rimadesio.it\/fr\/product\/alambra-bar\/","title":{"rendered":"Alambra bar"},"content":{"rendered":"<p>La version Alambra bar est un meuble avec r\u00e9frig\u00e9rateur int\u00e9gr\u00e9, \u00e9quip\u00e9 de compartiments ouverts et d\u2019une porte en noce, rovere termotrattato et rovere nero. Les plateaux, poign\u00e9es et tablettes sont disponibles en similicuir dans les 8 couleurs du nuancier Rimadesio. Un syst\u00e8me d\u2019\u00e9clairage LED int\u00e9gr\u00e9 est \u00e9galement pr\u00e9vu.<\/p>\n","protected":false},"featured_media":0,"template":"","product_category":[554,412],"acf":[],"yoast_head":"<!-- This site is optimized with the Yoast SEO plugin v20.4 - https:\/\/yoast.com\/wordpress\/plugins\/seo\/ -->\n<title>Alambra mobili giorno | Rimadesio<\/title>\n<meta name=\"description\" content=\"La version Alambra bar est un meuble avec r\u00e9frig\u00e9rateur int\u00e9gr\u00e9, \u00e9quip\u00e9 de compartiments ouverts et d\u2019une porte en noce, rovere termotrattato et rovere\" \/>\n<meta name=\"robots\" content=\"index, follow, max-snippet:-1, max-image-preview:large, max-video-preview:-1\" \/>\n<link rel=\"canonical\" href=\"https:\/\/www.rimadesio.it\/fr\/product\/alambra-bar\/\" \/>\n<meta property=\"og:locale\" content=\"fr_FR\" \/>\n<meta property=\"og:type\" content=\"article\" \/>\n<meta property=\"og:title\" content=\"Alambra mobili giorno | Rimadesio\" \/>\n<meta property=\"og:description\" content=\"La version Alambra bar est un meuble avec r\u00e9frig\u00e9rateur int\u00e9gr\u00e9, \u00e9quip\u00e9 de compartiments ouverts et d\u2019une porte en noce, rovere termotrattato et rovere\" \/>\n<meta property=\"og:url\" content=\"https:\/\/www.rimadesio.it\/fr\/product\/alambra-bar\/\" \/>\n<meta property=\"og:site_name\" content=\"Rimadesio\" \/>\n<meta property=\"article:modified_time\" content=\"2026-04-16T10:37:01+00:00\" \/>\n<meta name=\"twitter:card\" content=\"summary_large_image\" \/>\n<script type=\"application\/ld+json\" class=\"yoast-schema-graph\">{\"@context\":\"https:\/\/schema.org\",\"@graph\":[{\"@type\":\"WebPage\",\"@id\":\"https:\/\/www.rimadesio.it\/fr\/product\/alambra-bar\/\",\"url\":\"https:\/\/www.rimadesio.it\/fr\/product\/alambra-bar\/\",\"name\":\"Alambra mobili giorno | Rimadesio\",\"isPartOf\":{\"@id\":\"https:\/\/www.rimadesio.it\/fr\/#website\"},\"datePublished\":\"2024-08-05T08:32:03+00:00\",\"dateModified\":\"2026-04-16T10:37:01+00:00\",\"description\":\"La version Alambra bar est un meuble avec r\u00e9frig\u00e9rateur int\u00e9gr\u00e9, \u00e9quip\u00e9 de compartiments ouverts et d\u2019une porte en noce, rovere termotrattato et rovere\",\"breadcrumb\":{\"@id\":\"https:\/\/www.rimadesio.it\/fr\/product\/alambra-bar\/#breadcrumb\"},\"inLanguage\":\"fr-FR\",\"potentialAction\":[{\"@type\":\"ReadAction\",\"target\":[\"https:\/\/www.rimadesio.it\/fr\/product\/alambra-bar\/\"]}]},{\"@type\":\"BreadcrumbList\",\"@id\":\"https:\/\/www.rimadesio.it\/fr\/product\/alambra-bar\/#breadcrumb\",\"itemListElement\":[{\"@type\":\"ListItem\",\"position\":1,\"name\":\"Homepage\",\"item\":\"https:\/\/www.rimadesio.it\/fr\/\"},{\"@type\":\"ListItem\",\"position\":2,\"name\":\"Produits\",\"item\":\"https:\/\/www.rimadesio.it\/fr\/product\/\"},{\"@type\":\"ListItem\",\"position\":3,\"name\":\"Syst\u00e8mes jour\",\"item\":\"https:\/\/www.rimadesio.it\/fr\/product-category\/systemes-jour\/\"},{\"@type\":\"ListItem\",\"position\":4,\"name\":\"Meubles de bar\",\"item\":\"https:\/\/www.rimadesio.it\/fr\/product-category\/systemes-jour\/mobili-bar-fr-systemes-jour\/\"},{\"@type\":\"ListItem\",\"position\":5,\"name\":\"Alambra bar\"}]},{\"@type\":\"WebSite\",\"@id\":\"https:\/\/www.rimadesio.it\/fr\/#website\",\"url\":\"https:\/\/www.rimadesio.it\/fr\/\",\"name\":\"Rimadesio\",\"description\":\"Rimadesio official website\",\"publisher\":{\"@id\":\"https:\/\/www.rimadesio.it\/fr\/#organization\"},\"potentialAction\":[{\"@type\":\"SearchAction\",\"target\":{\"@type\":\"EntryPoint\",\"urlTemplate\":\"https:\/\/www.rimadesio.it\/fr\/?s={search_term_string}\"},\"query-input\":\"required name=search_term_string\"}],\"inLanguage\":\"fr-FR\"},{\"@type\":\"Organization\",\"@id\":\"https:\/\/www.rimadesio.it\/fr\/#organization\",\"name\":\"Rimadesio\",\"url\":\"https:\/\/www.rimadesio.it\/fr\/\",\"logo\":{\"@type\":\"ImageObject\",\"inLanguage\":\"fr-FR\",\"@id\":\"https:\/\/www.rimadesio.it\/fr\/#\/schema\/logo\/image\/\",\"url\":\"https:\/\/static.rimadesio.it\/media\/2021\/08\/Logo.png\",\"contentUrl\":\"https:\/\/static.rimadesio.it\/media\/2021\/08\/Logo.png\",\"width\":102,\"height\":18,\"caption\":\"Rimadesio\"},\"image\":{\"@id\":\"https:\/\/www.rimadesio.it\/fr\/#\/schema\/logo\/image\/\"}}]}<\/script>\n<!-- \/ Yoast SEO plugin. -->","yoast_head_json":{"title":"Alambra mobili giorno | Rimadesio","description":"La version Alambra bar est un meuble avec r\u00e9frig\u00e9rateur int\u00e9gr\u00e9, \u00e9quip\u00e9 de compartiments ouverts et d\u2019une porte en noce, rovere termotrattato et rovere","robots":{"index":"index","follow":"follow","max-snippet":"max-snippet:-1","max-image-preview":"max-image-preview:large","max-video-preview":"max-video-preview:-1"},"canonical":"https:\/\/www.rimadesio.it\/fr\/product\/alambra-bar\/","og_locale":"fr_FR","og_type":"article","og_title":"Alambra mobili giorno | Rimadesio","og_description":"La version Alambra bar est un meuble avec r\u00e9frig\u00e9rateur int\u00e9gr\u00e9, \u00e9quip\u00e9 de compartiments ouverts et d\u2019une porte en noce, rovere termotrattato et rovere","og_url":"https:\/\/www.rimadesio.it\/fr\/product\/alambra-bar\/","og_site_name":"Rimadesio","article_modified_time":"2026-04-16T10:37:01+00:00","twitter_card":"summary_large_image","schema":{"@context":"https:\/\/schema.org","@graph":[{"@type":"WebPage","@id":"https:\/\/www.rimadesio.it\/fr\/product\/alambra-bar\/","url":"https:\/\/www.rimadesio.it\/fr\/product\/alambra-bar\/","name":"Alambra mobili giorno | Rimadesio","isPartOf":{"@id":"https:\/\/www.rimadesio.it\/fr\/#website"},"datePublished":"2024-08-05T08:32:03+00:00","dateModified":"2026-04-16T10:37:01+00:00","description":"La version Alambra bar est un meuble avec r\u00e9frig\u00e9rateur int\u00e9gr\u00e9, \u00e9quip\u00e9 de compartiments ouverts et d\u2019une porte en noce, rovere termotrattato et rovere","breadcrumb":{"@id":"https:\/\/www.rimadesio.it\/fr\/product\/alambra-bar\/#breadcrumb"},"inLanguage":"fr-FR","potentialAction":[{"@type":"ReadAction","target":["https:\/\/www.rimadesio.it\/fr\/product\/alambra-bar\/"]}]},{"@type":"BreadcrumbList","@id":"https:\/\/www.rimadesio.it\/fr\/product\/alambra-bar\/#breadcrumb","itemListElement":[{"@type":"ListItem","position":1,"name":"Homepage","item":"https:\/\/www.rimadesio.it\/fr\/"},{"@type":"ListItem","position":2,"name":"Produits","item":"https:\/\/www.rimadesio.it\/fr\/product\/"},{"@type":"ListItem","position":3,"name":"Syst\u00e8mes jour","item":"https:\/\/www.rimadesio.it\/fr\/product-category\/systemes-jour\/"},{"@type":"ListItem","position":4,"name":"Meubles de bar","item":"https:\/\/www.rimadesio.it\/fr\/product-category\/systemes-jour\/mobili-bar-fr-systemes-jour\/"},{"@type":"ListItem","position":5,"name":"Alambra bar"}]},{"@type":"WebSite","@id":"https:\/\/www.rimadesio.it\/fr\/#website","url":"https:\/\/www.rimadesio.it\/fr\/","name":"Rimadesio","description":"Rimadesio official website","publisher":{"@id":"https:\/\/www.rimadesio.it\/fr\/#organization"},"potentialAction":[{"@type":"SearchAction","target":{"@type":"EntryPoint","urlTemplate":"https:\/\/www.rimadesio.it\/fr\/?s={search_term_string}"},"query-input":"required name=search_term_string"}],"inLanguage":"fr-FR"},{"@type":"Organization","@id":"https:\/\/www.rimadesio.it\/fr\/#organization","name":"Rimadesio","url":"https:\/\/www.rimadesio.it\/fr\/","logo":{"@type":"ImageObject","inLanguage":"fr-FR","@id":"https:\/\/www.rimadesio.it\/fr\/#\/schema\/logo\/image\/","url":"https:\/\/static.rimadesio.it\/media\/2021\/08\/Logo.png","contentUrl":"https:\/\/static.rimadesio.it\/media\/2021\/08\/Logo.png","width":102,"height":18,"caption":"Rimadesio"},"image":{"@id":"https:\/\/www.rimadesio.it\/fr\/#\/schema\/logo\/image\/"}}]}},"_links":{"self":[{"href":"https:\/\/www.rimadesio.it\/fr\/wp-json\/wp\/v2\/product\/164549"}],"collection":[{"href":"https:\/\/www.rimadesio.it\/fr\/wp-json\/wp\/v2\/product"}],"about":[{"href":"https:\/\/www.rimadesio.it\/fr\/wp-json\/wp\/v2\/types\/product"}],"wp:attachment":[{"href":"https:\/\/www.rimadesio.it\/fr\/wp-json\/wp\/v2\/media?parent=164549"}],"wp:term":[{"taxonomy":"product_category","embeddable":true,"href":"https:\/\/www.rimadesio.it\/fr\/wp-json\/wp\/v2\/product_category?post=164549"}],"curies":[{"name":"wp","href":"https:\/\/api.w.org\/{rel}","templated":true}]}}

<p>La version Alambra bar est un meuble avec réfrigérateur intégré, équipé de compartiments ouverts et d’une porte en noce, rovere termotrattato et rovere nero. Les plateaux, poignées et tablettes sont disponibles en similicuir dans les 8 couleurs du nuancier Rimadesio. Un système d’éclairage LED intégré est également prévu.</p>

<!-- This site is optimized with the Yoast SEO plugin v20.4 - https://yoast.com/wordpress/plugins/seo/ -->
<title>Alambra mobili giorno | Rimadesio</title>
<meta name="description" content="La version Alambra bar est un meuble avec réfrigérateur intégré, équipé de compartiments ouverts et d’une porte en noce, rovere termotrattato et rovere" />
<meta name="robots" content="index, follow, max-snippet:-1, max-image-preview:large, max-video-preview:-1" />
<link rel="canonical" href="https://www.rimadesio.it/fr/product/alambra-bar/" />
<meta property="og:locale" content="fr_FR" />
<meta property="og:type" content="article" />
<meta property="og:title" content="Alambra mobili giorno | Rimadesio" />
<meta property="og:description" content="La version Alambra bar est un meuble avec réfrigérateur intégré, équipé de compartiments ouverts et d’une porte en noce, rovere termotrattato et rovere" />
<meta property="og:url" content="https://www.rimadesio.it/fr/product/alambra-bar/" />
<meta property="og:site_name" content="Rimadesio" />
<meta property="article:modified_time" content="2026-04-16T10:37:01+00:00" />
<meta name="twitter:card" content="summary_large_image" />
<script type="application/ld+json" class="yoast-schema-graph">{"@context":"https://schema.org","@graph":[{"@type":"WebPage","@id":"https://www.rimadesio.it/fr/product/alambra-bar/","url":"https://www.rimadesio.it/fr/product/alambra-bar/","name":"Alambra mobili giorno | Rimadesio","isPartOf":{"@id":"https://www.rimadesio.it/fr/#website"},"datePublished":"2024-08-05T08:32:03+00:00","dateModified":"2026-04-16T10:37:01+00:00","description":"La version Alambra bar est un meuble avec réfrigérateur intégré, équipé de compartiments ouverts et d’une porte en noce, rovere termotrattato et rovere","breadcrumb":{"@id":"https://www.rimadesio.it/fr/product/alambra-bar/#breadcrumb"},"inLanguage":"fr-FR","potentialAction":[{"@type":"ReadAction","target":["https://www.rimadesio.it/fr/product/alambra-bar/"]}]},{"@type":"BreadcrumbList","@id":"https://www.rimadesio.it/fr/product/alambra-bar/#breadcrumb","itemListElement":[{"@type":"ListItem","position":1,"name":"Homepage","item":"https://www.rimadesio.it/fr/"},{"@type":"ListItem","position":2,"name":"Produits","item":"https://www.rimadesio.it/fr/product/"},{"@type":"ListItem","position":3,"name":"Systèmes jour","item":"https://www.rimadesio.it/fr/product-category/systemes-jour/"},{"@type":"ListItem","position":4,"name":"Meubles de bar","item":"https://www.rimadesio.it/fr/product-category/systemes-jour/mobili-bar-fr-systemes-jour/"},{"@type":"ListItem","position":5,"name":"Alambra bar"}]},{"@type":"WebSite","@id":"https://www.rimadesio.it/fr/#website","url":"https://www.rimadesio.it/fr/","name":"Rimadesio","description":"Rimadesio official website","publisher":{"@id":"https://www.rimadesio.it/fr/#organization"},"potentialAction":[{"@type":"SearchAction","target":{"@type":"EntryPoint","urlTemplate":"https://www.rimadesio.it/fr/?s={search_term_string}"},"query-input":"required name=search_term_string"}],"inLanguage":"fr-FR"},{"@type":"Organization","@id":"https://www.rimadesio.it/fr/#organization","name":"Rimadesio","url":"https://www.rimadesio.it/fr/","logo":{"@type":"ImageObject","inLanguage":"fr-FR","@id":"https://www.rimadesio.it/fr/#/schema/logo/image/","url":"https://static.rimadesio.it/media/2021/08/Logo.png","contentUrl":"https://static.rimadesio.it/media/2021/08/Logo.png","width":102,"height":18,"caption":"Rimadesio"},"image":{"@id":"https://www.rimadesio.it/fr/#/schema/logo/image/"}}]}</script>
<!-- / Yoast SEO plugin. -->

La version Alambra bar est un meuble avec réfrigérateur intégré, équipé de compartiments ouverts et d’une porte en noce, rovere termotrattato et rovere

Systèmes jour
