{"id":154986,"date":"2018-08-22T16:01:11","date_gmt":"2018-08-22T14:01:11","guid":{"rendered":"https:\/\/www.rimadesio.it\/product\/self\/"},"modified":"2026-04-15T11:17:43","modified_gmt":"2026-04-15T09:17:43","slug":"self","status":"publish","type":"product","link":"https:\/\/www.rimadesio.it\/fr\/product\/self\/","title":{"rendered":"Self"},"content":{"rendered":"<p>Un syst\u00e8me composable pour toutes les zones de la maison, qui permet de cr\u00e9er des buffets mono ou double face, des chevets, semainiers et compositions suspendues murales.\u00a0Un projet qui fait de l&#8217;\u00e9clectisme sa qualit\u00e9 principale, Self peut \u00eatre projet avec la plus grande libert\u00e9, avec des compositions de modularit\u00e9 horizontale ou des caissons qui se d\u00e9veloppent \u00e0 la verticale. Avec la vari\u00e9t\u00e9 exceptionnelle des 70 couleurs de la collection Ecolorsystem \u00e0 disposition, la collection Self pr\u00e9voit des solutions avec vantail battant, vantaux basculants, tiroirs et compartiments ouverts.<\/p>\n","protected":false},"featured_media":0,"template":"","product_category":[413,379,417,592,404,598,402,412,414],"acf":[],"yoast_head":"<!-- This site is optimized with the Yoast SEO plugin v20.4 - https:\/\/yoast.com\/wordpress\/plugins\/seo\/ -->\n<title>Self mobili giorno | Rimadesio<\/title>\n<meta name=\"description\" content=\"Scopri il sistema giorno Self by Rimadesio. Soluzioni dal design contemporaneo, realizzate su misura. Alta qualit\u00e0 Made in Italy.\" \/>\n<meta name=\"robots\" content=\"index, follow, max-snippet:-1, max-image-preview:large, max-video-preview:-1\" \/>\n<link rel=\"canonical\" href=\"https:\/\/www.rimadesio.it\/fr\/product\/self\/\" \/>\n<meta property=\"og:locale\" content=\"fr_FR\" \/>\n<meta property=\"og:type\" content=\"article\" \/>\n<meta property=\"og:title\" content=\"Self mobili giorno | Rimadesio\" \/>\n<meta property=\"og:description\" content=\"Scopri il sistema giorno Self by Rimadesio. Soluzioni dal design contemporaneo, realizzate su misura. Alta qualit\u00e0 Made in Italy.\" \/>\n<meta property=\"og:url\" content=\"https:\/\/www.rimadesio.it\/fr\/product\/self\/\" \/>\n<meta property=\"og:site_name\" content=\"Rimadesio\" \/>\n<meta property=\"article:modified_time\" content=\"2026-04-15T09:17:43+00:00\" \/>\n<meta name=\"twitter:card\" content=\"summary_large_image\" \/>\n<script type=\"application\/ld+json\" class=\"yoast-schema-graph\">{\"@context\":\"https:\/\/schema.org\",\"@graph\":[{\"@type\":\"WebPage\",\"@id\":\"https:\/\/www.rimadesio.it\/fr\/product\/self\/\",\"url\":\"https:\/\/www.rimadesio.it\/fr\/product\/self\/\",\"name\":\"Self mobili giorno | Rimadesio\",\"isPartOf\":{\"@id\":\"https:\/\/www.rimadesio.it\/fr\/#website\"},\"datePublished\":\"2018-08-22T14:01:11+00:00\",\"dateModified\":\"2026-04-15T09:17:43+00:00\",\"description\":\"Scopri il sistema giorno Self by Rimadesio. Soluzioni dal design contemporaneo, realizzate su misura. Alta qualit\u00e0 Made in Italy.\",\"breadcrumb\":{\"@id\":\"https:\/\/www.rimadesio.it\/fr\/product\/self\/#breadcrumb\"},\"inLanguage\":\"fr-FR\",\"potentialAction\":[{\"@type\":\"ReadAction\",\"target\":[\"https:\/\/www.rimadesio.it\/fr\/product\/self\/\"]}]},{\"@type\":\"BreadcrumbList\",\"@id\":\"https:\/\/www.rimadesio.it\/fr\/product\/self\/#breadcrumb\",\"itemListElement\":[{\"@type\":\"ListItem\",\"position\":1,\"name\":\"Homepage\",\"item\":\"https:\/\/www.rimadesio.it\/fr\/\"},{\"@type\":\"ListItem\",\"position\":2,\"name\":\"Produits\",\"item\":\"https:\/\/www.rimadesio.it\/fr\/product\/\"},{\"@type\":\"ListItem\",\"position\":3,\"name\":\"Syst\u00e8me bureau\",\"item\":\"https:\/\/www.rimadesio.it\/fr\/product-category\/systeme-bureau\/\"},{\"@type\":\"ListItem\",\"position\":4,\"name\":\"Rangements\",\"item\":\"https:\/\/www.rimadesio.it\/fr\/product-category\/systeme-bureau\/rangements-office\/\"},{\"@type\":\"ListItem\",\"position\":5,\"name\":\"Self\"}]},{\"@type\":\"WebSite\",\"@id\":\"https:\/\/www.rimadesio.it\/fr\/#website\",\"url\":\"https:\/\/www.rimadesio.it\/fr\/\",\"name\":\"Rimadesio\",\"description\":\"Rimadesio official website\",\"publisher\":{\"@id\":\"https:\/\/www.rimadesio.it\/fr\/#organization\"},\"potentialAction\":[{\"@type\":\"SearchAction\",\"target\":{\"@type\":\"EntryPoint\",\"urlTemplate\":\"https:\/\/www.rimadesio.it\/fr\/?s={search_term_string}\"},\"query-input\":\"required name=search_term_string\"}],\"inLanguage\":\"fr-FR\"},{\"@type\":\"Organization\",\"@id\":\"https:\/\/www.rimadesio.it\/fr\/#organization\",\"name\":\"Rimadesio\",\"url\":\"https:\/\/www.rimadesio.it\/fr\/\",\"logo\":{\"@type\":\"ImageObject\",\"inLanguage\":\"fr-FR\",\"@id\":\"https:\/\/www.rimadesio.it\/fr\/#\/schema\/logo\/image\/\",\"url\":\"https:\/\/static.rimadesio.it\/media\/2021\/08\/Logo.png\",\"contentUrl\":\"https:\/\/static.rimadesio.it\/media\/2021\/08\/Logo.png\",\"width\":102,\"height\":18,\"caption\":\"Rimadesio\"},\"image\":{\"@id\":\"https:\/\/www.rimadesio.it\/fr\/#\/schema\/logo\/image\/\"}}]}<\/script>\n<!-- \/ Yoast SEO plugin. -->","yoast_head_json":{"title":"Self mobili giorno | Rimadesio","description":"Scopri il sistema giorno Self by Rimadesio. Soluzioni dal design contemporaneo, realizzate su misura. Alta qualit\u00e0 Made in Italy.","robots":{"index":"index","follow":"follow","max-snippet":"max-snippet:-1","max-image-preview":"max-image-preview:large","max-video-preview":"max-video-preview:-1"},"canonical":"https:\/\/www.rimadesio.it\/fr\/product\/self\/","og_locale":"fr_FR","og_type":"article","og_title":"Self mobili giorno | Rimadesio","og_description":"Scopri il sistema giorno Self by Rimadesio. Soluzioni dal design contemporaneo, realizzate su misura. Alta qualit\u00e0 Made in Italy.","og_url":"https:\/\/www.rimadesio.it\/fr\/product\/self\/","og_site_name":"Rimadesio","article_modified_time":"2026-04-15T09:17:43+00:00","twitter_card":"summary_large_image","schema":{"@context":"https:\/\/schema.org","@graph":[{"@type":"WebPage","@id":"https:\/\/www.rimadesio.it\/fr\/product\/self\/","url":"https:\/\/www.rimadesio.it\/fr\/product\/self\/","name":"Self mobili giorno | Rimadesio","isPartOf":{"@id":"https:\/\/www.rimadesio.it\/fr\/#website"},"datePublished":"2018-08-22T14:01:11+00:00","dateModified":"2026-04-15T09:17:43+00:00","description":"Scopri il sistema giorno Self by Rimadesio. Soluzioni dal design contemporaneo, realizzate su misura. Alta qualit\u00e0 Made in Italy.","breadcrumb":{"@id":"https:\/\/www.rimadesio.it\/fr\/product\/self\/#breadcrumb"},"inLanguage":"fr-FR","potentialAction":[{"@type":"ReadAction","target":["https:\/\/www.rimadesio.it\/fr\/product\/self\/"]}]},{"@type":"BreadcrumbList","@id":"https:\/\/www.rimadesio.it\/fr\/product\/self\/#breadcrumb","itemListElement":[{"@type":"ListItem","position":1,"name":"Homepage","item":"https:\/\/www.rimadesio.it\/fr\/"},{"@type":"ListItem","position":2,"name":"Produits","item":"https:\/\/www.rimadesio.it\/fr\/product\/"},{"@type":"ListItem","position":3,"name":"Syst\u00e8me bureau","item":"https:\/\/www.rimadesio.it\/fr\/product-category\/systeme-bureau\/"},{"@type":"ListItem","position":4,"name":"Rangements","item":"https:\/\/www.rimadesio.it\/fr\/product-category\/systeme-bureau\/rangements-office\/"},{"@type":"ListItem","position":5,"name":"Self"}]},{"@type":"WebSite","@id":"https:\/\/www.rimadesio.it\/fr\/#website","url":"https:\/\/www.rimadesio.it\/fr\/","name":"Rimadesio","description":"Rimadesio official website","publisher":{"@id":"https:\/\/www.rimadesio.it\/fr\/#organization"},"potentialAction":[{"@type":"SearchAction","target":{"@type":"EntryPoint","urlTemplate":"https:\/\/www.rimadesio.it\/fr\/?s={search_term_string}"},"query-input":"required name=search_term_string"}],"inLanguage":"fr-FR"},{"@type":"Organization","@id":"https:\/\/www.rimadesio.it\/fr\/#organization","name":"Rimadesio","url":"https:\/\/www.rimadesio.it\/fr\/","logo":{"@type":"ImageObject","inLanguage":"fr-FR","@id":"https:\/\/www.rimadesio.it\/fr\/#\/schema\/logo\/image\/","url":"https:\/\/static.rimadesio.it\/media\/2021\/08\/Logo.png","contentUrl":"https:\/\/static.rimadesio.it\/media\/2021\/08\/Logo.png","width":102,"height":18,"caption":"Rimadesio"},"image":{"@id":"https:\/\/www.rimadesio.it\/fr\/#\/schema\/logo\/image\/"}}]}},"_links":{"self":[{"href":"https:\/\/www.rimadesio.it\/fr\/wp-json\/wp\/v2\/product\/154986"}],"collection":[{"href":"https:\/\/www.rimadesio.it\/fr\/wp-json\/wp\/v2\/product"}],"about":[{"href":"https:\/\/www.rimadesio.it\/fr\/wp-json\/wp\/v2\/types\/product"}],"wp:attachment":[{"href":"https:\/\/www.rimadesio.it\/fr\/wp-json\/wp\/v2\/media?parent=154986"}],"wp:term":[{"taxonomy":"product_category","embeddable":true,"href":"https:\/\/www.rimadesio.it\/fr\/wp-json\/wp\/v2\/product_category?post=154986"}],"curies":[{"name":"wp","href":"https:\/\/api.w.org\/{rel}","templated":true}]}}

<p>Un système composable pour toutes les zones de la maison, qui permet de créer des buffets mono ou double face, des chevets, semainiers et compositions suspendues murales. Un projet qui fait de l&#8217;éclectisme sa qualité principale, Self peut être projet avec la plus grande liberté, avec des compositions de modularité horizontale ou des caissons qui se développent à la verticale. Avec la variété exceptionnelle des 70 couleurs de la collection Ecolorsystem à disposition, la collection Self prévoit des solutions avec vantail battant, vantaux basculants, tiroirs et compartiments ouverts.</p>

<!-- This site is optimized with the Yoast SEO plugin v20.4 - https://yoast.com/wordpress/plugins/seo/ -->
<title>Self mobili giorno | Rimadesio</title>
<meta name="description" content="Scopri il sistema giorno Self by Rimadesio. Soluzioni dal design contemporaneo, realizzate su misura. Alta qualità Made in Italy." />
<meta name="robots" content="index, follow, max-snippet:-1, max-image-preview:large, max-video-preview:-1" />
<link rel="canonical" href="https://www.rimadesio.it/fr/product/self/" />
<meta property="og:locale" content="fr_FR" />
<meta property="og:type" content="article" />
<meta property="og:title" content="Self mobili giorno | Rimadesio" />
<meta property="og:description" content="Scopri il sistema giorno Self by Rimadesio. Soluzioni dal design contemporaneo, realizzate su misura. Alta qualità Made in Italy." />
<meta property="og:url" content="https://www.rimadesio.it/fr/product/self/" />
<meta property="og:site_name" content="Rimadesio" />
<meta property="article:modified_time" content="2026-04-15T09:17:43+00:00" />
<meta name="twitter:card" content="summary_large_image" />
<script type="application/ld+json" class="yoast-schema-graph">{"@context":"https://schema.org","@graph":[{"@type":"WebPage","@id":"https://www.rimadesio.it/fr/product/self/","url":"https://www.rimadesio.it/fr/product/self/","name":"Self mobili giorno | Rimadesio","isPartOf":{"@id":"https://www.rimadesio.it/fr/#website"},"datePublished":"2018-08-22T14:01:11+00:00","dateModified":"2026-04-15T09:17:43+00:00","description":"Scopri il sistema giorno Self by Rimadesio. Soluzioni dal design contemporaneo, realizzate su misura. Alta qualità Made in Italy.","breadcrumb":{"@id":"https://www.rimadesio.it/fr/product/self/#breadcrumb"},"inLanguage":"fr-FR","potentialAction":[{"@type":"ReadAction","target":["https://www.rimadesio.it/fr/product/self/"]}]},{"@type":"BreadcrumbList","@id":"https://www.rimadesio.it/fr/product/self/#breadcrumb","itemListElement":[{"@type":"ListItem","position":1,"name":"Homepage","item":"https://www.rimadesio.it/fr/"},{"@type":"ListItem","position":2,"name":"Produits","item":"https://www.rimadesio.it/fr/product/"},{"@type":"ListItem","position":3,"name":"Système bureau","item":"https://www.rimadesio.it/fr/product-category/systeme-bureau/"},{"@type":"ListItem","position":4,"name":"Rangements","item":"https://www.rimadesio.it/fr/product-category/systeme-bureau/rangements-office/"},{"@type":"ListItem","position":5,"name":"Self"}]},{"@type":"WebSite","@id":"https://www.rimadesio.it/fr/#website","url":"https://www.rimadesio.it/fr/","name":"Rimadesio","description":"Rimadesio official website","publisher":{"@id":"https://www.rimadesio.it/fr/#organization"},"potentialAction":[{"@type":"SearchAction","target":{"@type":"EntryPoint","urlTemplate":"https://www.rimadesio.it/fr/?s={search_term_string}"},"query-input":"required name=search_term_string"}],"inLanguage":"fr-FR"},{"@type":"Organization","@id":"https://www.rimadesio.it/fr/#organization","name":"Rimadesio","url":"https://www.rimadesio.it/fr/","logo":{"@type":"ImageObject","inLanguage":"fr-FR","@id":"https://www.rimadesio.it/fr/#/schema/logo/image/","url":"https://static.rimadesio.it/media/2021/08/Logo.png","contentUrl":"https://static.rimadesio.it/media/2021/08/Logo.png","width":102,"height":18,"caption":"Rimadesio"},"image":{"@id":"https://www.rimadesio.it/fr/#/schema/logo/image/"}}]}</script>
<!-- / Yoast SEO plugin. -->

Scopri il sistema giorno Self by Rimadesio. Soluzioni dal design contemporaneo, realizzate su misura. Alta qualità Made in Italy.

Système bureau
