{"id":170800,"date":"2026-02-19T08:37:56","date_gmt":"2026-02-19T07:37:56","guid":{"rendered":"https:\/\/www.rimadesio.it\/?post_type=journal&#038;p=170800"},"modified":"2026-04-27T09:58:49","modified_gmt":"2026-04-27T07:58:49","slug":"preview_milano-design-week-2026","status":"publish","type":"journal","link":"https:\/\/www.rimadesio.it\/fr\/journal\/preview_milano-design-week-2026\/","title":{"rendered":"MILANO DESIGN WEEK 2026"},"content":{"rendered":"<p>\u00c0 l\u2019occasion de la Milano Design Week 2026, Rimadesio c\u00e9l\u00e8bre son 70e anniversaire \u00e0 travers BECOMING, le concept qui accompagne la societ\u00e9 pendant l\u2019ann\u00e9e en associant design, architecture, art et relations.<\/p>\n","protected":false},"featured_media":0,"template":"","journal_category":[377],"acf":[],"yoast_head":"<!-- This site is optimized with the Yoast SEO plugin v20.4 - https:\/\/yoast.com\/wordpress\/plugins\/seo\/ -->\n<title>MILANO DESIGN WEEK 2026 - Rimadesio<\/title>\n<meta name=\"description\" content=\"\u00c0 l\u2019occasion de la Milano Design Week 2026, Rimadesio c\u00e9l\u00e8bre son 70e anniversaire \u00e0 travers BECOMING, le concept qui accompagne la societ\u00e9 pendant\" \/>\n<meta name=\"robots\" content=\"index, follow, max-snippet:-1, max-image-preview:large, max-video-preview:-1\" \/>\n<link rel=\"canonical\" href=\"https:\/\/www.rimadesio.it\/fr\/journal\/preview_milano-design-week-2026\/\" \/>\n<meta property=\"og:locale\" content=\"fr_FR\" \/>\n<meta property=\"og:type\" content=\"article\" \/>\n<meta property=\"og:title\" content=\"MILANO DESIGN WEEK 2026 - Rimadesio\" \/>\n<meta property=\"og:description\" content=\"\u00c0 l\u2019occasion de la Milano Design Week 2026, Rimadesio c\u00e9l\u00e8bre son 70e anniversaire \u00e0 travers BECOMING, le concept qui accompagne la societ\u00e9 pendant\" \/>\n<meta property=\"og:url\" content=\"https:\/\/www.rimadesio.it\/fr\/journal\/preview_milano-design-week-2026\/\" \/>\n<meta property=\"og:site_name\" content=\"Rimadesio\" \/>\n<meta property=\"article:modified_time\" content=\"2026-04-27T07:58:49+00:00\" \/>\n<meta name=\"twitter:card\" content=\"summary_large_image\" \/>\n<script type=\"application\/ld+json\" class=\"yoast-schema-graph\">{\"@context\":\"https:\/\/schema.org\",\"@graph\":[{\"@type\":\"WebPage\",\"@id\":\"https:\/\/www.rimadesio.it\/fr\/journal\/preview_milano-design-week-2026\/\",\"url\":\"https:\/\/www.rimadesio.it\/fr\/journal\/preview_milano-design-week-2026\/\",\"name\":\"MILANO DESIGN WEEK 2026 - Rimadesio\",\"isPartOf\":{\"@id\":\"https:\/\/www.rimadesio.it\/fr\/#website\"},\"datePublished\":\"2026-02-19T07:37:56+00:00\",\"dateModified\":\"2026-04-27T07:58:49+00:00\",\"description\":\"\u00c0 l\u2019occasion de la Milano Design Week 2026, Rimadesio c\u00e9l\u00e8bre son 70e anniversaire \u00e0 travers BECOMING, le concept qui accompagne la societ\u00e9 pendant\",\"breadcrumb\":{\"@id\":\"https:\/\/www.rimadesio.it\/fr\/journal\/preview_milano-design-week-2026\/#breadcrumb\"},\"inLanguage\":\"fr-FR\",\"potentialAction\":[{\"@type\":\"ReadAction\",\"target\":[\"https:\/\/www.rimadesio.it\/fr\/journal\/preview_milano-design-week-2026\/\"]}]},{\"@type\":\"BreadcrumbList\",\"@id\":\"https:\/\/www.rimadesio.it\/fr\/journal\/preview_milano-design-week-2026\/#breadcrumb\",\"itemListElement\":[{\"@type\":\"ListItem\",\"position\":1,\"name\":\"Homepage\",\"item\":\"https:\/\/www.rimadesio.it\/fr\/\"},{\"@type\":\"ListItem\",\"position\":2,\"name\":\"\u00c9v\u00e9nements\",\"item\":\"https:\/\/www.rimadesio.it\/fr\/journal-category\/evenements\/\"},{\"@type\":\"ListItem\",\"position\":3,\"name\":\"MILANO DESIGN WEEK 2026\"}]},{\"@type\":\"WebSite\",\"@id\":\"https:\/\/www.rimadesio.it\/fr\/#website\",\"url\":\"https:\/\/www.rimadesio.it\/fr\/\",\"name\":\"Rimadesio\",\"description\":\"Rimadesio official website\",\"publisher\":{\"@id\":\"https:\/\/www.rimadesio.it\/fr\/#organization\"},\"potentialAction\":[{\"@type\":\"SearchAction\",\"target\":{\"@type\":\"EntryPoint\",\"urlTemplate\":\"https:\/\/www.rimadesio.it\/fr\/?s={search_term_string}\"},\"query-input\":\"required name=search_term_string\"}],\"inLanguage\":\"fr-FR\"},{\"@type\":\"Organization\",\"@id\":\"https:\/\/www.rimadesio.it\/fr\/#organization\",\"name\":\"Rimadesio\",\"url\":\"https:\/\/www.rimadesio.it\/fr\/\",\"logo\":{\"@type\":\"ImageObject\",\"inLanguage\":\"fr-FR\",\"@id\":\"https:\/\/www.rimadesio.it\/fr\/#\/schema\/logo\/image\/\",\"url\":\"https:\/\/static.rimadesio.it\/media\/2021\/08\/Logo.png\",\"contentUrl\":\"https:\/\/static.rimadesio.it\/media\/2021\/08\/Logo.png\",\"width\":102,\"height\":18,\"caption\":\"Rimadesio\"},\"image\":{\"@id\":\"https:\/\/www.rimadesio.it\/fr\/#\/schema\/logo\/image\/\"}}]}<\/script>\n<!-- \/ Yoast SEO plugin. -->","yoast_head_json":{"title":"MILANO DESIGN WEEK 2026 - Rimadesio","description":"\u00c0 l\u2019occasion de la Milano Design Week 2026, Rimadesio c\u00e9l\u00e8bre son 70e anniversaire \u00e0 travers BECOMING, le concept qui accompagne la societ\u00e9 pendant","robots":{"index":"index","follow":"follow","max-snippet":"max-snippet:-1","max-image-preview":"max-image-preview:large","max-video-preview":"max-video-preview:-1"},"canonical":"https:\/\/www.rimadesio.it\/fr\/journal\/preview_milano-design-week-2026\/","og_locale":"fr_FR","og_type":"article","og_title":"MILANO DESIGN WEEK 2026 - Rimadesio","og_description":"\u00c0 l\u2019occasion de la Milano Design Week 2026, Rimadesio c\u00e9l\u00e8bre son 70e anniversaire \u00e0 travers BECOMING, le concept qui accompagne la societ\u00e9 pendant","og_url":"https:\/\/www.rimadesio.it\/fr\/journal\/preview_milano-design-week-2026\/","og_site_name":"Rimadesio","article_modified_time":"2026-04-27T07:58:49+00:00","twitter_card":"summary_large_image","schema":{"@context":"https:\/\/schema.org","@graph":[{"@type":"WebPage","@id":"https:\/\/www.rimadesio.it\/fr\/journal\/preview_milano-design-week-2026\/","url":"https:\/\/www.rimadesio.it\/fr\/journal\/preview_milano-design-week-2026\/","name":"MILANO DESIGN WEEK 2026 - Rimadesio","isPartOf":{"@id":"https:\/\/www.rimadesio.it\/fr\/#website"},"datePublished":"2026-02-19T07:37:56+00:00","dateModified":"2026-04-27T07:58:49+00:00","description":"\u00c0 l\u2019occasion de la Milano Design Week 2026, Rimadesio c\u00e9l\u00e8bre son 70e anniversaire \u00e0 travers BECOMING, le concept qui accompagne la societ\u00e9 pendant","breadcrumb":{"@id":"https:\/\/www.rimadesio.it\/fr\/journal\/preview_milano-design-week-2026\/#breadcrumb"},"inLanguage":"fr-FR","potentialAction":[{"@type":"ReadAction","target":["https:\/\/www.rimadesio.it\/fr\/journal\/preview_milano-design-week-2026\/"]}]},{"@type":"BreadcrumbList","@id":"https:\/\/www.rimadesio.it\/fr\/journal\/preview_milano-design-week-2026\/#breadcrumb","itemListElement":[{"@type":"ListItem","position":1,"name":"Homepage","item":"https:\/\/www.rimadesio.it\/fr\/"},{"@type":"ListItem","position":2,"name":"\u00c9v\u00e9nements","item":"https:\/\/www.rimadesio.it\/fr\/journal-category\/evenements\/"},{"@type":"ListItem","position":3,"name":"MILANO DESIGN WEEK 2026"}]},{"@type":"WebSite","@id":"https:\/\/www.rimadesio.it\/fr\/#website","url":"https:\/\/www.rimadesio.it\/fr\/","name":"Rimadesio","description":"Rimadesio official website","publisher":{"@id":"https:\/\/www.rimadesio.it\/fr\/#organization"},"potentialAction":[{"@type":"SearchAction","target":{"@type":"EntryPoint","urlTemplate":"https:\/\/www.rimadesio.it\/fr\/?s={search_term_string}"},"query-input":"required name=search_term_string"}],"inLanguage":"fr-FR"},{"@type":"Organization","@id":"https:\/\/www.rimadesio.it\/fr\/#organization","name":"Rimadesio","url":"https:\/\/www.rimadesio.it\/fr\/","logo":{"@type":"ImageObject","inLanguage":"fr-FR","@id":"https:\/\/www.rimadesio.it\/fr\/#\/schema\/logo\/image\/","url":"https:\/\/static.rimadesio.it\/media\/2021\/08\/Logo.png","contentUrl":"https:\/\/static.rimadesio.it\/media\/2021\/08\/Logo.png","width":102,"height":18,"caption":"Rimadesio"},"image":{"@id":"https:\/\/www.rimadesio.it\/fr\/#\/schema\/logo\/image\/"}}]}},"_links":{"self":[{"href":"https:\/\/www.rimadesio.it\/fr\/wp-json\/wp\/v2\/journal\/170800"}],"collection":[{"href":"https:\/\/www.rimadesio.it\/fr\/wp-json\/wp\/v2\/journal"}],"about":[{"href":"https:\/\/www.rimadesio.it\/fr\/wp-json\/wp\/v2\/types\/journal"}],"wp:attachment":[{"href":"https:\/\/www.rimadesio.it\/fr\/wp-json\/wp\/v2\/media?parent=170800"}],"wp:term":[{"taxonomy":"journal_category","embeddable":true,"href":"https:\/\/www.rimadesio.it\/fr\/wp-json\/wp\/v2\/journal_category?post=170800"}],"curies":[{"name":"wp","href":"https:\/\/api.w.org\/{rel}","templated":true}]}}

<p>À l’occasion de la Milano Design Week 2026, Rimadesio célèbre son 70e anniversaire à travers BECOMING, le concept qui accompagne la societé pendant l’année en associant design, architecture, art et relations.</p>

<!-- This site is optimized with the Yoast SEO plugin v20.4 - https://yoast.com/wordpress/plugins/seo/ -->
<title>MILANO DESIGN WEEK 2026 - Rimadesio</title>
<meta name="description" content="À l’occasion de la Milano Design Week 2026, Rimadesio célèbre son 70e anniversaire à travers BECOMING, le concept qui accompagne la societé pendant" />
<meta name="robots" content="index, follow, max-snippet:-1, max-image-preview:large, max-video-preview:-1" />
<link rel="canonical" href="https://www.rimadesio.it/fr/journal/preview_milano-design-week-2026/" />
<meta property="og:locale" content="fr_FR" />
<meta property="og:type" content="article" />
<meta property="og:title" content="MILANO DESIGN WEEK 2026 - Rimadesio" />
<meta property="og:description" content="À l’occasion de la Milano Design Week 2026, Rimadesio célèbre son 70e anniversaire à travers BECOMING, le concept qui accompagne la societé pendant" />
<meta property="og:url" content="https://www.rimadesio.it/fr/journal/preview_milano-design-week-2026/" />
<meta property="og:site_name" content="Rimadesio" />
<meta property="article:modified_time" content="2026-04-27T07:58:49+00:00" />
<meta name="twitter:card" content="summary_large_image" />
<script type="application/ld+json" class="yoast-schema-graph">{"@context":"https://schema.org","@graph":[{"@type":"WebPage","@id":"https://www.rimadesio.it/fr/journal/preview_milano-design-week-2026/","url":"https://www.rimadesio.it/fr/journal/preview_milano-design-week-2026/","name":"MILANO DESIGN WEEK 2026 - Rimadesio","isPartOf":{"@id":"https://www.rimadesio.it/fr/#website"},"datePublished":"2026-02-19T07:37:56+00:00","dateModified":"2026-04-27T07:58:49+00:00","description":"À l’occasion de la Milano Design Week 2026, Rimadesio célèbre son 70e anniversaire à travers BECOMING, le concept qui accompagne la societé pendant","breadcrumb":{"@id":"https://www.rimadesio.it/fr/journal/preview_milano-design-week-2026/#breadcrumb"},"inLanguage":"fr-FR","potentialAction":[{"@type":"ReadAction","target":["https://www.rimadesio.it/fr/journal/preview_milano-design-week-2026/"]}]},{"@type":"BreadcrumbList","@id":"https://www.rimadesio.it/fr/journal/preview_milano-design-week-2026/#breadcrumb","itemListElement":[{"@type":"ListItem","position":1,"name":"Homepage","item":"https://www.rimadesio.it/fr/"},{"@type":"ListItem","position":2,"name":"Événements","item":"https://www.rimadesio.it/fr/journal-category/evenements/"},{"@type":"ListItem","position":3,"name":"MILANO DESIGN WEEK 2026"}]},{"@type":"WebSite","@id":"https://www.rimadesio.it/fr/#website","url":"https://www.rimadesio.it/fr/","name":"Rimadesio","description":"Rimadesio official website","publisher":{"@id":"https://www.rimadesio.it/fr/#organization"},"potentialAction":[{"@type":"SearchAction","target":{"@type":"EntryPoint","urlTemplate":"https://www.rimadesio.it/fr/?s={search_term_string}"},"query-input":"required name=search_term_string"}],"inLanguage":"fr-FR"},{"@type":"Organization","@id":"https://www.rimadesio.it/fr/#organization","name":"Rimadesio","url":"https://www.rimadesio.it/fr/","logo":{"@type":"ImageObject","inLanguage":"fr-FR","@id":"https://www.rimadesio.it/fr/#/schema/logo/image/","url":"https://static.rimadesio.it/media/2021/08/Logo.png","contentUrl":"https://static.rimadesio.it/media/2021/08/Logo.png","width":102,"height":18,"caption":"Rimadesio"},"image":{"@id":"https://www.rimadesio.it/fr/#/schema/logo/image/"}}]}</script>
<!-- / Yoast SEO plugin. -->

À l’occasion de la Milano Design Week 2026, Rimadesio célèbre son 70e anniversaire à travers BECOMING, le concept qui accompagne la societé pendant

Événements
