{"id":169287,"date":"2025-07-01T14:36:27","date_gmt":"2025-07-01T12:36:27","guid":{"rendered":"https:\/\/www.rimadesio.it\/?post_type=journal&#038;p=169287"},"modified":"2025-07-01T14:36:27","modified_gmt":"2025-07-01T12:36:27","slug":"new-opening-palma-de-majorque","status":"publish","type":"journal","link":"https:\/\/www.rimadesio.it\/fr\/journal\/new-opening-palma-de-majorque\/","title":{"rendered":"NEW OPENING PALMA DE MAJORQUE"},"content":{"rendered":"<p>Rimadesio \u00e9tend son r\u00e9seau en Espagne avec l&#8217;ouverture d&#8217;un nouveau showroom monomarque \u00e0 Palma de Majorque, situ\u00e9 \u00e0 Paseo de Mallorca, l&#8217;un des quartiers les plus centraux et importants de la ville.<\/p>\n","protected":false},"featured_media":0,"template":"","journal_category":[377],"acf":[],"yoast_head":"<!-- This site is optimized with the Yoast SEO plugin v20.4 - https:\/\/yoast.com\/wordpress\/plugins\/seo\/ -->\n<title>NEW OPENING PALMA DE MAJORQUE - Rimadesio<\/title>\n<meta name=\"description\" content=\"Rimadesio \u00e9tend son r\u00e9seau en Espagne avec l&#039;ouverture d&#039;un nouveau showroom monomarque \u00e0 Palma de Majorque, situ\u00e9 \u00e0 Paseo de Mallorca, l&#039;un des quartiers\" \/>\n<meta name=\"robots\" content=\"index, follow, max-snippet:-1, max-image-preview:large, max-video-preview:-1\" \/>\n<link rel=\"canonical\" href=\"https:\/\/www.rimadesio.it\/fr\/journal\/new-opening-palma-de-majorque\/\" \/>\n<meta property=\"og:locale\" content=\"fr_FR\" \/>\n<meta property=\"og:type\" content=\"article\" \/>\n<meta property=\"og:title\" content=\"NEW OPENING PALMA DE MAJORQUE - Rimadesio\" \/>\n<meta property=\"og:description\" content=\"Rimadesio \u00e9tend son r\u00e9seau en Espagne avec l&#039;ouverture d&#039;un nouveau showroom monomarque \u00e0 Palma de Majorque, situ\u00e9 \u00e0 Paseo de Mallorca, l&#039;un des quartiers\" \/>\n<meta property=\"og:url\" content=\"https:\/\/www.rimadesio.it\/fr\/journal\/new-opening-palma-de-majorque\/\" \/>\n<meta property=\"og:site_name\" content=\"Rimadesio\" \/>\n<meta name=\"twitter:card\" content=\"summary_large_image\" \/>\n<script type=\"application\/ld+json\" class=\"yoast-schema-graph\">{\"@context\":\"https:\/\/schema.org\",\"@graph\":[{\"@type\":\"WebPage\",\"@id\":\"https:\/\/www.rimadesio.it\/fr\/journal\/new-opening-palma-de-majorque\/\",\"url\":\"https:\/\/www.rimadesio.it\/fr\/journal\/new-opening-palma-de-majorque\/\",\"name\":\"NEW OPENING PALMA DE MAJORQUE - Rimadesio\",\"isPartOf\":{\"@id\":\"https:\/\/www.rimadesio.it\/fr\/#website\"},\"datePublished\":\"2025-07-01T12:36:27+00:00\",\"dateModified\":\"2025-07-01T12:36:27+00:00\",\"description\":\"Rimadesio \u00e9tend son r\u00e9seau en Espagne avec l'ouverture d'un nouveau showroom monomarque \u00e0 Palma de Majorque, situ\u00e9 \u00e0 Paseo de Mallorca, l'un des quartiers\",\"breadcrumb\":{\"@id\":\"https:\/\/www.rimadesio.it\/fr\/journal\/new-opening-palma-de-majorque\/#breadcrumb\"},\"inLanguage\":\"fr-FR\",\"potentialAction\":[{\"@type\":\"ReadAction\",\"target\":[\"https:\/\/www.rimadesio.it\/fr\/journal\/new-opening-palma-de-majorque\/\"]}]},{\"@type\":\"BreadcrumbList\",\"@id\":\"https:\/\/www.rimadesio.it\/fr\/journal\/new-opening-palma-de-majorque\/#breadcrumb\",\"itemListElement\":[{\"@type\":\"ListItem\",\"position\":1,\"name\":\"Homepage\",\"item\":\"https:\/\/www.rimadesio.it\/fr\/\"},{\"@type\":\"ListItem\",\"position\":2,\"name\":\"\u00c9v\u00e9nements\",\"item\":\"https:\/\/www.rimadesio.it\/fr\/journal-category\/evenements\/\"},{\"@type\":\"ListItem\",\"position\":3,\"name\":\"NEW OPENING PALMA DE MAJORQUE\"}]},{\"@type\":\"WebSite\",\"@id\":\"https:\/\/www.rimadesio.it\/fr\/#website\",\"url\":\"https:\/\/www.rimadesio.it\/fr\/\",\"name\":\"Rimadesio\",\"description\":\"Rimadesio official website\",\"publisher\":{\"@id\":\"https:\/\/www.rimadesio.it\/fr\/#organization\"},\"potentialAction\":[{\"@type\":\"SearchAction\",\"target\":{\"@type\":\"EntryPoint\",\"urlTemplate\":\"https:\/\/www.rimadesio.it\/fr\/?s={search_term_string}\"},\"query-input\":\"required name=search_term_string\"}],\"inLanguage\":\"fr-FR\"},{\"@type\":\"Organization\",\"@id\":\"https:\/\/www.rimadesio.it\/fr\/#organization\",\"name\":\"Rimadesio\",\"url\":\"https:\/\/www.rimadesio.it\/fr\/\",\"logo\":{\"@type\":\"ImageObject\",\"inLanguage\":\"fr-FR\",\"@id\":\"https:\/\/www.rimadesio.it\/fr\/#\/schema\/logo\/image\/\",\"url\":\"https:\/\/static.rimadesio.it\/media\/2021\/08\/Logo.png\",\"contentUrl\":\"https:\/\/static.rimadesio.it\/media\/2021\/08\/Logo.png\",\"width\":102,\"height\":18,\"caption\":\"Rimadesio\"},\"image\":{\"@id\":\"https:\/\/www.rimadesio.it\/fr\/#\/schema\/logo\/image\/\"}}]}<\/script>\n<!-- \/ Yoast SEO plugin. -->","yoast_head_json":{"title":"NEW OPENING PALMA DE MAJORQUE - Rimadesio","description":"Rimadesio \u00e9tend son r\u00e9seau en Espagne avec l'ouverture d'un nouveau showroom monomarque \u00e0 Palma de Majorque, situ\u00e9 \u00e0 Paseo de Mallorca, l'un des quartiers","robots":{"index":"index","follow":"follow","max-snippet":"max-snippet:-1","max-image-preview":"max-image-preview:large","max-video-preview":"max-video-preview:-1"},"canonical":"https:\/\/www.rimadesio.it\/fr\/journal\/new-opening-palma-de-majorque\/","og_locale":"fr_FR","og_type":"article","og_title":"NEW OPENING PALMA DE MAJORQUE - Rimadesio","og_description":"Rimadesio \u00e9tend son r\u00e9seau en Espagne avec l'ouverture d'un nouveau showroom monomarque \u00e0 Palma de Majorque, situ\u00e9 \u00e0 Paseo de Mallorca, l'un des quartiers","og_url":"https:\/\/www.rimadesio.it\/fr\/journal\/new-opening-palma-de-majorque\/","og_site_name":"Rimadesio","twitter_card":"summary_large_image","schema":{"@context":"https:\/\/schema.org","@graph":[{"@type":"WebPage","@id":"https:\/\/www.rimadesio.it\/fr\/journal\/new-opening-palma-de-majorque\/","url":"https:\/\/www.rimadesio.it\/fr\/journal\/new-opening-palma-de-majorque\/","name":"NEW OPENING PALMA DE MAJORQUE - Rimadesio","isPartOf":{"@id":"https:\/\/www.rimadesio.it\/fr\/#website"},"datePublished":"2025-07-01T12:36:27+00:00","dateModified":"2025-07-01T12:36:27+00:00","description":"Rimadesio \u00e9tend son r\u00e9seau en Espagne avec l'ouverture d'un nouveau showroom monomarque \u00e0 Palma de Majorque, situ\u00e9 \u00e0 Paseo de Mallorca, l'un des quartiers","breadcrumb":{"@id":"https:\/\/www.rimadesio.it\/fr\/journal\/new-opening-palma-de-majorque\/#breadcrumb"},"inLanguage":"fr-FR","potentialAction":[{"@type":"ReadAction","target":["https:\/\/www.rimadesio.it\/fr\/journal\/new-opening-palma-de-majorque\/"]}]},{"@type":"BreadcrumbList","@id":"https:\/\/www.rimadesio.it\/fr\/journal\/new-opening-palma-de-majorque\/#breadcrumb","itemListElement":[{"@type":"ListItem","position":1,"name":"Homepage","item":"https:\/\/www.rimadesio.it\/fr\/"},{"@type":"ListItem","position":2,"name":"\u00c9v\u00e9nements","item":"https:\/\/www.rimadesio.it\/fr\/journal-category\/evenements\/"},{"@type":"ListItem","position":3,"name":"NEW OPENING PALMA DE MAJORQUE"}]},{"@type":"WebSite","@id":"https:\/\/www.rimadesio.it\/fr\/#website","url":"https:\/\/www.rimadesio.it\/fr\/","name":"Rimadesio","description":"Rimadesio official website","publisher":{"@id":"https:\/\/www.rimadesio.it\/fr\/#organization"},"potentialAction":[{"@type":"SearchAction","target":{"@type":"EntryPoint","urlTemplate":"https:\/\/www.rimadesio.it\/fr\/?s={search_term_string}"},"query-input":"required name=search_term_string"}],"inLanguage":"fr-FR"},{"@type":"Organization","@id":"https:\/\/www.rimadesio.it\/fr\/#organization","name":"Rimadesio","url":"https:\/\/www.rimadesio.it\/fr\/","logo":{"@type":"ImageObject","inLanguage":"fr-FR","@id":"https:\/\/www.rimadesio.it\/fr\/#\/schema\/logo\/image\/","url":"https:\/\/static.rimadesio.it\/media\/2021\/08\/Logo.png","contentUrl":"https:\/\/static.rimadesio.it\/media\/2021\/08\/Logo.png","width":102,"height":18,"caption":"Rimadesio"},"image":{"@id":"https:\/\/www.rimadesio.it\/fr\/#\/schema\/logo\/image\/"}}]}},"_links":{"self":[{"href":"https:\/\/www.rimadesio.it\/fr\/wp-json\/wp\/v2\/journal\/169287"}],"collection":[{"href":"https:\/\/www.rimadesio.it\/fr\/wp-json\/wp\/v2\/journal"}],"about":[{"href":"https:\/\/www.rimadesio.it\/fr\/wp-json\/wp\/v2\/types\/journal"}],"wp:attachment":[{"href":"https:\/\/www.rimadesio.it\/fr\/wp-json\/wp\/v2\/media?parent=169287"}],"wp:term":[{"taxonomy":"journal_category","embeddable":true,"href":"https:\/\/www.rimadesio.it\/fr\/wp-json\/wp\/v2\/journal_category?post=169287"}],"curies":[{"name":"wp","href":"https:\/\/api.w.org\/{rel}","templated":true}]}}

<p>Rimadesio étend son réseau en Espagne avec l&#8217;ouverture d&#8217;un nouveau showroom monomarque à Palma de Majorque, situé à Paseo de Mallorca, l&#8217;un des quartiers les plus centraux et importants de la ville.</p>

<!-- This site is optimized with the Yoast SEO plugin v20.4 - https://yoast.com/wordpress/plugins/seo/ -->
<title>NEW OPENING PALMA DE MAJORQUE - Rimadesio</title>
<meta name="description" content="Rimadesio étend son réseau en Espagne avec l&#039;ouverture d&#039;un nouveau showroom monomarque à Palma de Majorque, situé à Paseo de Mallorca, l&#039;un des quartiers" />
<meta name="robots" content="index, follow, max-snippet:-1, max-image-preview:large, max-video-preview:-1" />
<link rel="canonical" href="https://www.rimadesio.it/fr/journal/new-opening-palma-de-majorque/" />
<meta property="og:locale" content="fr_FR" />
<meta property="og:type" content="article" />
<meta property="og:title" content="NEW OPENING PALMA DE MAJORQUE - Rimadesio" />
<meta property="og:description" content="Rimadesio étend son réseau en Espagne avec l&#039;ouverture d&#039;un nouveau showroom monomarque à Palma de Majorque, situé à Paseo de Mallorca, l&#039;un des quartiers" />
<meta property="og:url" content="https://www.rimadesio.it/fr/journal/new-opening-palma-de-majorque/" />
<meta property="og:site_name" content="Rimadesio" />
<meta name="twitter:card" content="summary_large_image" />
<script type="application/ld+json" class="yoast-schema-graph">{"@context":"https://schema.org","@graph":[{"@type":"WebPage","@id":"https://www.rimadesio.it/fr/journal/new-opening-palma-de-majorque/","url":"https://www.rimadesio.it/fr/journal/new-opening-palma-de-majorque/","name":"NEW OPENING PALMA DE MAJORQUE - Rimadesio","isPartOf":{"@id":"https://www.rimadesio.it/fr/#website"},"datePublished":"2025-07-01T12:36:27+00:00","dateModified":"2025-07-01T12:36:27+00:00","description":"Rimadesio étend son réseau en Espagne avec l'ouverture d'un nouveau showroom monomarque à Palma de Majorque, situé à Paseo de Mallorca, l'un des quartiers","breadcrumb":{"@id":"https://www.rimadesio.it/fr/journal/new-opening-palma-de-majorque/#breadcrumb"},"inLanguage":"fr-FR","potentialAction":[{"@type":"ReadAction","target":["https://www.rimadesio.it/fr/journal/new-opening-palma-de-majorque/"]}]},{"@type":"BreadcrumbList","@id":"https://www.rimadesio.it/fr/journal/new-opening-palma-de-majorque/#breadcrumb","itemListElement":[{"@type":"ListItem","position":1,"name":"Homepage","item":"https://www.rimadesio.it/fr/"},{"@type":"ListItem","position":2,"name":"Événements","item":"https://www.rimadesio.it/fr/journal-category/evenements/"},{"@type":"ListItem","position":3,"name":"NEW OPENING PALMA DE MAJORQUE"}]},{"@type":"WebSite","@id":"https://www.rimadesio.it/fr/#website","url":"https://www.rimadesio.it/fr/","name":"Rimadesio","description":"Rimadesio official website","publisher":{"@id":"https://www.rimadesio.it/fr/#organization"},"potentialAction":[{"@type":"SearchAction","target":{"@type":"EntryPoint","urlTemplate":"https://www.rimadesio.it/fr/?s={search_term_string}"},"query-input":"required name=search_term_string"}],"inLanguage":"fr-FR"},{"@type":"Organization","@id":"https://www.rimadesio.it/fr/#organization","name":"Rimadesio","url":"https://www.rimadesio.it/fr/","logo":{"@type":"ImageObject","inLanguage":"fr-FR","@id":"https://www.rimadesio.it/fr/#/schema/logo/image/","url":"https://static.rimadesio.it/media/2021/08/Logo.png","contentUrl":"https://static.rimadesio.it/media/2021/08/Logo.png","width":102,"height":18,"caption":"Rimadesio"},"image":{"@id":"https://www.rimadesio.it/fr/#/schema/logo/image/"}}]}</script>
<!-- / Yoast SEO plugin. -->

Rimadesio étend son réseau en Espagne avec l'ouverture d'un nouveau showroom monomarque à Palma de Majorque, situé à Paseo de Mallorca, l'un des quartiers

Événements
