{"id":167744,"date":"2025-02-27T09:12:10","date_gmt":"2025-02-27T08:12:10","guid":{"rendered":"https:\/\/www.rimadesio.it\/?post_type=journal&#038;p=167744"},"modified":"2025-02-27T14:50:46","modified_gmt":"2025-02-27T13:50:46","slug":"villa-marilin-tallin","status":"publish","type":"journal","link":"https:\/\/www.rimadesio.it\/fr\/journal\/villa-marilin-tallin\/","title":{"rendered":"Villa Marilin, Tallinn"},"content":{"rendered":"<p class=\"p4\">Situ\u00e9e dans un contexte naturel particuli\u00e8rement suggestif, une r\u00e9sidence priv\u00e9e pr\u00e9sente un large choix de solutions d&#8217;ameublement Rimadesio.<\/p>\n","protected":false},"featured_media":0,"template":"","journal_category":[396],"acf":[],"yoast_head":"<!-- This site is optimized with the Yoast SEO plugin v20.4 - https:\/\/yoast.com\/wordpress\/plugins\/seo\/ -->\n<title>Villa Marilin, Tallinn - Rimadesio<\/title>\n<meta name=\"description\" content=\"Situ\u00e9e dans un contexte naturel particuli\u00e8rement suggestif, une r\u00e9sidence priv\u00e9e pr\u00e9sente un large choix de solutions d&#039;ameublement Rimadesio.\" \/>\n<meta name=\"robots\" content=\"index, follow, max-snippet:-1, max-image-preview:large, max-video-preview:-1\" \/>\n<link rel=\"canonical\" href=\"https:\/\/www.rimadesio.it\/fr\/journal\/villa-marilin-tallin\/\" \/>\n<meta property=\"og:locale\" content=\"fr_FR\" \/>\n<meta property=\"og:type\" content=\"article\" \/>\n<meta property=\"og:title\" content=\"Villa Marilin, Tallinn - Rimadesio\" \/>\n<meta property=\"og:description\" content=\"Situ\u00e9e dans un contexte naturel particuli\u00e8rement suggestif, une r\u00e9sidence priv\u00e9e pr\u00e9sente un large choix de solutions d&#039;ameublement Rimadesio.\" \/>\n<meta property=\"og:url\" content=\"https:\/\/www.rimadesio.it\/fr\/journal\/villa-marilin-tallin\/\" \/>\n<meta property=\"og:site_name\" content=\"Rimadesio\" \/>\n<meta property=\"article:modified_time\" content=\"2025-02-27T13:50:46+00:00\" \/>\n<meta name=\"twitter:card\" content=\"summary_large_image\" \/>\n<script type=\"application\/ld+json\" class=\"yoast-schema-graph\">{\"@context\":\"https:\/\/schema.org\",\"@graph\":[{\"@type\":\"WebPage\",\"@id\":\"https:\/\/www.rimadesio.it\/fr\/journal\/villa-marilin-tallin\/\",\"url\":\"https:\/\/www.rimadesio.it\/fr\/journal\/villa-marilin-tallin\/\",\"name\":\"Villa Marilin, Tallinn - Rimadesio\",\"isPartOf\":{\"@id\":\"https:\/\/www.rimadesio.it\/fr\/#website\"},\"datePublished\":\"2025-02-27T08:12:10+00:00\",\"dateModified\":\"2025-02-27T13:50:46+00:00\",\"description\":\"Situ\u00e9e dans un contexte naturel particuli\u00e8rement suggestif, une r\u00e9sidence priv\u00e9e pr\u00e9sente un large choix de solutions d'ameublement Rimadesio.\",\"breadcrumb\":{\"@id\":\"https:\/\/www.rimadesio.it\/fr\/journal\/villa-marilin-tallin\/#breadcrumb\"},\"inLanguage\":\"fr-FR\",\"potentialAction\":[{\"@type\":\"ReadAction\",\"target\":[\"https:\/\/www.rimadesio.it\/fr\/journal\/villa-marilin-tallin\/\"]}]},{\"@type\":\"BreadcrumbList\",\"@id\":\"https:\/\/www.rimadesio.it\/fr\/journal\/villa-marilin-tallin\/#breadcrumb\",\"itemListElement\":[{\"@type\":\"ListItem\",\"position\":1,\"name\":\"Homepage\",\"item\":\"https:\/\/www.rimadesio.it\/fr\/\"},{\"@type\":\"ListItem\",\"position\":2,\"name\":\"Architecture\",\"item\":\"https:\/\/www.rimadesio.it\/fr\/journal-category\/architecture-fr\/\"},{\"@type\":\"ListItem\",\"position\":3,\"name\":\"Villa Marilin, Tallinn\"}]},{\"@type\":\"WebSite\",\"@id\":\"https:\/\/www.rimadesio.it\/fr\/#website\",\"url\":\"https:\/\/www.rimadesio.it\/fr\/\",\"name\":\"Rimadesio\",\"description\":\"Rimadesio official website\",\"publisher\":{\"@id\":\"https:\/\/www.rimadesio.it\/fr\/#organization\"},\"potentialAction\":[{\"@type\":\"SearchAction\",\"target\":{\"@type\":\"EntryPoint\",\"urlTemplate\":\"https:\/\/www.rimadesio.it\/fr\/?s={search_term_string}\"},\"query-input\":\"required name=search_term_string\"}],\"inLanguage\":\"fr-FR\"},{\"@type\":\"Organization\",\"@id\":\"https:\/\/www.rimadesio.it\/fr\/#organization\",\"name\":\"Rimadesio\",\"url\":\"https:\/\/www.rimadesio.it\/fr\/\",\"logo\":{\"@type\":\"ImageObject\",\"inLanguage\":\"fr-FR\",\"@id\":\"https:\/\/www.rimadesio.it\/fr\/#\/schema\/logo\/image\/\",\"url\":\"https:\/\/static.rimadesio.it\/media\/2021\/08\/Logo.png\",\"contentUrl\":\"https:\/\/static.rimadesio.it\/media\/2021\/08\/Logo.png\",\"width\":102,\"height\":18,\"caption\":\"Rimadesio\"},\"image\":{\"@id\":\"https:\/\/www.rimadesio.it\/fr\/#\/schema\/logo\/image\/\"}}]}<\/script>\n<!-- \/ Yoast SEO plugin. -->","yoast_head_json":{"title":"Villa Marilin, Tallinn - Rimadesio","description":"Situ\u00e9e dans un contexte naturel particuli\u00e8rement suggestif, une r\u00e9sidence priv\u00e9e pr\u00e9sente un large choix de solutions d'ameublement Rimadesio.","robots":{"index":"index","follow":"follow","max-snippet":"max-snippet:-1","max-image-preview":"max-image-preview:large","max-video-preview":"max-video-preview:-1"},"canonical":"https:\/\/www.rimadesio.it\/fr\/journal\/villa-marilin-tallin\/","og_locale":"fr_FR","og_type":"article","og_title":"Villa Marilin, Tallinn - Rimadesio","og_description":"Situ\u00e9e dans un contexte naturel particuli\u00e8rement suggestif, une r\u00e9sidence priv\u00e9e pr\u00e9sente un large choix de solutions d'ameublement Rimadesio.","og_url":"https:\/\/www.rimadesio.it\/fr\/journal\/villa-marilin-tallin\/","og_site_name":"Rimadesio","article_modified_time":"2025-02-27T13:50:46+00:00","twitter_card":"summary_large_image","schema":{"@context":"https:\/\/schema.org","@graph":[{"@type":"WebPage","@id":"https:\/\/www.rimadesio.it\/fr\/journal\/villa-marilin-tallin\/","url":"https:\/\/www.rimadesio.it\/fr\/journal\/villa-marilin-tallin\/","name":"Villa Marilin, Tallinn - Rimadesio","isPartOf":{"@id":"https:\/\/www.rimadesio.it\/fr\/#website"},"datePublished":"2025-02-27T08:12:10+00:00","dateModified":"2025-02-27T13:50:46+00:00","description":"Situ\u00e9e dans un contexte naturel particuli\u00e8rement suggestif, une r\u00e9sidence priv\u00e9e pr\u00e9sente un large choix de solutions d'ameublement Rimadesio.","breadcrumb":{"@id":"https:\/\/www.rimadesio.it\/fr\/journal\/villa-marilin-tallin\/#breadcrumb"},"inLanguage":"fr-FR","potentialAction":[{"@type":"ReadAction","target":["https:\/\/www.rimadesio.it\/fr\/journal\/villa-marilin-tallin\/"]}]},{"@type":"BreadcrumbList","@id":"https:\/\/www.rimadesio.it\/fr\/journal\/villa-marilin-tallin\/#breadcrumb","itemListElement":[{"@type":"ListItem","position":1,"name":"Homepage","item":"https:\/\/www.rimadesio.it\/fr\/"},{"@type":"ListItem","position":2,"name":"Architecture","item":"https:\/\/www.rimadesio.it\/fr\/journal-category\/architecture-fr\/"},{"@type":"ListItem","position":3,"name":"Villa Marilin, Tallinn"}]},{"@type":"WebSite","@id":"https:\/\/www.rimadesio.it\/fr\/#website","url":"https:\/\/www.rimadesio.it\/fr\/","name":"Rimadesio","description":"Rimadesio official website","publisher":{"@id":"https:\/\/www.rimadesio.it\/fr\/#organization"},"potentialAction":[{"@type":"SearchAction","target":{"@type":"EntryPoint","urlTemplate":"https:\/\/www.rimadesio.it\/fr\/?s={search_term_string}"},"query-input":"required name=search_term_string"}],"inLanguage":"fr-FR"},{"@type":"Organization","@id":"https:\/\/www.rimadesio.it\/fr\/#organization","name":"Rimadesio","url":"https:\/\/www.rimadesio.it\/fr\/","logo":{"@type":"ImageObject","inLanguage":"fr-FR","@id":"https:\/\/www.rimadesio.it\/fr\/#\/schema\/logo\/image\/","url":"https:\/\/static.rimadesio.it\/media\/2021\/08\/Logo.png","contentUrl":"https:\/\/static.rimadesio.it\/media\/2021\/08\/Logo.png","width":102,"height":18,"caption":"Rimadesio"},"image":{"@id":"https:\/\/www.rimadesio.it\/fr\/#\/schema\/logo\/image\/"}}]}},"_links":{"self":[{"href":"https:\/\/www.rimadesio.it\/fr\/wp-json\/wp\/v2\/journal\/167744"}],"collection":[{"href":"https:\/\/www.rimadesio.it\/fr\/wp-json\/wp\/v2\/journal"}],"about":[{"href":"https:\/\/www.rimadesio.it\/fr\/wp-json\/wp\/v2\/types\/journal"}],"wp:attachment":[{"href":"https:\/\/www.rimadesio.it\/fr\/wp-json\/wp\/v2\/media?parent=167744"}],"wp:term":[{"taxonomy":"journal_category","embeddable":true,"href":"https:\/\/www.rimadesio.it\/fr\/wp-json\/wp\/v2\/journal_category?post=167744"}],"curies":[{"name":"wp","href":"https:\/\/api.w.org\/{rel}","templated":true}]}}

<p class="p4">Située dans un contexte naturel particulièrement suggestif, une résidence privée présente un large choix de solutions d&#8217;ameublement Rimadesio.</p>

<!-- This site is optimized with the Yoast SEO plugin v20.4 - https://yoast.com/wordpress/plugins/seo/ -->
<title>Villa Marilin, Tallinn - Rimadesio</title>
<meta name="description" content="Située dans un contexte naturel particulièrement suggestif, une résidence privée présente un large choix de solutions d&#039;ameublement Rimadesio." />
<meta name="robots" content="index, follow, max-snippet:-1, max-image-preview:large, max-video-preview:-1" />
<link rel="canonical" href="https://www.rimadesio.it/fr/journal/villa-marilin-tallin/" />
<meta property="og:locale" content="fr_FR" />
<meta property="og:type" content="article" />
<meta property="og:title" content="Villa Marilin, Tallinn - Rimadesio" />
<meta property="og:description" content="Située dans un contexte naturel particulièrement suggestif, une résidence privée présente un large choix de solutions d&#039;ameublement Rimadesio." />
<meta property="og:url" content="https://www.rimadesio.it/fr/journal/villa-marilin-tallin/" />
<meta property="og:site_name" content="Rimadesio" />
<meta property="article:modified_time" content="2025-02-27T13:50:46+00:00" />
<meta name="twitter:card" content="summary_large_image" />
<script type="application/ld+json" class="yoast-schema-graph">{"@context":"https://schema.org","@graph":[{"@type":"WebPage","@id":"https://www.rimadesio.it/fr/journal/villa-marilin-tallin/","url":"https://www.rimadesio.it/fr/journal/villa-marilin-tallin/","name":"Villa Marilin, Tallinn - Rimadesio","isPartOf":{"@id":"https://www.rimadesio.it/fr/#website"},"datePublished":"2025-02-27T08:12:10+00:00","dateModified":"2025-02-27T13:50:46+00:00","description":"Située dans un contexte naturel particulièrement suggestif, une résidence privée présente un large choix de solutions d'ameublement Rimadesio.","breadcrumb":{"@id":"https://www.rimadesio.it/fr/journal/villa-marilin-tallin/#breadcrumb"},"inLanguage":"fr-FR","potentialAction":[{"@type":"ReadAction","target":["https://www.rimadesio.it/fr/journal/villa-marilin-tallin/"]}]},{"@type":"BreadcrumbList","@id":"https://www.rimadesio.it/fr/journal/villa-marilin-tallin/#breadcrumb","itemListElement":[{"@type":"ListItem","position":1,"name":"Homepage","item":"https://www.rimadesio.it/fr/"},{"@type":"ListItem","position":2,"name":"Architecture","item":"https://www.rimadesio.it/fr/journal-category/architecture-fr/"},{"@type":"ListItem","position":3,"name":"Villa Marilin, Tallinn"}]},{"@type":"WebSite","@id":"https://www.rimadesio.it/fr/#website","url":"https://www.rimadesio.it/fr/","name":"Rimadesio","description":"Rimadesio official website","publisher":{"@id":"https://www.rimadesio.it/fr/#organization"},"potentialAction":[{"@type":"SearchAction","target":{"@type":"EntryPoint","urlTemplate":"https://www.rimadesio.it/fr/?s={search_term_string}"},"query-input":"required name=search_term_string"}],"inLanguage":"fr-FR"},{"@type":"Organization","@id":"https://www.rimadesio.it/fr/#organization","name":"Rimadesio","url":"https://www.rimadesio.it/fr/","logo":{"@type":"ImageObject","inLanguage":"fr-FR","@id":"https://www.rimadesio.it/fr/#/schema/logo/image/","url":"https://static.rimadesio.it/media/2021/08/Logo.png","contentUrl":"https://static.rimadesio.it/media/2021/08/Logo.png","width":102,"height":18,"caption":"Rimadesio"},"image":{"@id":"https://www.rimadesio.it/fr/#/schema/logo/image/"}}]}</script>
<!-- / Yoast SEO plugin. -->

Située dans un contexte naturel particulièrement suggestif, une résidence privée présente un large choix de solutions d'ameublement Rimadesio.
