{"id":163442,"date":"2024-04-29T09:26:54","date_gmt":"2024-04-29T07:26:54","guid":{"rendered":"https:\/\/www.rimadesio.it\/?post_type=journal&#038;p=163442"},"modified":"2024-04-29T09:26:54","modified_gmt":"2024-04-29T07:26:54","slug":"shapes-of-light-milano-design-week-2024","status":"publish","type":"journal","link":"https:\/\/www.rimadesio.it\/fr\/journal\/shapes-of-light-milano-design-week-2024\/","title":{"rendered":"Shapes of Light. Milano Design Week 2024"},"content":{"rendered":"<p>Protagoniste du flagship store de Milan \u00e0 l&#8217;occasion de la Milan Design Week, la nouvelle collection con\u00e7ue par Giuseppe Bavuso repr\u00e9sente un ensemble de solutions coh\u00e9rentes en termes de style et de design, confirmant les th\u00e8mes qui ont toujours \u00e9t\u00e9 au c\u0153ur de la recherche Rimadesio.<\/p>\n","protected":false},"featured_media":0,"template":"","journal_category":[377,396],"acf":[],"yoast_head":"<!-- This site is optimized with the Yoast SEO plugin v20.4 - https:\/\/yoast.com\/wordpress\/plugins\/seo\/ -->\n<title>Shapes of Light. Milano Design Week 2024 - Rimadesio<\/title>\n<meta name=\"description\" content=\"Protagoniste du flagship store de Milan \u00e0 l&#039;occasion de la Milan Design Week, la nouvelle collection con\u00e7ue par Giuseppe Bavuso repr\u00e9sente un ensemble de\" \/>\n<meta name=\"robots\" content=\"index, follow, max-snippet:-1, max-image-preview:large, max-video-preview:-1\" \/>\n<link rel=\"canonical\" href=\"https:\/\/www.rimadesio.it\/fr\/journal\/shapes-of-light-milano-design-week-2024\/\" \/>\n<meta property=\"og:locale\" content=\"fr_FR\" \/>\n<meta property=\"og:type\" content=\"article\" \/>\n<meta property=\"og:title\" content=\"Shapes of Light. Milano Design Week 2024 - Rimadesio\" \/>\n<meta property=\"og:description\" content=\"Protagoniste du flagship store de Milan \u00e0 l&#039;occasion de la Milan Design Week, la nouvelle collection con\u00e7ue par Giuseppe Bavuso repr\u00e9sente un ensemble de\" \/>\n<meta property=\"og:url\" content=\"https:\/\/www.rimadesio.it\/fr\/journal\/shapes-of-light-milano-design-week-2024\/\" \/>\n<meta property=\"og:site_name\" content=\"Rimadesio\" \/>\n<meta name=\"twitter:card\" content=\"summary_large_image\" \/>\n<script type=\"application\/ld+json\" class=\"yoast-schema-graph\">{\"@context\":\"https:\/\/schema.org\",\"@graph\":[{\"@type\":\"WebPage\",\"@id\":\"https:\/\/www.rimadesio.it\/fr\/journal\/shapes-of-light-milano-design-week-2024\/\",\"url\":\"https:\/\/www.rimadesio.it\/fr\/journal\/shapes-of-light-milano-design-week-2024\/\",\"name\":\"Shapes of Light. Milano Design Week 2024 - Rimadesio\",\"isPartOf\":{\"@id\":\"https:\/\/www.rimadesio.it\/fr\/#website\"},\"datePublished\":\"2024-04-29T07:26:54+00:00\",\"dateModified\":\"2024-04-29T07:26:54+00:00\",\"description\":\"Protagoniste du flagship store de Milan \u00e0 l'occasion de la Milan Design Week, la nouvelle collection con\u00e7ue par Giuseppe Bavuso repr\u00e9sente un ensemble de\",\"breadcrumb\":{\"@id\":\"https:\/\/www.rimadesio.it\/fr\/journal\/shapes-of-light-milano-design-week-2024\/#breadcrumb\"},\"inLanguage\":\"fr-FR\",\"potentialAction\":[{\"@type\":\"ReadAction\",\"target\":[\"https:\/\/www.rimadesio.it\/fr\/journal\/shapes-of-light-milano-design-week-2024\/\"]}]},{\"@type\":\"BreadcrumbList\",\"@id\":\"https:\/\/www.rimadesio.it\/fr\/journal\/shapes-of-light-milano-design-week-2024\/#breadcrumb\",\"itemListElement\":[{\"@type\":\"ListItem\",\"position\":1,\"name\":\"Homepage\",\"item\":\"https:\/\/www.rimadesio.it\/fr\/\"},{\"@type\":\"ListItem\",\"position\":2,\"name\":\"Shapes of Light. Milano Design Week 2024\"}]},{\"@type\":\"WebSite\",\"@id\":\"https:\/\/www.rimadesio.it\/fr\/#website\",\"url\":\"https:\/\/www.rimadesio.it\/fr\/\",\"name\":\"Rimadesio\",\"description\":\"Rimadesio official website\",\"publisher\":{\"@id\":\"https:\/\/www.rimadesio.it\/fr\/#organization\"},\"potentialAction\":[{\"@type\":\"SearchAction\",\"target\":{\"@type\":\"EntryPoint\",\"urlTemplate\":\"https:\/\/www.rimadesio.it\/fr\/?s={search_term_string}\"},\"query-input\":\"required name=search_term_string\"}],\"inLanguage\":\"fr-FR\"},{\"@type\":\"Organization\",\"@id\":\"https:\/\/www.rimadesio.it\/fr\/#organization\",\"name\":\"Rimadesio\",\"url\":\"https:\/\/www.rimadesio.it\/fr\/\",\"logo\":{\"@type\":\"ImageObject\",\"inLanguage\":\"fr-FR\",\"@id\":\"https:\/\/www.rimadesio.it\/fr\/#\/schema\/logo\/image\/\",\"url\":\"https:\/\/static.rimadesio.it\/media\/2021\/08\/Logo.png\",\"contentUrl\":\"https:\/\/static.rimadesio.it\/media\/2021\/08\/Logo.png\",\"width\":102,\"height\":18,\"caption\":\"Rimadesio\"},\"image\":{\"@id\":\"https:\/\/www.rimadesio.it\/fr\/#\/schema\/logo\/image\/\"}}]}<\/script>\n<!-- \/ Yoast SEO plugin. -->","yoast_head_json":{"title":"Shapes of Light. Milano Design Week 2024 - Rimadesio","description":"Protagoniste du flagship store de Milan \u00e0 l'occasion de la Milan Design Week, la nouvelle collection con\u00e7ue par Giuseppe Bavuso repr\u00e9sente un ensemble de","robots":{"index":"index","follow":"follow","max-snippet":"max-snippet:-1","max-image-preview":"max-image-preview:large","max-video-preview":"max-video-preview:-1"},"canonical":"https:\/\/www.rimadesio.it\/fr\/journal\/shapes-of-light-milano-design-week-2024\/","og_locale":"fr_FR","og_type":"article","og_title":"Shapes of Light. Milano Design Week 2024 - Rimadesio","og_description":"Protagoniste du flagship store de Milan \u00e0 l'occasion de la Milan Design Week, la nouvelle collection con\u00e7ue par Giuseppe Bavuso repr\u00e9sente un ensemble de","og_url":"https:\/\/www.rimadesio.it\/fr\/journal\/shapes-of-light-milano-design-week-2024\/","og_site_name":"Rimadesio","twitter_card":"summary_large_image","schema":{"@context":"https:\/\/schema.org","@graph":[{"@type":"WebPage","@id":"https:\/\/www.rimadesio.it\/fr\/journal\/shapes-of-light-milano-design-week-2024\/","url":"https:\/\/www.rimadesio.it\/fr\/journal\/shapes-of-light-milano-design-week-2024\/","name":"Shapes of Light. Milano Design Week 2024 - Rimadesio","isPartOf":{"@id":"https:\/\/www.rimadesio.it\/fr\/#website"},"datePublished":"2024-04-29T07:26:54+00:00","dateModified":"2024-04-29T07:26:54+00:00","description":"Protagoniste du flagship store de Milan \u00e0 l'occasion de la Milan Design Week, la nouvelle collection con\u00e7ue par Giuseppe Bavuso repr\u00e9sente un ensemble de","breadcrumb":{"@id":"https:\/\/www.rimadesio.it\/fr\/journal\/shapes-of-light-milano-design-week-2024\/#breadcrumb"},"inLanguage":"fr-FR","potentialAction":[{"@type":"ReadAction","target":["https:\/\/www.rimadesio.it\/fr\/journal\/shapes-of-light-milano-design-week-2024\/"]}]},{"@type":"BreadcrumbList","@id":"https:\/\/www.rimadesio.it\/fr\/journal\/shapes-of-light-milano-design-week-2024\/#breadcrumb","itemListElement":[{"@type":"ListItem","position":1,"name":"Homepage","item":"https:\/\/www.rimadesio.it\/fr\/"},{"@type":"ListItem","position":2,"name":"Shapes of Light. Milano Design Week 2024"}]},{"@type":"WebSite","@id":"https:\/\/www.rimadesio.it\/fr\/#website","url":"https:\/\/www.rimadesio.it\/fr\/","name":"Rimadesio","description":"Rimadesio official website","publisher":{"@id":"https:\/\/www.rimadesio.it\/fr\/#organization"},"potentialAction":[{"@type":"SearchAction","target":{"@type":"EntryPoint","urlTemplate":"https:\/\/www.rimadesio.it\/fr\/?s={search_term_string}"},"query-input":"required name=search_term_string"}],"inLanguage":"fr-FR"},{"@type":"Organization","@id":"https:\/\/www.rimadesio.it\/fr\/#organization","name":"Rimadesio","url":"https:\/\/www.rimadesio.it\/fr\/","logo":{"@type":"ImageObject","inLanguage":"fr-FR","@id":"https:\/\/www.rimadesio.it\/fr\/#\/schema\/logo\/image\/","url":"https:\/\/static.rimadesio.it\/media\/2021\/08\/Logo.png","contentUrl":"https:\/\/static.rimadesio.it\/media\/2021\/08\/Logo.png","width":102,"height":18,"caption":"Rimadesio"},"image":{"@id":"https:\/\/www.rimadesio.it\/fr\/#\/schema\/logo\/image\/"}}]}},"_links":{"self":[{"href":"https:\/\/www.rimadesio.it\/fr\/wp-json\/wp\/v2\/journal\/163442"}],"collection":[{"href":"https:\/\/www.rimadesio.it\/fr\/wp-json\/wp\/v2\/journal"}],"about":[{"href":"https:\/\/www.rimadesio.it\/fr\/wp-json\/wp\/v2\/types\/journal"}],"wp:attachment":[{"href":"https:\/\/www.rimadesio.it\/fr\/wp-json\/wp\/v2\/media?parent=163442"}],"wp:term":[{"taxonomy":"journal_category","embeddable":true,"href":"https:\/\/www.rimadesio.it\/fr\/wp-json\/wp\/v2\/journal_category?post=163442"}],"curies":[{"name":"wp","href":"https:\/\/api.w.org\/{rel}","templated":true}]}}

<p>Protagoniste du flagship store de Milan à l&#8217;occasion de la Milan Design Week, la nouvelle collection conçue par Giuseppe Bavuso représente un ensemble de solutions cohérentes en termes de style et de design, confirmant les thèmes qui ont toujours été au cœur de la recherche Rimadesio.</p>

<!-- This site is optimized with the Yoast SEO plugin v20.4 - https://yoast.com/wordpress/plugins/seo/ -->
<title>Shapes of Light. Milano Design Week 2024 - Rimadesio</title>
<meta name="description" content="Protagoniste du flagship store de Milan à l&#039;occasion de la Milan Design Week, la nouvelle collection conçue par Giuseppe Bavuso représente un ensemble de" />
<meta name="robots" content="index, follow, max-snippet:-1, max-image-preview:large, max-video-preview:-1" />
<link rel="canonical" href="https://www.rimadesio.it/fr/journal/shapes-of-light-milano-design-week-2024/" />
<meta property="og:locale" content="fr_FR" />
<meta property="og:type" content="article" />
<meta property="og:title" content="Shapes of Light. Milano Design Week 2024 - Rimadesio" />
<meta property="og:description" content="Protagoniste du flagship store de Milan à l&#039;occasion de la Milan Design Week, la nouvelle collection conçue par Giuseppe Bavuso représente un ensemble de" />
<meta property="og:url" content="https://www.rimadesio.it/fr/journal/shapes-of-light-milano-design-week-2024/" />
<meta property="og:site_name" content="Rimadesio" />
<meta name="twitter:card" content="summary_large_image" />
<script type="application/ld+json" class="yoast-schema-graph">{"@context":"https://schema.org","@graph":[{"@type":"WebPage","@id":"https://www.rimadesio.it/fr/journal/shapes-of-light-milano-design-week-2024/","url":"https://www.rimadesio.it/fr/journal/shapes-of-light-milano-design-week-2024/","name":"Shapes of Light. Milano Design Week 2024 - Rimadesio","isPartOf":{"@id":"https://www.rimadesio.it/fr/#website"},"datePublished":"2024-04-29T07:26:54+00:00","dateModified":"2024-04-29T07:26:54+00:00","description":"Protagoniste du flagship store de Milan à l'occasion de la Milan Design Week, la nouvelle collection conçue par Giuseppe Bavuso représente un ensemble de","breadcrumb":{"@id":"https://www.rimadesio.it/fr/journal/shapes-of-light-milano-design-week-2024/#breadcrumb"},"inLanguage":"fr-FR","potentialAction":[{"@type":"ReadAction","target":["https://www.rimadesio.it/fr/journal/shapes-of-light-milano-design-week-2024/"]}]},{"@type":"BreadcrumbList","@id":"https://www.rimadesio.it/fr/journal/shapes-of-light-milano-design-week-2024/#breadcrumb","itemListElement":[{"@type":"ListItem","position":1,"name":"Homepage","item":"https://www.rimadesio.it/fr/"},{"@type":"ListItem","position":2,"name":"Shapes of Light. Milano Design Week 2024"}]},{"@type":"WebSite","@id":"https://www.rimadesio.it/fr/#website","url":"https://www.rimadesio.it/fr/","name":"Rimadesio","description":"Rimadesio official website","publisher":{"@id":"https://www.rimadesio.it/fr/#organization"},"potentialAction":[{"@type":"SearchAction","target":{"@type":"EntryPoint","urlTemplate":"https://www.rimadesio.it/fr/?s={search_term_string}"},"query-input":"required name=search_term_string"}],"inLanguage":"fr-FR"},{"@type":"Organization","@id":"https://www.rimadesio.it/fr/#organization","name":"Rimadesio","url":"https://www.rimadesio.it/fr/","logo":{"@type":"ImageObject","inLanguage":"fr-FR","@id":"https://www.rimadesio.it/fr/#/schema/logo/image/","url":"https://static.rimadesio.it/media/2021/08/Logo.png","contentUrl":"https://static.rimadesio.it/media/2021/08/Logo.png","width":102,"height":18,"caption":"Rimadesio"},"image":{"@id":"https://www.rimadesio.it/fr/#/schema/logo/image/"}}]}</script>
<!-- / Yoast SEO plugin. -->

Protagoniste du flagship store de Milan à l'occasion de la Milan Design Week, la nouvelle collection conçue par Giuseppe Bavuso représente un ensemble de
