{"id":159744,"date":"2023-04-27T18:22:15","date_gmt":"2023-04-27T16:22:15","guid":{"rendered":"https:\/\/www.rimadesio.it\/journal\/back-to-modernity-milano-design-week-2023\/"},"modified":"2023-05-02T14:24:04","modified_gmt":"2023-05-02T12:24:04","slug":"back-to-modernity-milano-design-week-2023","status":"publish","type":"journal","link":"https:\/\/www.rimadesio.it\/fr\/journal\/back-to-modernity-milano-design-week-2023\/","title":{"rendered":"Back to Modernity. Milano Design Week 2023"},"content":{"rendered":"<p>\u00c0 l&#8217;occasion de la Semaine du design de Milan 2023, Rimadesio a pr\u00e9sent\u00e9 ses nouveaux projets dans le Flagship Store r\u00e9nov\u00e9.<\/p>\n","protected":false},"featured_media":0,"template":"","journal_category":[377],"acf":[],"yoast_head":"<!-- This site is optimized with the Yoast SEO plugin v20.4 - https:\/\/yoast.com\/wordpress\/plugins\/seo\/ -->\n<title>Back to Modernity. Milano Design Week 2023 - Rimadesio<\/title>\n<meta name=\"description\" content=\"\u00c0 l&#039;occasion de la Semaine du design de Milan 2023, Rimadesio a pr\u00e9sent\u00e9 ses nouveaux projets dans le Flagship Store r\u00e9nov\u00e9.\" \/>\n<meta name=\"robots\" content=\"index, follow, max-snippet:-1, max-image-preview:large, max-video-preview:-1\" \/>\n<link rel=\"canonical\" href=\"https:\/\/www.rimadesio.it\/fr\/journal\/back-to-modernity-milano-design-week-2023\/\" \/>\n<meta property=\"og:locale\" content=\"fr_FR\" \/>\n<meta property=\"og:type\" content=\"article\" \/>\n<meta property=\"og:title\" content=\"Back to Modernity. Milano Design Week 2023 - Rimadesio\" \/>\n<meta property=\"og:description\" content=\"\u00c0 l&#039;occasion de la Semaine du design de Milan 2023, Rimadesio a pr\u00e9sent\u00e9 ses nouveaux projets dans le Flagship Store r\u00e9nov\u00e9.\" \/>\n<meta property=\"og:url\" content=\"https:\/\/www.rimadesio.it\/fr\/journal\/back-to-modernity-milano-design-week-2023\/\" \/>\n<meta property=\"og:site_name\" content=\"Rimadesio\" \/>\n<meta property=\"article:modified_time\" content=\"2023-05-02T12:24:04+00:00\" \/>\n<meta name=\"twitter:card\" content=\"summary_large_image\" \/>\n<script type=\"application\/ld+json\" class=\"yoast-schema-graph\">{\"@context\":\"https:\/\/schema.org\",\"@graph\":[{\"@type\":\"WebPage\",\"@id\":\"https:\/\/www.rimadesio.it\/fr\/journal\/back-to-modernity-milano-design-week-2023\/\",\"url\":\"https:\/\/www.rimadesio.it\/fr\/journal\/back-to-modernity-milano-design-week-2023\/\",\"name\":\"Back to Modernity. Milano Design Week 2023 - Rimadesio\",\"isPartOf\":{\"@id\":\"https:\/\/www.rimadesio.it\/fr\/#website\"},\"datePublished\":\"2023-04-27T16:22:15+00:00\",\"dateModified\":\"2023-05-02T12:24:04+00:00\",\"description\":\"\u00c0 l'occasion de la Semaine du design de Milan 2023, Rimadesio a pr\u00e9sent\u00e9 ses nouveaux projets dans le Flagship Store r\u00e9nov\u00e9.\",\"breadcrumb\":{\"@id\":\"https:\/\/www.rimadesio.it\/fr\/journal\/back-to-modernity-milano-design-week-2023\/#breadcrumb\"},\"inLanguage\":\"fr-FR\",\"potentialAction\":[{\"@type\":\"ReadAction\",\"target\":[\"https:\/\/www.rimadesio.it\/fr\/journal\/back-to-modernity-milano-design-week-2023\/\"]}]},{\"@type\":\"BreadcrumbList\",\"@id\":\"https:\/\/www.rimadesio.it\/fr\/journal\/back-to-modernity-milano-design-week-2023\/#breadcrumb\",\"itemListElement\":[{\"@type\":\"ListItem\",\"position\":1,\"name\":\"Homepage\",\"item\":\"https:\/\/www.rimadesio.it\/fr\/\"},{\"@type\":\"ListItem\",\"position\":2,\"name\":\"\u00c9v\u00e9nements\",\"item\":\"https:\/\/www.rimadesio.it\/fr\/journal-category\/evenements\/\"},{\"@type\":\"ListItem\",\"position\":3,\"name\":\"Back to Modernity. Milano Design Week 2023\"}]},{\"@type\":\"WebSite\",\"@id\":\"https:\/\/www.rimadesio.it\/fr\/#website\",\"url\":\"https:\/\/www.rimadesio.it\/fr\/\",\"name\":\"Rimadesio\",\"description\":\"Rimadesio official website\",\"publisher\":{\"@id\":\"https:\/\/www.rimadesio.it\/fr\/#organization\"},\"potentialAction\":[{\"@type\":\"SearchAction\",\"target\":{\"@type\":\"EntryPoint\",\"urlTemplate\":\"https:\/\/www.rimadesio.it\/fr\/?s={search_term_string}\"},\"query-input\":\"required name=search_term_string\"}],\"inLanguage\":\"fr-FR\"},{\"@type\":\"Organization\",\"@id\":\"https:\/\/www.rimadesio.it\/fr\/#organization\",\"name\":\"Rimadesio\",\"url\":\"https:\/\/www.rimadesio.it\/fr\/\",\"logo\":{\"@type\":\"ImageObject\",\"inLanguage\":\"fr-FR\",\"@id\":\"https:\/\/www.rimadesio.it\/fr\/#\/schema\/logo\/image\/\",\"url\":\"https:\/\/static.rimadesio.it\/media\/2021\/08\/Logo.png\",\"contentUrl\":\"https:\/\/static.rimadesio.it\/media\/2021\/08\/Logo.png\",\"width\":102,\"height\":18,\"caption\":\"Rimadesio\"},\"image\":{\"@id\":\"https:\/\/www.rimadesio.it\/fr\/#\/schema\/logo\/image\/\"}}]}<\/script>\n<!-- \/ Yoast SEO plugin. -->","yoast_head_json":{"title":"Back to Modernity. Milano Design Week 2023 - Rimadesio","description":"\u00c0 l'occasion de la Semaine du design de Milan 2023, Rimadesio a pr\u00e9sent\u00e9 ses nouveaux projets dans le Flagship Store r\u00e9nov\u00e9.","robots":{"index":"index","follow":"follow","max-snippet":"max-snippet:-1","max-image-preview":"max-image-preview:large","max-video-preview":"max-video-preview:-1"},"canonical":"https:\/\/www.rimadesio.it\/fr\/journal\/back-to-modernity-milano-design-week-2023\/","og_locale":"fr_FR","og_type":"article","og_title":"Back to Modernity. Milano Design Week 2023 - Rimadesio","og_description":"\u00c0 l'occasion de la Semaine du design de Milan 2023, Rimadesio a pr\u00e9sent\u00e9 ses nouveaux projets dans le Flagship Store r\u00e9nov\u00e9.","og_url":"https:\/\/www.rimadesio.it\/fr\/journal\/back-to-modernity-milano-design-week-2023\/","og_site_name":"Rimadesio","article_modified_time":"2023-05-02T12:24:04+00:00","twitter_card":"summary_large_image","schema":{"@context":"https:\/\/schema.org","@graph":[{"@type":"WebPage","@id":"https:\/\/www.rimadesio.it\/fr\/journal\/back-to-modernity-milano-design-week-2023\/","url":"https:\/\/www.rimadesio.it\/fr\/journal\/back-to-modernity-milano-design-week-2023\/","name":"Back to Modernity. Milano Design Week 2023 - Rimadesio","isPartOf":{"@id":"https:\/\/www.rimadesio.it\/fr\/#website"},"datePublished":"2023-04-27T16:22:15+00:00","dateModified":"2023-05-02T12:24:04+00:00","description":"\u00c0 l'occasion de la Semaine du design de Milan 2023, Rimadesio a pr\u00e9sent\u00e9 ses nouveaux projets dans le Flagship Store r\u00e9nov\u00e9.","breadcrumb":{"@id":"https:\/\/www.rimadesio.it\/fr\/journal\/back-to-modernity-milano-design-week-2023\/#breadcrumb"},"inLanguage":"fr-FR","potentialAction":[{"@type":"ReadAction","target":["https:\/\/www.rimadesio.it\/fr\/journal\/back-to-modernity-milano-design-week-2023\/"]}]},{"@type":"BreadcrumbList","@id":"https:\/\/www.rimadesio.it\/fr\/journal\/back-to-modernity-milano-design-week-2023\/#breadcrumb","itemListElement":[{"@type":"ListItem","position":1,"name":"Homepage","item":"https:\/\/www.rimadesio.it\/fr\/"},{"@type":"ListItem","position":2,"name":"\u00c9v\u00e9nements","item":"https:\/\/www.rimadesio.it\/fr\/journal-category\/evenements\/"},{"@type":"ListItem","position":3,"name":"Back to Modernity. Milano Design Week 2023"}]},{"@type":"WebSite","@id":"https:\/\/www.rimadesio.it\/fr\/#website","url":"https:\/\/www.rimadesio.it\/fr\/","name":"Rimadesio","description":"Rimadesio official website","publisher":{"@id":"https:\/\/www.rimadesio.it\/fr\/#organization"},"potentialAction":[{"@type":"SearchAction","target":{"@type":"EntryPoint","urlTemplate":"https:\/\/www.rimadesio.it\/fr\/?s={search_term_string}"},"query-input":"required name=search_term_string"}],"inLanguage":"fr-FR"},{"@type":"Organization","@id":"https:\/\/www.rimadesio.it\/fr\/#organization","name":"Rimadesio","url":"https:\/\/www.rimadesio.it\/fr\/","logo":{"@type":"ImageObject","inLanguage":"fr-FR","@id":"https:\/\/www.rimadesio.it\/fr\/#\/schema\/logo\/image\/","url":"https:\/\/static.rimadesio.it\/media\/2021\/08\/Logo.png","contentUrl":"https:\/\/static.rimadesio.it\/media\/2021\/08\/Logo.png","width":102,"height":18,"caption":"Rimadesio"},"image":{"@id":"https:\/\/www.rimadesio.it\/fr\/#\/schema\/logo\/image\/"}}]}},"_links":{"self":[{"href":"https:\/\/www.rimadesio.it\/fr\/wp-json\/wp\/v2\/journal\/159744"}],"collection":[{"href":"https:\/\/www.rimadesio.it\/fr\/wp-json\/wp\/v2\/journal"}],"about":[{"href":"https:\/\/www.rimadesio.it\/fr\/wp-json\/wp\/v2\/types\/journal"}],"wp:attachment":[{"href":"https:\/\/www.rimadesio.it\/fr\/wp-json\/wp\/v2\/media?parent=159744"}],"wp:term":[{"taxonomy":"journal_category","embeddable":true,"href":"https:\/\/www.rimadesio.it\/fr\/wp-json\/wp\/v2\/journal_category?post=159744"}],"curies":[{"name":"wp","href":"https:\/\/api.w.org\/{rel}","templated":true}]}}

<p>À l&#8217;occasion de la Semaine du design de Milan 2023, Rimadesio a présenté ses nouveaux projets dans le Flagship Store rénové.</p>

<!-- This site is optimized with the Yoast SEO plugin v20.4 - https://yoast.com/wordpress/plugins/seo/ -->
<title>Back to Modernity. Milano Design Week 2023 - Rimadesio</title>
<meta name="description" content="À l&#039;occasion de la Semaine du design de Milan 2023, Rimadesio a présenté ses nouveaux projets dans le Flagship Store rénové." />
<meta name="robots" content="index, follow, max-snippet:-1, max-image-preview:large, max-video-preview:-1" />
<link rel="canonical" href="https://www.rimadesio.it/fr/journal/back-to-modernity-milano-design-week-2023/" />
<meta property="og:locale" content="fr_FR" />
<meta property="og:type" content="article" />
<meta property="og:title" content="Back to Modernity. Milano Design Week 2023 - Rimadesio" />
<meta property="og:description" content="À l&#039;occasion de la Semaine du design de Milan 2023, Rimadesio a présenté ses nouveaux projets dans le Flagship Store rénové." />
<meta property="og:url" content="https://www.rimadesio.it/fr/journal/back-to-modernity-milano-design-week-2023/" />
<meta property="og:site_name" content="Rimadesio" />
<meta property="article:modified_time" content="2023-05-02T12:24:04+00:00" />
<meta name="twitter:card" content="summary_large_image" />
<script type="application/ld+json" class="yoast-schema-graph">{"@context":"https://schema.org","@graph":[{"@type":"WebPage","@id":"https://www.rimadesio.it/fr/journal/back-to-modernity-milano-design-week-2023/","url":"https://www.rimadesio.it/fr/journal/back-to-modernity-milano-design-week-2023/","name":"Back to Modernity. Milano Design Week 2023 - Rimadesio","isPartOf":{"@id":"https://www.rimadesio.it/fr/#website"},"datePublished":"2023-04-27T16:22:15+00:00","dateModified":"2023-05-02T12:24:04+00:00","description":"À l'occasion de la Semaine du design de Milan 2023, Rimadesio a présenté ses nouveaux projets dans le Flagship Store rénové.","breadcrumb":{"@id":"https://www.rimadesio.it/fr/journal/back-to-modernity-milano-design-week-2023/#breadcrumb"},"inLanguage":"fr-FR","potentialAction":[{"@type":"ReadAction","target":["https://www.rimadesio.it/fr/journal/back-to-modernity-milano-design-week-2023/"]}]},{"@type":"BreadcrumbList","@id":"https://www.rimadesio.it/fr/journal/back-to-modernity-milano-design-week-2023/#breadcrumb","itemListElement":[{"@type":"ListItem","position":1,"name":"Homepage","item":"https://www.rimadesio.it/fr/"},{"@type":"ListItem","position":2,"name":"Événements","item":"https://www.rimadesio.it/fr/journal-category/evenements/"},{"@type":"ListItem","position":3,"name":"Back to Modernity. Milano Design Week 2023"}]},{"@type":"WebSite","@id":"https://www.rimadesio.it/fr/#website","url":"https://www.rimadesio.it/fr/","name":"Rimadesio","description":"Rimadesio official website","publisher":{"@id":"https://www.rimadesio.it/fr/#organization"},"potentialAction":[{"@type":"SearchAction","target":{"@type":"EntryPoint","urlTemplate":"https://www.rimadesio.it/fr/?s={search_term_string}"},"query-input":"required name=search_term_string"}],"inLanguage":"fr-FR"},{"@type":"Organization","@id":"https://www.rimadesio.it/fr/#organization","name":"Rimadesio","url":"https://www.rimadesio.it/fr/","logo":{"@type":"ImageObject","inLanguage":"fr-FR","@id":"https://www.rimadesio.it/fr/#/schema/logo/image/","url":"https://static.rimadesio.it/media/2021/08/Logo.png","contentUrl":"https://static.rimadesio.it/media/2021/08/Logo.png","width":102,"height":18,"caption":"Rimadesio"},"image":{"@id":"https://www.rimadesio.it/fr/#/schema/logo/image/"}}]}</script>
<!-- / Yoast SEO plugin. -->

À l'occasion de la Semaine du design de Milan 2023, Rimadesio a présenté ses nouveaux projets dans le Flagship Store rénové.

Événements
