{"id":157567,"date":"2021-12-15T15:59:52","date_gmt":"2021-12-15T14:59:52","guid":{"rendered":"https:\/\/www.rimadesio.it\/journal\/bmw-sceglie-rimadesio-come-modello-di-sostenibilita\/"},"modified":"2022-07-07T14:31:57","modified_gmt":"2022-07-07T12:31:57","slug":"bmw-sceglie-rimadesio-come-modello-di-sostenibilita","status":"publish","type":"journal","link":"https:\/\/www.rimadesio.it\/fr\/journal\/bmw-sceglie-rimadesio-come-modello-di-sostenibilita\/","title":{"rendered":"BMW choisit Rimadesio comme r\u00e9f\u00e9rent en mati\u00e8re d&#8217;\u00e9co-responsabilit\u00e9"},"content":{"rendered":"<p>Un portrait de Rimadesio est dress\u00e9 sur les r\u00e9seaux de communication de la c\u00e9l\u00e8bre marque automobile, \u00e0 la rubrique \u00ab R\u00e9cits d&#8217;entreprises \u00e9co-responsables \u00bb.<\/p>\n","protected":false},"featured_media":0,"template":"","journal_category":[398],"acf":[],"yoast_head":"<!-- This site is optimized with the Yoast SEO plugin v20.4 - https:\/\/yoast.com\/wordpress\/plugins\/seo\/ -->\n<title>BMW choisit Rimadesio comme r\u00e9f\u00e9rent en mati\u00e8re d&#039;\u00e9co-responsabilit\u00e9 - Rimadesio<\/title>\n<meta name=\"description\" content=\"Un portrait de Rimadesio est dress\u00e9 sur les r\u00e9seaux de communication de la c\u00e9l\u00e8bre marque automobile, \u00e0 la rubrique \u00ab R\u00e9cits d&#039;entreprises\" \/>\n<meta name=\"robots\" content=\"index, follow, max-snippet:-1, max-image-preview:large, max-video-preview:-1\" \/>\n<link rel=\"canonical\" href=\"https:\/\/www.rimadesio.it\/fr\/journal\/bmw-sceglie-rimadesio-come-modello-di-sostenibilita\/\" \/>\n<meta property=\"og:locale\" content=\"fr_FR\" \/>\n<meta property=\"og:type\" content=\"article\" \/>\n<meta property=\"og:title\" content=\"BMW choisit Rimadesio comme r\u00e9f\u00e9rent en mati\u00e8re d&#039;\u00e9co-responsabilit\u00e9 - Rimadesio\" \/>\n<meta property=\"og:description\" content=\"Un portrait de Rimadesio est dress\u00e9 sur les r\u00e9seaux de communication de la c\u00e9l\u00e8bre marque automobile, \u00e0 la rubrique \u00ab R\u00e9cits d&#039;entreprises\" \/>\n<meta property=\"og:url\" content=\"https:\/\/www.rimadesio.it\/fr\/journal\/bmw-sceglie-rimadesio-come-modello-di-sostenibilita\/\" \/>\n<meta property=\"og:site_name\" content=\"Rimadesio\" \/>\n<meta property=\"article:modified_time\" content=\"2022-07-07T12:31:57+00:00\" \/>\n<meta name=\"twitter:card\" content=\"summary_large_image\" \/>\n<meta name=\"twitter:label1\" content=\"Est. reading time\" \/>\n\t<meta name=\"twitter:data1\" content=\"1 minute\" \/>\n<script type=\"application\/ld+json\" class=\"yoast-schema-graph\">{\"@context\":\"https:\/\/schema.org\",\"@graph\":[{\"@type\":\"WebPage\",\"@id\":\"https:\/\/www.rimadesio.it\/fr\/journal\/bmw-sceglie-rimadesio-come-modello-di-sostenibilita\/\",\"url\":\"https:\/\/www.rimadesio.it\/fr\/journal\/bmw-sceglie-rimadesio-come-modello-di-sostenibilita\/\",\"name\":\"BMW choisit Rimadesio comme r\u00e9f\u00e9rent en mati\u00e8re d'\u00e9co-responsabilit\u00e9 - Rimadesio\",\"isPartOf\":{\"@id\":\"https:\/\/www.rimadesio.it\/fr\/#website\"},\"datePublished\":\"2021-12-15T14:59:52+00:00\",\"dateModified\":\"2022-07-07T12:31:57+00:00\",\"description\":\"Un portrait de Rimadesio est dress\u00e9 sur les r\u00e9seaux de communication de la c\u00e9l\u00e8bre marque automobile, \u00e0 la rubrique \u00ab R\u00e9cits d'entreprises\",\"breadcrumb\":{\"@id\":\"https:\/\/www.rimadesio.it\/fr\/journal\/bmw-sceglie-rimadesio-come-modello-di-sostenibilita\/#breadcrumb\"},\"inLanguage\":\"fr-FR\",\"potentialAction\":[{\"@type\":\"ReadAction\",\"target\":[\"https:\/\/www.rimadesio.it\/fr\/journal\/bmw-sceglie-rimadesio-come-modello-di-sostenibilita\/\"]}]},{\"@type\":\"BreadcrumbList\",\"@id\":\"https:\/\/www.rimadesio.it\/fr\/journal\/bmw-sceglie-rimadesio-come-modello-di-sostenibilita\/#breadcrumb\",\"itemListElement\":[{\"@type\":\"ListItem\",\"position\":1,\"name\":\"Homepage\",\"item\":\"https:\/\/www.rimadesio.it\/fr\/\"},{\"@type\":\"ListItem\",\"position\":2,\"name\":\"Corporate\",\"item\":\"https:\/\/www.rimadesio.it\/fr\/journal-category\/corporate-fr\/\"},{\"@type\":\"ListItem\",\"position\":3,\"name\":\"BMW choisit Rimadesio comme r\u00e9f\u00e9rent en mati\u00e8re d&#8217;\u00e9co-responsabilit\u00e9\"}]},{\"@type\":\"WebSite\",\"@id\":\"https:\/\/www.rimadesio.it\/fr\/#website\",\"url\":\"https:\/\/www.rimadesio.it\/fr\/\",\"name\":\"Rimadesio\",\"description\":\"Rimadesio official website\",\"publisher\":{\"@id\":\"https:\/\/www.rimadesio.it\/fr\/#organization\"},\"potentialAction\":[{\"@type\":\"SearchAction\",\"target\":{\"@type\":\"EntryPoint\",\"urlTemplate\":\"https:\/\/www.rimadesio.it\/fr\/?s={search_term_string}\"},\"query-input\":\"required name=search_term_string\"}],\"inLanguage\":\"fr-FR\"},{\"@type\":\"Organization\",\"@id\":\"https:\/\/www.rimadesio.it\/fr\/#organization\",\"name\":\"Rimadesio\",\"url\":\"https:\/\/www.rimadesio.it\/fr\/\",\"logo\":{\"@type\":\"ImageObject\",\"inLanguage\":\"fr-FR\",\"@id\":\"https:\/\/www.rimadesio.it\/fr\/#\/schema\/logo\/image\/\",\"url\":\"https:\/\/static.rimadesio.it\/media\/2021\/08\/Logo.png\",\"contentUrl\":\"https:\/\/static.rimadesio.it\/media\/2021\/08\/Logo.png\",\"width\":102,\"height\":18,\"caption\":\"Rimadesio\"},\"image\":{\"@id\":\"https:\/\/www.rimadesio.it\/fr\/#\/schema\/logo\/image\/\"}}]}<\/script>\n<!-- \/ Yoast SEO plugin. -->","yoast_head_json":{"title":"BMW choisit Rimadesio comme r\u00e9f\u00e9rent en mati\u00e8re d'\u00e9co-responsabilit\u00e9 - Rimadesio","description":"Un portrait de Rimadesio est dress\u00e9 sur les r\u00e9seaux de communication de la c\u00e9l\u00e8bre marque automobile, \u00e0 la rubrique \u00ab R\u00e9cits d'entreprises","robots":{"index":"index","follow":"follow","max-snippet":"max-snippet:-1","max-image-preview":"max-image-preview:large","max-video-preview":"max-video-preview:-1"},"canonical":"https:\/\/www.rimadesio.it\/fr\/journal\/bmw-sceglie-rimadesio-come-modello-di-sostenibilita\/","og_locale":"fr_FR","og_type":"article","og_title":"BMW choisit Rimadesio comme r\u00e9f\u00e9rent en mati\u00e8re d'\u00e9co-responsabilit\u00e9 - Rimadesio","og_description":"Un portrait de Rimadesio est dress\u00e9 sur les r\u00e9seaux de communication de la c\u00e9l\u00e8bre marque automobile, \u00e0 la rubrique \u00ab R\u00e9cits d'entreprises","og_url":"https:\/\/www.rimadesio.it\/fr\/journal\/bmw-sceglie-rimadesio-come-modello-di-sostenibilita\/","og_site_name":"Rimadesio","article_modified_time":"2022-07-07T12:31:57+00:00","twitter_card":"summary_large_image","twitter_misc":{"Est. reading time":"1 minute"},"schema":{"@context":"https:\/\/schema.org","@graph":[{"@type":"WebPage","@id":"https:\/\/www.rimadesio.it\/fr\/journal\/bmw-sceglie-rimadesio-come-modello-di-sostenibilita\/","url":"https:\/\/www.rimadesio.it\/fr\/journal\/bmw-sceglie-rimadesio-come-modello-di-sostenibilita\/","name":"BMW choisit Rimadesio comme r\u00e9f\u00e9rent en mati\u00e8re d'\u00e9co-responsabilit\u00e9 - Rimadesio","isPartOf":{"@id":"https:\/\/www.rimadesio.it\/fr\/#website"},"datePublished":"2021-12-15T14:59:52+00:00","dateModified":"2022-07-07T12:31:57+00:00","description":"Un portrait de Rimadesio est dress\u00e9 sur les r\u00e9seaux de communication de la c\u00e9l\u00e8bre marque automobile, \u00e0 la rubrique \u00ab R\u00e9cits d'entreprises","breadcrumb":{"@id":"https:\/\/www.rimadesio.it\/fr\/journal\/bmw-sceglie-rimadesio-come-modello-di-sostenibilita\/#breadcrumb"},"inLanguage":"fr-FR","potentialAction":[{"@type":"ReadAction","target":["https:\/\/www.rimadesio.it\/fr\/journal\/bmw-sceglie-rimadesio-come-modello-di-sostenibilita\/"]}]},{"@type":"BreadcrumbList","@id":"https:\/\/www.rimadesio.it\/fr\/journal\/bmw-sceglie-rimadesio-come-modello-di-sostenibilita\/#breadcrumb","itemListElement":[{"@type":"ListItem","position":1,"name":"Homepage","item":"https:\/\/www.rimadesio.it\/fr\/"},{"@type":"ListItem","position":2,"name":"Corporate","item":"https:\/\/www.rimadesio.it\/fr\/journal-category\/corporate-fr\/"},{"@type":"ListItem","position":3,"name":"BMW choisit Rimadesio comme r\u00e9f\u00e9rent en mati\u00e8re d&#8217;\u00e9co-responsabilit\u00e9"}]},{"@type":"WebSite","@id":"https:\/\/www.rimadesio.it\/fr\/#website","url":"https:\/\/www.rimadesio.it\/fr\/","name":"Rimadesio","description":"Rimadesio official website","publisher":{"@id":"https:\/\/www.rimadesio.it\/fr\/#organization"},"potentialAction":[{"@type":"SearchAction","target":{"@type":"EntryPoint","urlTemplate":"https:\/\/www.rimadesio.it\/fr\/?s={search_term_string}"},"query-input":"required name=search_term_string"}],"inLanguage":"fr-FR"},{"@type":"Organization","@id":"https:\/\/www.rimadesio.it\/fr\/#organization","name":"Rimadesio","url":"https:\/\/www.rimadesio.it\/fr\/","logo":{"@type":"ImageObject","inLanguage":"fr-FR","@id":"https:\/\/www.rimadesio.it\/fr\/#\/schema\/logo\/image\/","url":"https:\/\/static.rimadesio.it\/media\/2021\/08\/Logo.png","contentUrl":"https:\/\/static.rimadesio.it\/media\/2021\/08\/Logo.png","width":102,"height":18,"caption":"Rimadesio"},"image":{"@id":"https:\/\/www.rimadesio.it\/fr\/#\/schema\/logo\/image\/"}}]}},"_links":{"self":[{"href":"https:\/\/www.rimadesio.it\/fr\/wp-json\/wp\/v2\/journal\/157567"}],"collection":[{"href":"https:\/\/www.rimadesio.it\/fr\/wp-json\/wp\/v2\/journal"}],"about":[{"href":"https:\/\/www.rimadesio.it\/fr\/wp-json\/wp\/v2\/types\/journal"}],"wp:attachment":[{"href":"https:\/\/www.rimadesio.it\/fr\/wp-json\/wp\/v2\/media?parent=157567"}],"wp:term":[{"taxonomy":"journal_category","embeddable":true,"href":"https:\/\/www.rimadesio.it\/fr\/wp-json\/wp\/v2\/journal_category?post=157567"}],"curies":[{"name":"wp","href":"https:\/\/api.w.org\/{rel}","templated":true}]}}

BMW choisit Rimadesio comme référent en matière d&#8217;éco-responsabilité

<p>Un portrait de Rimadesio est dressé sur les réseaux de communication de la célèbre marque automobile, à la rubrique « Récits d&#8217;entreprises éco-responsables ».</p>

<!-- This site is optimized with the Yoast SEO plugin v20.4 - https://yoast.com/wordpress/plugins/seo/ -->
<title>BMW choisit Rimadesio comme référent en matière d&#039;éco-responsabilité - Rimadesio</title>
<meta name="description" content="Un portrait de Rimadesio est dressé sur les réseaux de communication de la célèbre marque automobile, à la rubrique « Récits d&#039;entreprises" />
<meta name="robots" content="index, follow, max-snippet:-1, max-image-preview:large, max-video-preview:-1" />
<link rel="canonical" href="https://www.rimadesio.it/fr/journal/bmw-sceglie-rimadesio-come-modello-di-sostenibilita/" />
<meta property="og:locale" content="fr_FR" />
<meta property="og:type" content="article" />
<meta property="og:title" content="BMW choisit Rimadesio comme référent en matière d&#039;éco-responsabilité - Rimadesio" />
<meta property="og:description" content="Un portrait de Rimadesio est dressé sur les réseaux de communication de la célèbre marque automobile, à la rubrique « Récits d&#039;entreprises" />
<meta property="og:url" content="https://www.rimadesio.it/fr/journal/bmw-sceglie-rimadesio-come-modello-di-sostenibilita/" />
<meta property="og:site_name" content="Rimadesio" />
<meta property="article:modified_time" content="2022-07-07T12:31:57+00:00" />
<meta name="twitter:card" content="summary_large_image" />
<meta name="twitter:label1" content="Est. reading time" />
	<meta name="twitter:data1" content="1 minute" />
<script type="application/ld+json" class="yoast-schema-graph">{"@context":"https://schema.org","@graph":[{"@type":"WebPage","@id":"https://www.rimadesio.it/fr/journal/bmw-sceglie-rimadesio-come-modello-di-sostenibilita/","url":"https://www.rimadesio.it/fr/journal/bmw-sceglie-rimadesio-come-modello-di-sostenibilita/","name":"BMW choisit Rimadesio comme référent en matière d'éco-responsabilité - Rimadesio","isPartOf":{"@id":"https://www.rimadesio.it/fr/#website"},"datePublished":"2021-12-15T14:59:52+00:00","dateModified":"2022-07-07T12:31:57+00:00","description":"Un portrait de Rimadesio est dressé sur les réseaux de communication de la célèbre marque automobile, à la rubrique « Récits d'entreprises","breadcrumb":{"@id":"https://www.rimadesio.it/fr/journal/bmw-sceglie-rimadesio-come-modello-di-sostenibilita/#breadcrumb"},"inLanguage":"fr-FR","potentialAction":[{"@type":"ReadAction","target":["https://www.rimadesio.it/fr/journal/bmw-sceglie-rimadesio-come-modello-di-sostenibilita/"]}]},{"@type":"BreadcrumbList","@id":"https://www.rimadesio.it/fr/journal/bmw-sceglie-rimadesio-come-modello-di-sostenibilita/#breadcrumb","itemListElement":[{"@type":"ListItem","position":1,"name":"Homepage","item":"https://www.rimadesio.it/fr/"},{"@type":"ListItem","position":2,"name":"Corporate","item":"https://www.rimadesio.it/fr/journal-category/corporate-fr/"},{"@type":"ListItem","position":3,"name":"BMW choisit Rimadesio comme référent en matière d&#8217;éco-responsabilité"}]},{"@type":"WebSite","@id":"https://www.rimadesio.it/fr/#website","url":"https://www.rimadesio.it/fr/","name":"Rimadesio","description":"Rimadesio official website","publisher":{"@id":"https://www.rimadesio.it/fr/#organization"},"potentialAction":[{"@type":"SearchAction","target":{"@type":"EntryPoint","urlTemplate":"https://www.rimadesio.it/fr/?s={search_term_string}"},"query-input":"required name=search_term_string"}],"inLanguage":"fr-FR"},{"@type":"Organization","@id":"https://www.rimadesio.it/fr/#organization","name":"Rimadesio","url":"https://www.rimadesio.it/fr/","logo":{"@type":"ImageObject","inLanguage":"fr-FR","@id":"https://www.rimadesio.it/fr/#/schema/logo/image/","url":"https://static.rimadesio.it/media/2021/08/Logo.png","contentUrl":"https://static.rimadesio.it/media/2021/08/Logo.png","width":102,"height":18,"caption":"Rimadesio"},"image":{"@id":"https://www.rimadesio.it/fr/#/schema/logo/image/"}}]}</script>
<!-- / Yoast SEO plugin. -->

BMW choisit Rimadesio comme référent en matière d'éco-responsabilité - Rimadesio

Un portrait de Rimadesio est dressé sur les réseaux de communication de la célèbre marque automobile, à la rubrique « Récits d'entreprises
