{"id":156466,"date":"2022-04-08T18:25:24","date_gmt":"2022-04-08T16:25:24","guid":{"rendered":"https:\/\/www.rimadesio.it\/?post_type=journal&#038;p=156466"},"modified":"2022-04-08T18:25:24","modified_gmt":"2022-04-08T16:25:24","slug":"nouvelle-ouverture-francfort","status":"publish","type":"journal","link":"https:\/\/www.rimadesio.it\/fr\/journal\/nouvelle-ouverture-francfort\/","title":{"rendered":"Nouvelle ouverture Francfort"},"content":{"rendered":"<p>Le nouveau showroom Rimadesio est situ\u00e9 au c\u0153ur de la ville au rez-de-chauss\u00e9e d&#8217;un immeuble du XIXe si\u00e8cle, class\u00e9 parmi les sites prot\u00e9g\u00e9s pour la valeur historique.<\/p>\n","protected":false},"featured_media":0,"template":"","journal_category":[377],"acf":[],"yoast_head":"<!-- This site is optimized with the Yoast SEO plugin v20.4 - https:\/\/yoast.com\/wordpress\/plugins\/seo\/ -->\n<title>Nouvelle ouverture Francfort - Rimadesio<\/title>\n<meta name=\"description\" content=\"Le nouveau showroom Rimadesio est situ\u00e9 au c\u0153ur de la ville au rez-de-chauss\u00e9e d&#039;un immeuble du XIXe si\u00e8cle, class\u00e9 parmi les sites prot\u00e9g\u00e9s pour la\" \/>\n<meta name=\"robots\" content=\"index, follow, max-snippet:-1, max-image-preview:large, max-video-preview:-1\" \/>\n<link rel=\"canonical\" href=\"https:\/\/www.rimadesio.it\/fr\/journal\/nouvelle-ouverture-francfort\/\" \/>\n<meta property=\"og:locale\" content=\"fr_FR\" \/>\n<meta property=\"og:type\" content=\"article\" \/>\n<meta property=\"og:title\" content=\"Nouvelle ouverture Francfort - Rimadesio\" \/>\n<meta property=\"og:description\" content=\"Le nouveau showroom Rimadesio est situ\u00e9 au c\u0153ur de la ville au rez-de-chauss\u00e9e d&#039;un immeuble du XIXe si\u00e8cle, class\u00e9 parmi les sites prot\u00e9g\u00e9s pour la\" \/>\n<meta property=\"og:url\" content=\"https:\/\/www.rimadesio.it\/fr\/journal\/nouvelle-ouverture-francfort\/\" \/>\n<meta property=\"og:site_name\" content=\"Rimadesio\" \/>\n<meta name=\"twitter:card\" content=\"summary_large_image\" \/>\n<meta name=\"twitter:label1\" content=\"Est. reading time\" \/>\n\t<meta name=\"twitter:data1\" content=\"1 minute\" \/>\n<script type=\"application\/ld+json\" class=\"yoast-schema-graph\">{\"@context\":\"https:\/\/schema.org\",\"@graph\":[{\"@type\":\"WebPage\",\"@id\":\"https:\/\/www.rimadesio.it\/fr\/journal\/nouvelle-ouverture-francfort\/\",\"url\":\"https:\/\/www.rimadesio.it\/fr\/journal\/nouvelle-ouverture-francfort\/\",\"name\":\"Nouvelle ouverture Francfort - Rimadesio\",\"isPartOf\":{\"@id\":\"https:\/\/www.rimadesio.it\/fr\/#website\"},\"datePublished\":\"2022-04-08T16:25:24+00:00\",\"dateModified\":\"2022-04-08T16:25:24+00:00\",\"description\":\"Le nouveau showroom Rimadesio est situ\u00e9 au c\u0153ur de la ville au rez-de-chauss\u00e9e d'un immeuble du XIXe si\u00e8cle, class\u00e9 parmi les sites prot\u00e9g\u00e9s pour la\",\"breadcrumb\":{\"@id\":\"https:\/\/www.rimadesio.it\/fr\/journal\/nouvelle-ouverture-francfort\/#breadcrumb\"},\"inLanguage\":\"fr-FR\",\"potentialAction\":[{\"@type\":\"ReadAction\",\"target\":[\"https:\/\/www.rimadesio.it\/fr\/journal\/nouvelle-ouverture-francfort\/\"]}]},{\"@type\":\"BreadcrumbList\",\"@id\":\"https:\/\/www.rimadesio.it\/fr\/journal\/nouvelle-ouverture-francfort\/#breadcrumb\",\"itemListElement\":[{\"@type\":\"ListItem\",\"position\":1,\"name\":\"Homepage\",\"item\":\"https:\/\/www.rimadesio.it\/fr\/\"},{\"@type\":\"ListItem\",\"position\":2,\"name\":\"\u00c9v\u00e9nements\",\"item\":\"https:\/\/www.rimadesio.it\/fr\/journal-category\/evenements\/\"},{\"@type\":\"ListItem\",\"position\":3,\"name\":\"Nouvelle ouverture Francfort\"}]},{\"@type\":\"WebSite\",\"@id\":\"https:\/\/www.rimadesio.it\/fr\/#website\",\"url\":\"https:\/\/www.rimadesio.it\/fr\/\",\"name\":\"Rimadesio\",\"description\":\"Rimadesio official website\",\"publisher\":{\"@id\":\"https:\/\/www.rimadesio.it\/fr\/#organization\"},\"potentialAction\":[{\"@type\":\"SearchAction\",\"target\":{\"@type\":\"EntryPoint\",\"urlTemplate\":\"https:\/\/www.rimadesio.it\/fr\/?s={search_term_string}\"},\"query-input\":\"required name=search_term_string\"}],\"inLanguage\":\"fr-FR\"},{\"@type\":\"Organization\",\"@id\":\"https:\/\/www.rimadesio.it\/fr\/#organization\",\"name\":\"Rimadesio\",\"url\":\"https:\/\/www.rimadesio.it\/fr\/\",\"logo\":{\"@type\":\"ImageObject\",\"inLanguage\":\"fr-FR\",\"@id\":\"https:\/\/www.rimadesio.it\/fr\/#\/schema\/logo\/image\/\",\"url\":\"https:\/\/static.rimadesio.it\/media\/2021\/08\/Logo.png\",\"contentUrl\":\"https:\/\/static.rimadesio.it\/media\/2021\/08\/Logo.png\",\"width\":102,\"height\":18,\"caption\":\"Rimadesio\"},\"image\":{\"@id\":\"https:\/\/www.rimadesio.it\/fr\/#\/schema\/logo\/image\/\"}}]}<\/script>\n<!-- \/ Yoast SEO plugin. -->","yoast_head_json":{"title":"Nouvelle ouverture Francfort - Rimadesio","description":"Le nouveau showroom Rimadesio est situ\u00e9 au c\u0153ur de la ville au rez-de-chauss\u00e9e d'un immeuble du XIXe si\u00e8cle, class\u00e9 parmi les sites prot\u00e9g\u00e9s pour la","robots":{"index":"index","follow":"follow","max-snippet":"max-snippet:-1","max-image-preview":"max-image-preview:large","max-video-preview":"max-video-preview:-1"},"canonical":"https:\/\/www.rimadesio.it\/fr\/journal\/nouvelle-ouverture-francfort\/","og_locale":"fr_FR","og_type":"article","og_title":"Nouvelle ouverture Francfort - Rimadesio","og_description":"Le nouveau showroom Rimadesio est situ\u00e9 au c\u0153ur de la ville au rez-de-chauss\u00e9e d'un immeuble du XIXe si\u00e8cle, class\u00e9 parmi les sites prot\u00e9g\u00e9s pour la","og_url":"https:\/\/www.rimadesio.it\/fr\/journal\/nouvelle-ouverture-francfort\/","og_site_name":"Rimadesio","twitter_card":"summary_large_image","twitter_misc":{"Est. reading time":"1 minute"},"schema":{"@context":"https:\/\/schema.org","@graph":[{"@type":"WebPage","@id":"https:\/\/www.rimadesio.it\/fr\/journal\/nouvelle-ouverture-francfort\/","url":"https:\/\/www.rimadesio.it\/fr\/journal\/nouvelle-ouverture-francfort\/","name":"Nouvelle ouverture Francfort - Rimadesio","isPartOf":{"@id":"https:\/\/www.rimadesio.it\/fr\/#website"},"datePublished":"2022-04-08T16:25:24+00:00","dateModified":"2022-04-08T16:25:24+00:00","description":"Le nouveau showroom Rimadesio est situ\u00e9 au c\u0153ur de la ville au rez-de-chauss\u00e9e d'un immeuble du XIXe si\u00e8cle, class\u00e9 parmi les sites prot\u00e9g\u00e9s pour la","breadcrumb":{"@id":"https:\/\/www.rimadesio.it\/fr\/journal\/nouvelle-ouverture-francfort\/#breadcrumb"},"inLanguage":"fr-FR","potentialAction":[{"@type":"ReadAction","target":["https:\/\/www.rimadesio.it\/fr\/journal\/nouvelle-ouverture-francfort\/"]}]},{"@type":"BreadcrumbList","@id":"https:\/\/www.rimadesio.it\/fr\/journal\/nouvelle-ouverture-francfort\/#breadcrumb","itemListElement":[{"@type":"ListItem","position":1,"name":"Homepage","item":"https:\/\/www.rimadesio.it\/fr\/"},{"@type":"ListItem","position":2,"name":"\u00c9v\u00e9nements","item":"https:\/\/www.rimadesio.it\/fr\/journal-category\/evenements\/"},{"@type":"ListItem","position":3,"name":"Nouvelle ouverture Francfort"}]},{"@type":"WebSite","@id":"https:\/\/www.rimadesio.it\/fr\/#website","url":"https:\/\/www.rimadesio.it\/fr\/","name":"Rimadesio","description":"Rimadesio official website","publisher":{"@id":"https:\/\/www.rimadesio.it\/fr\/#organization"},"potentialAction":[{"@type":"SearchAction","target":{"@type":"EntryPoint","urlTemplate":"https:\/\/www.rimadesio.it\/fr\/?s={search_term_string}"},"query-input":"required name=search_term_string"}],"inLanguage":"fr-FR"},{"@type":"Organization","@id":"https:\/\/www.rimadesio.it\/fr\/#organization","name":"Rimadesio","url":"https:\/\/www.rimadesio.it\/fr\/","logo":{"@type":"ImageObject","inLanguage":"fr-FR","@id":"https:\/\/www.rimadesio.it\/fr\/#\/schema\/logo\/image\/","url":"https:\/\/static.rimadesio.it\/media\/2021\/08\/Logo.png","contentUrl":"https:\/\/static.rimadesio.it\/media\/2021\/08\/Logo.png","width":102,"height":18,"caption":"Rimadesio"},"image":{"@id":"https:\/\/www.rimadesio.it\/fr\/#\/schema\/logo\/image\/"}}]}},"_links":{"self":[{"href":"https:\/\/www.rimadesio.it\/fr\/wp-json\/wp\/v2\/journal\/156466"}],"collection":[{"href":"https:\/\/www.rimadesio.it\/fr\/wp-json\/wp\/v2\/journal"}],"about":[{"href":"https:\/\/www.rimadesio.it\/fr\/wp-json\/wp\/v2\/types\/journal"}],"wp:attachment":[{"href":"https:\/\/www.rimadesio.it\/fr\/wp-json\/wp\/v2\/media?parent=156466"}],"wp:term":[{"taxonomy":"journal_category","embeddable":true,"href":"https:\/\/www.rimadesio.it\/fr\/wp-json\/wp\/v2\/journal_category?post=156466"}],"curies":[{"name":"wp","href":"https:\/\/api.w.org\/{rel}","templated":true}]}}

<p>Le nouveau showroom Rimadesio est situé au cœur de la ville au rez-de-chaussée d&#8217;un immeuble du XIXe siècle, classé parmi les sites protégés pour la valeur historique.</p>

<!-- This site is optimized with the Yoast SEO plugin v20.4 - https://yoast.com/wordpress/plugins/seo/ -->
<title>Nouvelle ouverture Francfort - Rimadesio</title>
<meta name="description" content="Le nouveau showroom Rimadesio est situé au cœur de la ville au rez-de-chaussée d&#039;un immeuble du XIXe siècle, classé parmi les sites protégés pour la" />
<meta name="robots" content="index, follow, max-snippet:-1, max-image-preview:large, max-video-preview:-1" />
<link rel="canonical" href="https://www.rimadesio.it/fr/journal/nouvelle-ouverture-francfort/" />
<meta property="og:locale" content="fr_FR" />
<meta property="og:type" content="article" />
<meta property="og:title" content="Nouvelle ouverture Francfort - Rimadesio" />
<meta property="og:description" content="Le nouveau showroom Rimadesio est situé au cœur de la ville au rez-de-chaussée d&#039;un immeuble du XIXe siècle, classé parmi les sites protégés pour la" />
<meta property="og:url" content="https://www.rimadesio.it/fr/journal/nouvelle-ouverture-francfort/" />
<meta property="og:site_name" content="Rimadesio" />
<meta name="twitter:card" content="summary_large_image" />
<meta name="twitter:label1" content="Est. reading time" />
	<meta name="twitter:data1" content="1 minute" />
<script type="application/ld+json" class="yoast-schema-graph">{"@context":"https://schema.org","@graph":[{"@type":"WebPage","@id":"https://www.rimadesio.it/fr/journal/nouvelle-ouverture-francfort/","url":"https://www.rimadesio.it/fr/journal/nouvelle-ouverture-francfort/","name":"Nouvelle ouverture Francfort - Rimadesio","isPartOf":{"@id":"https://www.rimadesio.it/fr/#website"},"datePublished":"2022-04-08T16:25:24+00:00","dateModified":"2022-04-08T16:25:24+00:00","description":"Le nouveau showroom Rimadesio est situé au cœur de la ville au rez-de-chaussée d'un immeuble du XIXe siècle, classé parmi les sites protégés pour la","breadcrumb":{"@id":"https://www.rimadesio.it/fr/journal/nouvelle-ouverture-francfort/#breadcrumb"},"inLanguage":"fr-FR","potentialAction":[{"@type":"ReadAction","target":["https://www.rimadesio.it/fr/journal/nouvelle-ouverture-francfort/"]}]},{"@type":"BreadcrumbList","@id":"https://www.rimadesio.it/fr/journal/nouvelle-ouverture-francfort/#breadcrumb","itemListElement":[{"@type":"ListItem","position":1,"name":"Homepage","item":"https://www.rimadesio.it/fr/"},{"@type":"ListItem","position":2,"name":"Événements","item":"https://www.rimadesio.it/fr/journal-category/evenements/"},{"@type":"ListItem","position":3,"name":"Nouvelle ouverture Francfort"}]},{"@type":"WebSite","@id":"https://www.rimadesio.it/fr/#website","url":"https://www.rimadesio.it/fr/","name":"Rimadesio","description":"Rimadesio official website","publisher":{"@id":"https://www.rimadesio.it/fr/#organization"},"potentialAction":[{"@type":"SearchAction","target":{"@type":"EntryPoint","urlTemplate":"https://www.rimadesio.it/fr/?s={search_term_string}"},"query-input":"required name=search_term_string"}],"inLanguage":"fr-FR"},{"@type":"Organization","@id":"https://www.rimadesio.it/fr/#organization","name":"Rimadesio","url":"https://www.rimadesio.it/fr/","logo":{"@type":"ImageObject","inLanguage":"fr-FR","@id":"https://www.rimadesio.it/fr/#/schema/logo/image/","url":"https://static.rimadesio.it/media/2021/08/Logo.png","contentUrl":"https://static.rimadesio.it/media/2021/08/Logo.png","width":102,"height":18,"caption":"Rimadesio"},"image":{"@id":"https://www.rimadesio.it/fr/#/schema/logo/image/"}}]}</script>
<!-- / Yoast SEO plugin. -->

Le nouveau showroom Rimadesio est situé au cœur de la ville au rez-de-chaussée d'un immeuble du XIXe siècle, classé parmi les sites protégés pour la

Événements
