{"id":156288,"date":"2022-04-04T13:51:20","date_gmt":"2022-04-04T11:51:20","guid":{"rendered":"https:\/\/www.rimadesio.it\/journal\/nouvelle-finition-pour-modulor\/"},"modified":"2022-04-04T13:51:20","modified_gmt":"2022-04-04T11:51:20","slug":"nouvelle-finition-pour-modulor","status":"publish","type":"journal","link":"https:\/\/www.rimadesio.it\/fr\/journal\/nouvelle-finition-pour-modulor\/","title":{"rendered":"Nouvelle finition pour Modulor"},"content":{"rendered":"<p class=\"p1\"><span data-redactor-span=\"true\" data-redactor-style-cache=\"font-size: 18px;\">Le ch\u00eane thermotrait\u00e9 Sahara s\u2019ajoute aux 97 finitions d\u00e9j\u00e0 disponibles pour le syst\u00e8me de boiserie Modulor.<\/span><\/p>\n","protected":false},"featured_media":0,"template":"","journal_category":[397],"acf":[],"yoast_head":"<!-- This site is optimized with the Yoast SEO plugin v20.4 - https:\/\/yoast.com\/wordpress\/plugins\/seo\/ -->\n<title>Nouvelle finition pour Modulor - Rimadesio<\/title>\n<meta name=\"description\" content=\"Le ch\u00eane thermotrait\u00e9 Sahara s\u2019ajoute aux 97 finitions d\u00e9j\u00e0 disponibles pour le syst\u00e8me de boiserie Modulor.\" \/>\n<meta name=\"robots\" content=\"index, follow, max-snippet:-1, max-image-preview:large, max-video-preview:-1\" \/>\n<link rel=\"canonical\" href=\"https:\/\/www.rimadesio.it\/fr\/journal\/nouvelle-finition-pour-modulor\/\" \/>\n<meta property=\"og:locale\" content=\"fr_FR\" \/>\n<meta property=\"og:type\" content=\"article\" \/>\n<meta property=\"og:title\" content=\"Nouvelle finition pour Modulor - Rimadesio\" \/>\n<meta property=\"og:description\" content=\"Le ch\u00eane thermotrait\u00e9 Sahara s\u2019ajoute aux 97 finitions d\u00e9j\u00e0 disponibles pour le syst\u00e8me de boiserie Modulor.\" \/>\n<meta property=\"og:url\" content=\"https:\/\/www.rimadesio.it\/fr\/journal\/nouvelle-finition-pour-modulor\/\" \/>\n<meta property=\"og:site_name\" content=\"Rimadesio\" \/>\n<meta name=\"twitter:card\" content=\"summary_large_image\" \/>\n<script type=\"application\/ld+json\" class=\"yoast-schema-graph\">{\"@context\":\"https:\/\/schema.org\",\"@graph\":[{\"@type\":\"WebPage\",\"@id\":\"https:\/\/www.rimadesio.it\/fr\/journal\/nouvelle-finition-pour-modulor\/\",\"url\":\"https:\/\/www.rimadesio.it\/fr\/journal\/nouvelle-finition-pour-modulor\/\",\"name\":\"Nouvelle finition pour Modulor - Rimadesio\",\"isPartOf\":{\"@id\":\"https:\/\/www.rimadesio.it\/fr\/#website\"},\"datePublished\":\"2022-04-04T11:51:20+00:00\",\"dateModified\":\"2022-04-04T11:51:20+00:00\",\"description\":\"Le ch\u00eane thermotrait\u00e9 Sahara s\u2019ajoute aux 97 finitions d\u00e9j\u00e0 disponibles pour le syst\u00e8me de boiserie Modulor.\",\"breadcrumb\":{\"@id\":\"https:\/\/www.rimadesio.it\/fr\/journal\/nouvelle-finition-pour-modulor\/#breadcrumb\"},\"inLanguage\":\"fr-FR\",\"potentialAction\":[{\"@type\":\"ReadAction\",\"target\":[\"https:\/\/www.rimadesio.it\/fr\/journal\/nouvelle-finition-pour-modulor\/\"]}]},{\"@type\":\"BreadcrumbList\",\"@id\":\"https:\/\/www.rimadesio.it\/fr\/journal\/nouvelle-finition-pour-modulor\/#breadcrumb\",\"itemListElement\":[{\"@type\":\"ListItem\",\"position\":1,\"name\":\"Homepage\",\"item\":\"https:\/\/www.rimadesio.it\/fr\/\"},{\"@type\":\"ListItem\",\"position\":2,\"name\":\"Mat\u00e9riaux\",\"item\":\"https:\/\/www.rimadesio.it\/fr\/journal-category\/materiaux\/\"},{\"@type\":\"ListItem\",\"position\":3,\"name\":\"Nouvelle finition pour Modulor\"}]},{\"@type\":\"WebSite\",\"@id\":\"https:\/\/www.rimadesio.it\/fr\/#website\",\"url\":\"https:\/\/www.rimadesio.it\/fr\/\",\"name\":\"Rimadesio\",\"description\":\"Rimadesio official website\",\"publisher\":{\"@id\":\"https:\/\/www.rimadesio.it\/fr\/#organization\"},\"potentialAction\":[{\"@type\":\"SearchAction\",\"target\":{\"@type\":\"EntryPoint\",\"urlTemplate\":\"https:\/\/www.rimadesio.it\/fr\/?s={search_term_string}\"},\"query-input\":\"required name=search_term_string\"}],\"inLanguage\":\"fr-FR\"},{\"@type\":\"Organization\",\"@id\":\"https:\/\/www.rimadesio.it\/fr\/#organization\",\"name\":\"Rimadesio\",\"url\":\"https:\/\/www.rimadesio.it\/fr\/\",\"logo\":{\"@type\":\"ImageObject\",\"inLanguage\":\"fr-FR\",\"@id\":\"https:\/\/www.rimadesio.it\/fr\/#\/schema\/logo\/image\/\",\"url\":\"https:\/\/static.rimadesio.it\/media\/2021\/08\/Logo.png\",\"contentUrl\":\"https:\/\/static.rimadesio.it\/media\/2021\/08\/Logo.png\",\"width\":102,\"height\":18,\"caption\":\"Rimadesio\"},\"image\":{\"@id\":\"https:\/\/www.rimadesio.it\/fr\/#\/schema\/logo\/image\/\"}}]}<\/script>\n<!-- \/ Yoast SEO plugin. -->","yoast_head_json":{"title":"Nouvelle finition pour Modulor - Rimadesio","description":"Le ch\u00eane thermotrait\u00e9 Sahara s\u2019ajoute aux 97 finitions d\u00e9j\u00e0 disponibles pour le syst\u00e8me de boiserie Modulor.","robots":{"index":"index","follow":"follow","max-snippet":"max-snippet:-1","max-image-preview":"max-image-preview:large","max-video-preview":"max-video-preview:-1"},"canonical":"https:\/\/www.rimadesio.it\/fr\/journal\/nouvelle-finition-pour-modulor\/","og_locale":"fr_FR","og_type":"article","og_title":"Nouvelle finition pour Modulor - Rimadesio","og_description":"Le ch\u00eane thermotrait\u00e9 Sahara s\u2019ajoute aux 97 finitions d\u00e9j\u00e0 disponibles pour le syst\u00e8me de boiserie Modulor.","og_url":"https:\/\/www.rimadesio.it\/fr\/journal\/nouvelle-finition-pour-modulor\/","og_site_name":"Rimadesio","twitter_card":"summary_large_image","schema":{"@context":"https:\/\/schema.org","@graph":[{"@type":"WebPage","@id":"https:\/\/www.rimadesio.it\/fr\/journal\/nouvelle-finition-pour-modulor\/","url":"https:\/\/www.rimadesio.it\/fr\/journal\/nouvelle-finition-pour-modulor\/","name":"Nouvelle finition pour Modulor - Rimadesio","isPartOf":{"@id":"https:\/\/www.rimadesio.it\/fr\/#website"},"datePublished":"2022-04-04T11:51:20+00:00","dateModified":"2022-04-04T11:51:20+00:00","description":"Le ch\u00eane thermotrait\u00e9 Sahara s\u2019ajoute aux 97 finitions d\u00e9j\u00e0 disponibles pour le syst\u00e8me de boiserie Modulor.","breadcrumb":{"@id":"https:\/\/www.rimadesio.it\/fr\/journal\/nouvelle-finition-pour-modulor\/#breadcrumb"},"inLanguage":"fr-FR","potentialAction":[{"@type":"ReadAction","target":["https:\/\/www.rimadesio.it\/fr\/journal\/nouvelle-finition-pour-modulor\/"]}]},{"@type":"BreadcrumbList","@id":"https:\/\/www.rimadesio.it\/fr\/journal\/nouvelle-finition-pour-modulor\/#breadcrumb","itemListElement":[{"@type":"ListItem","position":1,"name":"Homepage","item":"https:\/\/www.rimadesio.it\/fr\/"},{"@type":"ListItem","position":2,"name":"Mat\u00e9riaux","item":"https:\/\/www.rimadesio.it\/fr\/journal-category\/materiaux\/"},{"@type":"ListItem","position":3,"name":"Nouvelle finition pour Modulor"}]},{"@type":"WebSite","@id":"https:\/\/www.rimadesio.it\/fr\/#website","url":"https:\/\/www.rimadesio.it\/fr\/","name":"Rimadesio","description":"Rimadesio official website","publisher":{"@id":"https:\/\/www.rimadesio.it\/fr\/#organization"},"potentialAction":[{"@type":"SearchAction","target":{"@type":"EntryPoint","urlTemplate":"https:\/\/www.rimadesio.it\/fr\/?s={search_term_string}"},"query-input":"required name=search_term_string"}],"inLanguage":"fr-FR"},{"@type":"Organization","@id":"https:\/\/www.rimadesio.it\/fr\/#organization","name":"Rimadesio","url":"https:\/\/www.rimadesio.it\/fr\/","logo":{"@type":"ImageObject","inLanguage":"fr-FR","@id":"https:\/\/www.rimadesio.it\/fr\/#\/schema\/logo\/image\/","url":"https:\/\/static.rimadesio.it\/media\/2021\/08\/Logo.png","contentUrl":"https:\/\/static.rimadesio.it\/media\/2021\/08\/Logo.png","width":102,"height":18,"caption":"Rimadesio"},"image":{"@id":"https:\/\/www.rimadesio.it\/fr\/#\/schema\/logo\/image\/"}}]}},"_links":{"self":[{"href":"https:\/\/www.rimadesio.it\/fr\/wp-json\/wp\/v2\/journal\/156288"}],"collection":[{"href":"https:\/\/www.rimadesio.it\/fr\/wp-json\/wp\/v2\/journal"}],"about":[{"href":"https:\/\/www.rimadesio.it\/fr\/wp-json\/wp\/v2\/types\/journal"}],"wp:attachment":[{"href":"https:\/\/www.rimadesio.it\/fr\/wp-json\/wp\/v2\/media?parent=156288"}],"wp:term":[{"taxonomy":"journal_category","embeddable":true,"href":"https:\/\/www.rimadesio.it\/fr\/wp-json\/wp\/v2\/journal_category?post=156288"}],"curies":[{"name":"wp","href":"https:\/\/api.w.org\/{rel}","templated":true}]}}

<p class="p1"><span data-redactor-span="true" data-redactor-style-cache="font-size: 18px;">Le chêne thermotraité Sahara s’ajoute aux 97 finitions déjà disponibles pour le système de boiserie Modulor.</span></p>

<!-- This site is optimized with the Yoast SEO plugin v20.4 - https://yoast.com/wordpress/plugins/seo/ -->
<title>Nouvelle finition pour Modulor - Rimadesio</title>
<meta name="description" content="Le chêne thermotraité Sahara s’ajoute aux 97 finitions déjà disponibles pour le système de boiserie Modulor." />
<meta name="robots" content="index, follow, max-snippet:-1, max-image-preview:large, max-video-preview:-1" />
<link rel="canonical" href="https://www.rimadesio.it/fr/journal/nouvelle-finition-pour-modulor/" />
<meta property="og:locale" content="fr_FR" />
<meta property="og:type" content="article" />
<meta property="og:title" content="Nouvelle finition pour Modulor - Rimadesio" />
<meta property="og:description" content="Le chêne thermotraité Sahara s’ajoute aux 97 finitions déjà disponibles pour le système de boiserie Modulor." />
<meta property="og:url" content="https://www.rimadesio.it/fr/journal/nouvelle-finition-pour-modulor/" />
<meta property="og:site_name" content="Rimadesio" />
<meta name="twitter:card" content="summary_large_image" />
<script type="application/ld+json" class="yoast-schema-graph">{"@context":"https://schema.org","@graph":[{"@type":"WebPage","@id":"https://www.rimadesio.it/fr/journal/nouvelle-finition-pour-modulor/","url":"https://www.rimadesio.it/fr/journal/nouvelle-finition-pour-modulor/","name":"Nouvelle finition pour Modulor - Rimadesio","isPartOf":{"@id":"https://www.rimadesio.it/fr/#website"},"datePublished":"2022-04-04T11:51:20+00:00","dateModified":"2022-04-04T11:51:20+00:00","description":"Le chêne thermotraité Sahara s’ajoute aux 97 finitions déjà disponibles pour le système de boiserie Modulor.","breadcrumb":{"@id":"https://www.rimadesio.it/fr/journal/nouvelle-finition-pour-modulor/#breadcrumb"},"inLanguage":"fr-FR","potentialAction":[{"@type":"ReadAction","target":["https://www.rimadesio.it/fr/journal/nouvelle-finition-pour-modulor/"]}]},{"@type":"BreadcrumbList","@id":"https://www.rimadesio.it/fr/journal/nouvelle-finition-pour-modulor/#breadcrumb","itemListElement":[{"@type":"ListItem","position":1,"name":"Homepage","item":"https://www.rimadesio.it/fr/"},{"@type":"ListItem","position":2,"name":"Matériaux","item":"https://www.rimadesio.it/fr/journal-category/materiaux/"},{"@type":"ListItem","position":3,"name":"Nouvelle finition pour Modulor"}]},{"@type":"WebSite","@id":"https://www.rimadesio.it/fr/#website","url":"https://www.rimadesio.it/fr/","name":"Rimadesio","description":"Rimadesio official website","publisher":{"@id":"https://www.rimadesio.it/fr/#organization"},"potentialAction":[{"@type":"SearchAction","target":{"@type":"EntryPoint","urlTemplate":"https://www.rimadesio.it/fr/?s={search_term_string}"},"query-input":"required name=search_term_string"}],"inLanguage":"fr-FR"},{"@type":"Organization","@id":"https://www.rimadesio.it/fr/#organization","name":"Rimadesio","url":"https://www.rimadesio.it/fr/","logo":{"@type":"ImageObject","inLanguage":"fr-FR","@id":"https://www.rimadesio.it/fr/#/schema/logo/image/","url":"https://static.rimadesio.it/media/2021/08/Logo.png","contentUrl":"https://static.rimadesio.it/media/2021/08/Logo.png","width":102,"height":18,"caption":"Rimadesio"},"image":{"@id":"https://www.rimadesio.it/fr/#/schema/logo/image/"}}]}</script>
<!-- / Yoast SEO plugin. -->

Le chêne thermotraité Sahara s’ajoute aux 97 finitions déjà disponibles pour le système de boiserie Modulor.

Matériaux
