{"id":154952,"date":"2022-03-21T15:57:47","date_gmt":"2022-03-21T14:57:47","guid":{"rendered":"https:\/\/www.rimadesio.it\/journal\/nouvelle-ouverture-vienne\/"},"modified":"2022-03-21T15:57:47","modified_gmt":"2022-03-21T14:57:47","slug":"nouvelle-ouverture-vienne","status":"publish","type":"journal","link":"https:\/\/www.rimadesio.it\/fr\/journal\/nouvelle-ouverture-vienne\/","title":{"rendered":"Nouvelle ouverture Vienne"},"content":{"rendered":"<p>\u00c0 l&#8217;occasion de la Design Week 2016, le showroom Rimadesion de Vienne a rouvert, apr\u00e8s avoir fait l&#8217;objet d&#8217;une profonde r\u00e9novation.<\/p>\n<p>&nbsp;<\/p>\n","protected":false},"featured_media":0,"template":"","journal_category":[377],"acf":[],"yoast_head":"<!-- This site is optimized with the Yoast SEO plugin v20.4 - https:\/\/yoast.com\/wordpress\/plugins\/seo\/ -->\n<title>Nouvelle ouverture Vienne - Rimadesio<\/title>\n<meta name=\"description\" content=\"\u00c0 l&#039;occasion de la Design Week 2016, le showroom Rimadesion de Vienne a rouvert, apr\u00e8s avoir fait l&#039;objet d&#039;une profonde r\u00e9novation.  &nbsp;\" \/>\n<meta name=\"robots\" content=\"index, follow, max-snippet:-1, max-image-preview:large, max-video-preview:-1\" \/>\n<link rel=\"canonical\" href=\"https:\/\/www.rimadesio.it\/fr\/journal\/nouvelle-ouverture-vienne\/\" \/>\n<meta property=\"og:locale\" content=\"fr_FR\" \/>\n<meta property=\"og:type\" content=\"article\" \/>\n<meta property=\"og:title\" content=\"Nouvelle ouverture Vienne - Rimadesio\" \/>\n<meta property=\"og:description\" content=\"\u00c0 l&#039;occasion de la Design Week 2016, le showroom Rimadesion de Vienne a rouvert, apr\u00e8s avoir fait l&#039;objet d&#039;une profonde r\u00e9novation.  &nbsp;\" \/>\n<meta property=\"og:url\" content=\"https:\/\/www.rimadesio.it\/fr\/journal\/nouvelle-ouverture-vienne\/\" \/>\n<meta property=\"og:site_name\" content=\"Rimadesio\" \/>\n<meta name=\"twitter:card\" content=\"summary_large_image\" \/>\n<script type=\"application\/ld+json\" class=\"yoast-schema-graph\">{\"@context\":\"https:\/\/schema.org\",\"@graph\":[{\"@type\":\"WebPage\",\"@id\":\"https:\/\/www.rimadesio.it\/fr\/journal\/nouvelle-ouverture-vienne\/\",\"url\":\"https:\/\/www.rimadesio.it\/fr\/journal\/nouvelle-ouverture-vienne\/\",\"name\":\"Nouvelle ouverture Vienne - Rimadesio\",\"isPartOf\":{\"@id\":\"https:\/\/www.rimadesio.it\/fr\/#website\"},\"datePublished\":\"2022-03-21T14:57:47+00:00\",\"dateModified\":\"2022-03-21T14:57:47+00:00\",\"description\":\"\u00c0 l'occasion de la Design Week 2016, le showroom Rimadesion de Vienne a rouvert, apr\u00e8s avoir fait l'objet d'une profonde r\u00e9novation. &nbsp;\",\"breadcrumb\":{\"@id\":\"https:\/\/www.rimadesio.it\/fr\/journal\/nouvelle-ouverture-vienne\/#breadcrumb\"},\"inLanguage\":\"fr-FR\",\"potentialAction\":[{\"@type\":\"ReadAction\",\"target\":[\"https:\/\/www.rimadesio.it\/fr\/journal\/nouvelle-ouverture-vienne\/\"]}]},{\"@type\":\"BreadcrumbList\",\"@id\":\"https:\/\/www.rimadesio.it\/fr\/journal\/nouvelle-ouverture-vienne\/#breadcrumb\",\"itemListElement\":[{\"@type\":\"ListItem\",\"position\":1,\"name\":\"Homepage\",\"item\":\"https:\/\/www.rimadesio.it\/fr\/\"},{\"@type\":\"ListItem\",\"position\":2,\"name\":\"\u00c9v\u00e9nements\",\"item\":\"https:\/\/www.rimadesio.it\/fr\/journal-category\/evenements\/\"},{\"@type\":\"ListItem\",\"position\":3,\"name\":\"Nouvelle ouverture Vienne\"}]},{\"@type\":\"WebSite\",\"@id\":\"https:\/\/www.rimadesio.it\/fr\/#website\",\"url\":\"https:\/\/www.rimadesio.it\/fr\/\",\"name\":\"Rimadesio\",\"description\":\"Rimadesio official website\",\"publisher\":{\"@id\":\"https:\/\/www.rimadesio.it\/fr\/#organization\"},\"potentialAction\":[{\"@type\":\"SearchAction\",\"target\":{\"@type\":\"EntryPoint\",\"urlTemplate\":\"https:\/\/www.rimadesio.it\/fr\/?s={search_term_string}\"},\"query-input\":\"required name=search_term_string\"}],\"inLanguage\":\"fr-FR\"},{\"@type\":\"Organization\",\"@id\":\"https:\/\/www.rimadesio.it\/fr\/#organization\",\"name\":\"Rimadesio\",\"url\":\"https:\/\/www.rimadesio.it\/fr\/\",\"logo\":{\"@type\":\"ImageObject\",\"inLanguage\":\"fr-FR\",\"@id\":\"https:\/\/www.rimadesio.it\/fr\/#\/schema\/logo\/image\/\",\"url\":\"https:\/\/static.rimadesio.it\/media\/2021\/08\/Logo.png\",\"contentUrl\":\"https:\/\/static.rimadesio.it\/media\/2021\/08\/Logo.png\",\"width\":102,\"height\":18,\"caption\":\"Rimadesio\"},\"image\":{\"@id\":\"https:\/\/www.rimadesio.it\/fr\/#\/schema\/logo\/image\/\"}}]}<\/script>\n<!-- \/ Yoast SEO plugin. -->","yoast_head_json":{"title":"Nouvelle ouverture Vienne - Rimadesio","description":"\u00c0 l'occasion de la Design Week 2016, le showroom Rimadesion de Vienne a rouvert, apr\u00e8s avoir fait l'objet d'une profonde r\u00e9novation.  &nbsp;","robots":{"index":"index","follow":"follow","max-snippet":"max-snippet:-1","max-image-preview":"max-image-preview:large","max-video-preview":"max-video-preview:-1"},"canonical":"https:\/\/www.rimadesio.it\/fr\/journal\/nouvelle-ouverture-vienne\/","og_locale":"fr_FR","og_type":"article","og_title":"Nouvelle ouverture Vienne - Rimadesio","og_description":"\u00c0 l'occasion de la Design Week 2016, le showroom Rimadesion de Vienne a rouvert, apr\u00e8s avoir fait l'objet d'une profonde r\u00e9novation.  &nbsp;","og_url":"https:\/\/www.rimadesio.it\/fr\/journal\/nouvelle-ouverture-vienne\/","og_site_name":"Rimadesio","twitter_card":"summary_large_image","schema":{"@context":"https:\/\/schema.org","@graph":[{"@type":"WebPage","@id":"https:\/\/www.rimadesio.it\/fr\/journal\/nouvelle-ouverture-vienne\/","url":"https:\/\/www.rimadesio.it\/fr\/journal\/nouvelle-ouverture-vienne\/","name":"Nouvelle ouverture Vienne - Rimadesio","isPartOf":{"@id":"https:\/\/www.rimadesio.it\/fr\/#website"},"datePublished":"2022-03-21T14:57:47+00:00","dateModified":"2022-03-21T14:57:47+00:00","description":"\u00c0 l'occasion de la Design Week 2016, le showroom Rimadesion de Vienne a rouvert, apr\u00e8s avoir fait l'objet d'une profonde r\u00e9novation. &nbsp;","breadcrumb":{"@id":"https:\/\/www.rimadesio.it\/fr\/journal\/nouvelle-ouverture-vienne\/#breadcrumb"},"inLanguage":"fr-FR","potentialAction":[{"@type":"ReadAction","target":["https:\/\/www.rimadesio.it\/fr\/journal\/nouvelle-ouverture-vienne\/"]}]},{"@type":"BreadcrumbList","@id":"https:\/\/www.rimadesio.it\/fr\/journal\/nouvelle-ouverture-vienne\/#breadcrumb","itemListElement":[{"@type":"ListItem","position":1,"name":"Homepage","item":"https:\/\/www.rimadesio.it\/fr\/"},{"@type":"ListItem","position":2,"name":"\u00c9v\u00e9nements","item":"https:\/\/www.rimadesio.it\/fr\/journal-category\/evenements\/"},{"@type":"ListItem","position":3,"name":"Nouvelle ouverture Vienne"}]},{"@type":"WebSite","@id":"https:\/\/www.rimadesio.it\/fr\/#website","url":"https:\/\/www.rimadesio.it\/fr\/","name":"Rimadesio","description":"Rimadesio official website","publisher":{"@id":"https:\/\/www.rimadesio.it\/fr\/#organization"},"potentialAction":[{"@type":"SearchAction","target":{"@type":"EntryPoint","urlTemplate":"https:\/\/www.rimadesio.it\/fr\/?s={search_term_string}"},"query-input":"required name=search_term_string"}],"inLanguage":"fr-FR"},{"@type":"Organization","@id":"https:\/\/www.rimadesio.it\/fr\/#organization","name":"Rimadesio","url":"https:\/\/www.rimadesio.it\/fr\/","logo":{"@type":"ImageObject","inLanguage":"fr-FR","@id":"https:\/\/www.rimadesio.it\/fr\/#\/schema\/logo\/image\/","url":"https:\/\/static.rimadesio.it\/media\/2021\/08\/Logo.png","contentUrl":"https:\/\/static.rimadesio.it\/media\/2021\/08\/Logo.png","width":102,"height":18,"caption":"Rimadesio"},"image":{"@id":"https:\/\/www.rimadesio.it\/fr\/#\/schema\/logo\/image\/"}}]}},"_links":{"self":[{"href":"https:\/\/www.rimadesio.it\/fr\/wp-json\/wp\/v2\/journal\/154952"}],"collection":[{"href":"https:\/\/www.rimadesio.it\/fr\/wp-json\/wp\/v2\/journal"}],"about":[{"href":"https:\/\/www.rimadesio.it\/fr\/wp-json\/wp\/v2\/types\/journal"}],"wp:attachment":[{"href":"https:\/\/www.rimadesio.it\/fr\/wp-json\/wp\/v2\/media?parent=154952"}],"wp:term":[{"taxonomy":"journal_category","embeddable":true,"href":"https:\/\/www.rimadesio.it\/fr\/wp-json\/wp\/v2\/journal_category?post=154952"}],"curies":[{"name":"wp","href":"https:\/\/api.w.org\/{rel}","templated":true}]}}

<p>À l&#8217;occasion de la Design Week 2016, le showroom Rimadesion de Vienne a rouvert, après avoir fait l&#8217;objet d&#8217;une profonde rénovation.</p>
<p>&nbsp;</p>

<!-- This site is optimized with the Yoast SEO plugin v20.4 - https://yoast.com/wordpress/plugins/seo/ -->
<title>Nouvelle ouverture Vienne - Rimadesio</title>
<meta name="description" content="À l&#039;occasion de la Design Week 2016, le showroom Rimadesion de Vienne a rouvert, après avoir fait l&#039;objet d&#039;une profonde rénovation.  &nbsp;" />
<meta name="robots" content="index, follow, max-snippet:-1, max-image-preview:large, max-video-preview:-1" />
<link rel="canonical" href="https://www.rimadesio.it/fr/journal/nouvelle-ouverture-vienne/" />
<meta property="og:locale" content="fr_FR" />
<meta property="og:type" content="article" />
<meta property="og:title" content="Nouvelle ouverture Vienne - Rimadesio" />
<meta property="og:description" content="À l&#039;occasion de la Design Week 2016, le showroom Rimadesion de Vienne a rouvert, après avoir fait l&#039;objet d&#039;une profonde rénovation.  &nbsp;" />
<meta property="og:url" content="https://www.rimadesio.it/fr/journal/nouvelle-ouverture-vienne/" />
<meta property="og:site_name" content="Rimadesio" />
<meta name="twitter:card" content="summary_large_image" />
<script type="application/ld+json" class="yoast-schema-graph">{"@context":"https://schema.org","@graph":[{"@type":"WebPage","@id":"https://www.rimadesio.it/fr/journal/nouvelle-ouverture-vienne/","url":"https://www.rimadesio.it/fr/journal/nouvelle-ouverture-vienne/","name":"Nouvelle ouverture Vienne - Rimadesio","isPartOf":{"@id":"https://www.rimadesio.it/fr/#website"},"datePublished":"2022-03-21T14:57:47+00:00","dateModified":"2022-03-21T14:57:47+00:00","description":"À l'occasion de la Design Week 2016, le showroom Rimadesion de Vienne a rouvert, après avoir fait l'objet d'une profonde rénovation. &nbsp;","breadcrumb":{"@id":"https://www.rimadesio.it/fr/journal/nouvelle-ouverture-vienne/#breadcrumb"},"inLanguage":"fr-FR","potentialAction":[{"@type":"ReadAction","target":["https://www.rimadesio.it/fr/journal/nouvelle-ouverture-vienne/"]}]},{"@type":"BreadcrumbList","@id":"https://www.rimadesio.it/fr/journal/nouvelle-ouverture-vienne/#breadcrumb","itemListElement":[{"@type":"ListItem","position":1,"name":"Homepage","item":"https://www.rimadesio.it/fr/"},{"@type":"ListItem","position":2,"name":"Événements","item":"https://www.rimadesio.it/fr/journal-category/evenements/"},{"@type":"ListItem","position":3,"name":"Nouvelle ouverture Vienne"}]},{"@type":"WebSite","@id":"https://www.rimadesio.it/fr/#website","url":"https://www.rimadesio.it/fr/","name":"Rimadesio","description":"Rimadesio official website","publisher":{"@id":"https://www.rimadesio.it/fr/#organization"},"potentialAction":[{"@type":"SearchAction","target":{"@type":"EntryPoint","urlTemplate":"https://www.rimadesio.it/fr/?s={search_term_string}"},"query-input":"required name=search_term_string"}],"inLanguage":"fr-FR"},{"@type":"Organization","@id":"https://www.rimadesio.it/fr/#organization","name":"Rimadesio","url":"https://www.rimadesio.it/fr/","logo":{"@type":"ImageObject","inLanguage":"fr-FR","@id":"https://www.rimadesio.it/fr/#/schema/logo/image/","url":"https://static.rimadesio.it/media/2021/08/Logo.png","contentUrl":"https://static.rimadesio.it/media/2021/08/Logo.png","width":102,"height":18,"caption":"Rimadesio"},"image":{"@id":"https://www.rimadesio.it/fr/#/schema/logo/image/"}}]}</script>
<!-- / Yoast SEO plugin. -->

À l'occasion de la Design Week 2016, le showroom Rimadesion de Vienne a rouvert, après avoir fait l'objet d'une profonde rénovation.  &nbsp;

À l'occasion de la Design Week 2016, le showroom Rimadesion de Vienne a rouvert, après avoir fait l'objet d'une profonde rénovation. &nbsp;

Événements
