{"id":152167,"date":"2022-01-16T21:51:54","date_gmt":"2022-01-16T20:51:54","guid":{"rendered":"https:\/\/www.rimadesio.it\/journal\/bmw-group-technology-workshop-2018-2\/"},"modified":"2022-03-24T15:57:13","modified_gmt":"2022-03-24T14:57:13","slug":"bmw-group-technology-workshop-2018-2","status":"publish","type":"journal","link":"https:\/\/www.rimadesio.it\/fr\/journal\/bmw-group-technology-workshop-2018-2\/","title":{"rendered":"BMW group technology workshop 2018"},"content":{"rendered":"<p>Rimadesio ouvre les portes \u00e0 BMW, la c\u00e9l\u00e8bre marque automobile allemande. Une  visite \u00e0 l\u2019int\u00e9rieur du si\u00e8ge social de Giussano et focalis\u00e9e sur les aspects li\u00e9s \u00e0 la question de la durabilit\u00e9 de l\u2019entreprise.<\/p>\n","protected":false},"featured_media":0,"template":"","journal_category":[377],"acf":[],"yoast_head":"<!-- This site is optimized with the Yoast SEO plugin v20.4 - https:\/\/yoast.com\/wordpress\/plugins\/seo\/ -->\n<title>BMW group technology workshop 2018 - Rimadesio<\/title>\n<meta name=\"description\" content=\"Rimadesio ouvre les portes \u00e0 BMW, la c\u00e9l\u00e8bre marque automobile allemande. Une visite \u00e0 l\u2019int\u00e9rieur du si\u00e8ge social de Giussano et focalis\u00e9e sur les\" \/>\n<meta name=\"robots\" content=\"index, follow, max-snippet:-1, max-image-preview:large, max-video-preview:-1\" \/>\n<link rel=\"canonical\" href=\"https:\/\/www.rimadesio.it\/fr\/journal\/bmw-group-technology-workshop-2018-2\/\" \/>\n<meta property=\"og:locale\" content=\"fr_FR\" \/>\n<meta property=\"og:type\" content=\"article\" \/>\n<meta property=\"og:title\" content=\"BMW group technology workshop 2018 - Rimadesio\" \/>\n<meta property=\"og:description\" content=\"Rimadesio ouvre les portes \u00e0 BMW, la c\u00e9l\u00e8bre marque automobile allemande. Une visite \u00e0 l\u2019int\u00e9rieur du si\u00e8ge social de Giussano et focalis\u00e9e sur les\" \/>\n<meta property=\"og:url\" content=\"https:\/\/www.rimadesio.it\/fr\/journal\/bmw-group-technology-workshop-2018-2\/\" \/>\n<meta property=\"og:site_name\" content=\"Rimadesio\" \/>\n<meta property=\"article:modified_time\" content=\"2022-03-24T14:57:13+00:00\" \/>\n<meta name=\"twitter:card\" content=\"summary_large_image\" \/>\n<script type=\"application\/ld+json\" class=\"yoast-schema-graph\">{\"@context\":\"https:\/\/schema.org\",\"@graph\":[{\"@type\":\"WebPage\",\"@id\":\"https:\/\/www.rimadesio.it\/fr\/journal\/bmw-group-technology-workshop-2018-2\/\",\"url\":\"https:\/\/www.rimadesio.it\/fr\/journal\/bmw-group-technology-workshop-2018-2\/\",\"name\":\"BMW group technology workshop 2018 - Rimadesio\",\"isPartOf\":{\"@id\":\"https:\/\/www.rimadesio.it\/fr\/#website\"},\"datePublished\":\"2022-01-16T20:51:54+00:00\",\"dateModified\":\"2022-03-24T14:57:13+00:00\",\"description\":\"Rimadesio ouvre les portes \u00e0 BMW, la c\u00e9l\u00e8bre marque automobile allemande. Une visite \u00e0 l\u2019int\u00e9rieur du si\u00e8ge social de Giussano et focalis\u00e9e sur les\",\"breadcrumb\":{\"@id\":\"https:\/\/www.rimadesio.it\/fr\/journal\/bmw-group-technology-workshop-2018-2\/#breadcrumb\"},\"inLanguage\":\"fr-FR\",\"potentialAction\":[{\"@type\":\"ReadAction\",\"target\":[\"https:\/\/www.rimadesio.it\/fr\/journal\/bmw-group-technology-workshop-2018-2\/\"]}]},{\"@type\":\"BreadcrumbList\",\"@id\":\"https:\/\/www.rimadesio.it\/fr\/journal\/bmw-group-technology-workshop-2018-2\/#breadcrumb\",\"itemListElement\":[{\"@type\":\"ListItem\",\"position\":1,\"name\":\"Homepage\",\"item\":\"https:\/\/www.rimadesio.it\/fr\/\"},{\"@type\":\"ListItem\",\"position\":2,\"name\":\"\u00c9v\u00e9nements\",\"item\":\"https:\/\/www.rimadesio.it\/fr\/journal-category\/evenements\/\"},{\"@type\":\"ListItem\",\"position\":3,\"name\":\"BMW group technology workshop 2018\"}]},{\"@type\":\"WebSite\",\"@id\":\"https:\/\/www.rimadesio.it\/fr\/#website\",\"url\":\"https:\/\/www.rimadesio.it\/fr\/\",\"name\":\"Rimadesio\",\"description\":\"Rimadesio official website\",\"publisher\":{\"@id\":\"https:\/\/www.rimadesio.it\/fr\/#organization\"},\"potentialAction\":[{\"@type\":\"SearchAction\",\"target\":{\"@type\":\"EntryPoint\",\"urlTemplate\":\"https:\/\/www.rimadesio.it\/fr\/?s={search_term_string}\"},\"query-input\":\"required name=search_term_string\"}],\"inLanguage\":\"fr-FR\"},{\"@type\":\"Organization\",\"@id\":\"https:\/\/www.rimadesio.it\/fr\/#organization\",\"name\":\"Rimadesio\",\"url\":\"https:\/\/www.rimadesio.it\/fr\/\",\"logo\":{\"@type\":\"ImageObject\",\"inLanguage\":\"fr-FR\",\"@id\":\"https:\/\/www.rimadesio.it\/fr\/#\/schema\/logo\/image\/\",\"url\":\"https:\/\/static.rimadesio.it\/media\/2021\/08\/Logo.png\",\"contentUrl\":\"https:\/\/static.rimadesio.it\/media\/2021\/08\/Logo.png\",\"width\":102,\"height\":18,\"caption\":\"Rimadesio\"},\"image\":{\"@id\":\"https:\/\/www.rimadesio.it\/fr\/#\/schema\/logo\/image\/\"}}]}<\/script>\n<!-- \/ Yoast SEO plugin. -->","yoast_head_json":{"title":"BMW group technology workshop 2018 - Rimadesio","description":"Rimadesio ouvre les portes \u00e0 BMW, la c\u00e9l\u00e8bre marque automobile allemande. Une visite \u00e0 l\u2019int\u00e9rieur du si\u00e8ge social de Giussano et focalis\u00e9e sur les","robots":{"index":"index","follow":"follow","max-snippet":"max-snippet:-1","max-image-preview":"max-image-preview:large","max-video-preview":"max-video-preview:-1"},"canonical":"https:\/\/www.rimadesio.it\/fr\/journal\/bmw-group-technology-workshop-2018-2\/","og_locale":"fr_FR","og_type":"article","og_title":"BMW group technology workshop 2018 - Rimadesio","og_description":"Rimadesio ouvre les portes \u00e0 BMW, la c\u00e9l\u00e8bre marque automobile allemande. Une visite \u00e0 l\u2019int\u00e9rieur du si\u00e8ge social de Giussano et focalis\u00e9e sur les","og_url":"https:\/\/www.rimadesio.it\/fr\/journal\/bmw-group-technology-workshop-2018-2\/","og_site_name":"Rimadesio","article_modified_time":"2022-03-24T14:57:13+00:00","twitter_card":"summary_large_image","schema":{"@context":"https:\/\/schema.org","@graph":[{"@type":"WebPage","@id":"https:\/\/www.rimadesio.it\/fr\/journal\/bmw-group-technology-workshop-2018-2\/","url":"https:\/\/www.rimadesio.it\/fr\/journal\/bmw-group-technology-workshop-2018-2\/","name":"BMW group technology workshop 2018 - Rimadesio","isPartOf":{"@id":"https:\/\/www.rimadesio.it\/fr\/#website"},"datePublished":"2022-01-16T20:51:54+00:00","dateModified":"2022-03-24T14:57:13+00:00","description":"Rimadesio ouvre les portes \u00e0 BMW, la c\u00e9l\u00e8bre marque automobile allemande. Une visite \u00e0 l\u2019int\u00e9rieur du si\u00e8ge social de Giussano et focalis\u00e9e sur les","breadcrumb":{"@id":"https:\/\/www.rimadesio.it\/fr\/journal\/bmw-group-technology-workshop-2018-2\/#breadcrumb"},"inLanguage":"fr-FR","potentialAction":[{"@type":"ReadAction","target":["https:\/\/www.rimadesio.it\/fr\/journal\/bmw-group-technology-workshop-2018-2\/"]}]},{"@type":"BreadcrumbList","@id":"https:\/\/www.rimadesio.it\/fr\/journal\/bmw-group-technology-workshop-2018-2\/#breadcrumb","itemListElement":[{"@type":"ListItem","position":1,"name":"Homepage","item":"https:\/\/www.rimadesio.it\/fr\/"},{"@type":"ListItem","position":2,"name":"\u00c9v\u00e9nements","item":"https:\/\/www.rimadesio.it\/fr\/journal-category\/evenements\/"},{"@type":"ListItem","position":3,"name":"BMW group technology workshop 2018"}]},{"@type":"WebSite","@id":"https:\/\/www.rimadesio.it\/fr\/#website","url":"https:\/\/www.rimadesio.it\/fr\/","name":"Rimadesio","description":"Rimadesio official website","publisher":{"@id":"https:\/\/www.rimadesio.it\/fr\/#organization"},"potentialAction":[{"@type":"SearchAction","target":{"@type":"EntryPoint","urlTemplate":"https:\/\/www.rimadesio.it\/fr\/?s={search_term_string}"},"query-input":"required name=search_term_string"}],"inLanguage":"fr-FR"},{"@type":"Organization","@id":"https:\/\/www.rimadesio.it\/fr\/#organization","name":"Rimadesio","url":"https:\/\/www.rimadesio.it\/fr\/","logo":{"@type":"ImageObject","inLanguage":"fr-FR","@id":"https:\/\/www.rimadesio.it\/fr\/#\/schema\/logo\/image\/","url":"https:\/\/static.rimadesio.it\/media\/2021\/08\/Logo.png","contentUrl":"https:\/\/static.rimadesio.it\/media\/2021\/08\/Logo.png","width":102,"height":18,"caption":"Rimadesio"},"image":{"@id":"https:\/\/www.rimadesio.it\/fr\/#\/schema\/logo\/image\/"}}]}},"_links":{"self":[{"href":"https:\/\/www.rimadesio.it\/fr\/wp-json\/wp\/v2\/journal\/152167"}],"collection":[{"href":"https:\/\/www.rimadesio.it\/fr\/wp-json\/wp\/v2\/journal"}],"about":[{"href":"https:\/\/www.rimadesio.it\/fr\/wp-json\/wp\/v2\/types\/journal"}],"wp:attachment":[{"href":"https:\/\/www.rimadesio.it\/fr\/wp-json\/wp\/v2\/media?parent=152167"}],"wp:term":[{"taxonomy":"journal_category","embeddable":true,"href":"https:\/\/www.rimadesio.it\/fr\/wp-json\/wp\/v2\/journal_category?post=152167"}],"curies":[{"name":"wp","href":"https:\/\/api.w.org\/{rel}","templated":true}]}}

<p>Rimadesio ouvre les portes à BMW, la célèbre marque automobile allemande. Une  visite à l’intérieur du siège social de Giussano et focalisée sur les aspects liés à la question de la durabilité de l’entreprise.</p>

<!-- This site is optimized with the Yoast SEO plugin v20.4 - https://yoast.com/wordpress/plugins/seo/ -->
<title>BMW group technology workshop 2018 - Rimadesio</title>
<meta name="description" content="Rimadesio ouvre les portes à BMW, la célèbre marque automobile allemande. Une visite à l’intérieur du siège social de Giussano et focalisée sur les" />
<meta name="robots" content="index, follow, max-snippet:-1, max-image-preview:large, max-video-preview:-1" />
<link rel="canonical" href="https://www.rimadesio.it/fr/journal/bmw-group-technology-workshop-2018-2/" />
<meta property="og:locale" content="fr_FR" />
<meta property="og:type" content="article" />
<meta property="og:title" content="BMW group technology workshop 2018 - Rimadesio" />
<meta property="og:description" content="Rimadesio ouvre les portes à BMW, la célèbre marque automobile allemande. Une visite à l’intérieur du siège social de Giussano et focalisée sur les" />
<meta property="og:url" content="https://www.rimadesio.it/fr/journal/bmw-group-technology-workshop-2018-2/" />
<meta property="og:site_name" content="Rimadesio" />
<meta property="article:modified_time" content="2022-03-24T14:57:13+00:00" />
<meta name="twitter:card" content="summary_large_image" />
<script type="application/ld+json" class="yoast-schema-graph">{"@context":"https://schema.org","@graph":[{"@type":"WebPage","@id":"https://www.rimadesio.it/fr/journal/bmw-group-technology-workshop-2018-2/","url":"https://www.rimadesio.it/fr/journal/bmw-group-technology-workshop-2018-2/","name":"BMW group technology workshop 2018 - Rimadesio","isPartOf":{"@id":"https://www.rimadesio.it/fr/#website"},"datePublished":"2022-01-16T20:51:54+00:00","dateModified":"2022-03-24T14:57:13+00:00","description":"Rimadesio ouvre les portes à BMW, la célèbre marque automobile allemande. Une visite à l’intérieur du siège social de Giussano et focalisée sur les","breadcrumb":{"@id":"https://www.rimadesio.it/fr/journal/bmw-group-technology-workshop-2018-2/#breadcrumb"},"inLanguage":"fr-FR","potentialAction":[{"@type":"ReadAction","target":["https://www.rimadesio.it/fr/journal/bmw-group-technology-workshop-2018-2/"]}]},{"@type":"BreadcrumbList","@id":"https://www.rimadesio.it/fr/journal/bmw-group-technology-workshop-2018-2/#breadcrumb","itemListElement":[{"@type":"ListItem","position":1,"name":"Homepage","item":"https://www.rimadesio.it/fr/"},{"@type":"ListItem","position":2,"name":"Événements","item":"https://www.rimadesio.it/fr/journal-category/evenements/"},{"@type":"ListItem","position":3,"name":"BMW group technology workshop 2018"}]},{"@type":"WebSite","@id":"https://www.rimadesio.it/fr/#website","url":"https://www.rimadesio.it/fr/","name":"Rimadesio","description":"Rimadesio official website","publisher":{"@id":"https://www.rimadesio.it/fr/#organization"},"potentialAction":[{"@type":"SearchAction","target":{"@type":"EntryPoint","urlTemplate":"https://www.rimadesio.it/fr/?s={search_term_string}"},"query-input":"required name=search_term_string"}],"inLanguage":"fr-FR"},{"@type":"Organization","@id":"https://www.rimadesio.it/fr/#organization","name":"Rimadesio","url":"https://www.rimadesio.it/fr/","logo":{"@type":"ImageObject","inLanguage":"fr-FR","@id":"https://www.rimadesio.it/fr/#/schema/logo/image/","url":"https://static.rimadesio.it/media/2021/08/Logo.png","contentUrl":"https://static.rimadesio.it/media/2021/08/Logo.png","width":102,"height":18,"caption":"Rimadesio"},"image":{"@id":"https://www.rimadesio.it/fr/#/schema/logo/image/"}}]}</script>
<!-- / Yoast SEO plugin. -->

Rimadesio ouvre les portes à BMW, la célèbre marque automobile allemande. Une visite à l’intérieur du siège social de Giussano et focalisée sur les

Événements
