{"id":151892,"date":"2022-01-11T21:59:25","date_gmt":"2022-01-11T20:59:25","guid":{"rendered":"https:\/\/www.rimadesio.it\/journal\/nouvelle-finition-verre-fibra\/"},"modified":"2022-03-24T12:26:16","modified_gmt":"2022-03-24T11:26:16","slug":"nouvelle-finition-verre-fibra","status":"publish","type":"journal","link":"https:\/\/www.rimadesio.it\/fr\/journal\/nouvelle-finition-verre-fibra\/","title":{"rendered":"Nouvelle finition : verre fibra"},"content":{"rendered":"<p>Les nouveaux verres fibra, caract\u00e9ris\u00e9s par un maillage de fils m\u00e9talliques qui cr\u00e9\u00e9 une trame g\u00e9om\u00e9trique en trois dimensions entrent officiellement en production.<\/p>\n","protected":false},"featured_media":0,"template":"","journal_category":[397],"acf":[],"yoast_head":"<!-- This site is optimized with the Yoast SEO plugin v20.4 - https:\/\/yoast.com\/wordpress\/plugins\/seo\/ -->\n<title>Nouvelle finition : verre fibra - Rimadesio<\/title>\n<meta name=\"description\" content=\"Les nouveaux verres fibra, caract\u00e9ris\u00e9s par un maillage de fils m\u00e9talliques qui cr\u00e9\u00e9 une trame g\u00e9om\u00e9trique en trois dimensions entrent officiellement en\" \/>\n<meta name=\"robots\" content=\"index, follow, max-snippet:-1, max-image-preview:large, max-video-preview:-1\" \/>\n<link rel=\"canonical\" href=\"https:\/\/www.rimadesio.it\/fr\/journal\/nouvelle-finition-verre-fibra\/\" \/>\n<meta property=\"og:locale\" content=\"fr_FR\" \/>\n<meta property=\"og:type\" content=\"article\" \/>\n<meta property=\"og:title\" content=\"Nouvelle finition : verre fibra - Rimadesio\" \/>\n<meta property=\"og:description\" content=\"Les nouveaux verres fibra, caract\u00e9ris\u00e9s par un maillage de fils m\u00e9talliques qui cr\u00e9\u00e9 une trame g\u00e9om\u00e9trique en trois dimensions entrent officiellement en\" \/>\n<meta property=\"og:url\" content=\"https:\/\/www.rimadesio.it\/fr\/journal\/nouvelle-finition-verre-fibra\/\" \/>\n<meta property=\"og:site_name\" content=\"Rimadesio\" \/>\n<meta property=\"article:modified_time\" content=\"2022-03-24T11:26:16+00:00\" \/>\n<meta name=\"twitter:card\" content=\"summary_large_image\" \/>\n<script type=\"application\/ld+json\" class=\"yoast-schema-graph\">{\"@context\":\"https:\/\/schema.org\",\"@graph\":[{\"@type\":\"WebPage\",\"@id\":\"https:\/\/www.rimadesio.it\/fr\/journal\/nouvelle-finition-verre-fibra\/\",\"url\":\"https:\/\/www.rimadesio.it\/fr\/journal\/nouvelle-finition-verre-fibra\/\",\"name\":\"Nouvelle finition : verre fibra - Rimadesio\",\"isPartOf\":{\"@id\":\"https:\/\/www.rimadesio.it\/fr\/#website\"},\"datePublished\":\"2022-01-11T20:59:25+00:00\",\"dateModified\":\"2022-03-24T11:26:16+00:00\",\"description\":\"Les nouveaux verres fibra, caract\u00e9ris\u00e9s par un maillage de fils m\u00e9talliques qui cr\u00e9\u00e9 une trame g\u00e9om\u00e9trique en trois dimensions entrent officiellement en\",\"breadcrumb\":{\"@id\":\"https:\/\/www.rimadesio.it\/fr\/journal\/nouvelle-finition-verre-fibra\/#breadcrumb\"},\"inLanguage\":\"fr-FR\",\"potentialAction\":[{\"@type\":\"ReadAction\",\"target\":[\"https:\/\/www.rimadesio.it\/fr\/journal\/nouvelle-finition-verre-fibra\/\"]}]},{\"@type\":\"BreadcrumbList\",\"@id\":\"https:\/\/www.rimadesio.it\/fr\/journal\/nouvelle-finition-verre-fibra\/#breadcrumb\",\"itemListElement\":[{\"@type\":\"ListItem\",\"position\":1,\"name\":\"Homepage\",\"item\":\"https:\/\/www.rimadesio.it\/fr\/\"},{\"@type\":\"ListItem\",\"position\":2,\"name\":\"Mat\u00e9riaux\",\"item\":\"https:\/\/www.rimadesio.it\/fr\/journal-category\/materiaux\/\"},{\"@type\":\"ListItem\",\"position\":3,\"name\":\"Nouvelle finition : verre fibra\"}]},{\"@type\":\"WebSite\",\"@id\":\"https:\/\/www.rimadesio.it\/fr\/#website\",\"url\":\"https:\/\/www.rimadesio.it\/fr\/\",\"name\":\"Rimadesio\",\"description\":\"Rimadesio official website\",\"publisher\":{\"@id\":\"https:\/\/www.rimadesio.it\/fr\/#organization\"},\"potentialAction\":[{\"@type\":\"SearchAction\",\"target\":{\"@type\":\"EntryPoint\",\"urlTemplate\":\"https:\/\/www.rimadesio.it\/fr\/?s={search_term_string}\"},\"query-input\":\"required name=search_term_string\"}],\"inLanguage\":\"fr-FR\"},{\"@type\":\"Organization\",\"@id\":\"https:\/\/www.rimadesio.it\/fr\/#organization\",\"name\":\"Rimadesio\",\"url\":\"https:\/\/www.rimadesio.it\/fr\/\",\"logo\":{\"@type\":\"ImageObject\",\"inLanguage\":\"fr-FR\",\"@id\":\"https:\/\/www.rimadesio.it\/fr\/#\/schema\/logo\/image\/\",\"url\":\"https:\/\/static.rimadesio.it\/media\/2021\/08\/Logo.png\",\"contentUrl\":\"https:\/\/static.rimadesio.it\/media\/2021\/08\/Logo.png\",\"width\":102,\"height\":18,\"caption\":\"Rimadesio\"},\"image\":{\"@id\":\"https:\/\/www.rimadesio.it\/fr\/#\/schema\/logo\/image\/\"}}]}<\/script>\n<!-- \/ Yoast SEO plugin. -->","yoast_head_json":{"title":"Nouvelle finition : verre fibra - Rimadesio","description":"Les nouveaux verres fibra, caract\u00e9ris\u00e9s par un maillage de fils m\u00e9talliques qui cr\u00e9\u00e9 une trame g\u00e9om\u00e9trique en trois dimensions entrent officiellement en","robots":{"index":"index","follow":"follow","max-snippet":"max-snippet:-1","max-image-preview":"max-image-preview:large","max-video-preview":"max-video-preview:-1"},"canonical":"https:\/\/www.rimadesio.it\/fr\/journal\/nouvelle-finition-verre-fibra\/","og_locale":"fr_FR","og_type":"article","og_title":"Nouvelle finition : verre fibra - Rimadesio","og_description":"Les nouveaux verres fibra, caract\u00e9ris\u00e9s par un maillage de fils m\u00e9talliques qui cr\u00e9\u00e9 une trame g\u00e9om\u00e9trique en trois dimensions entrent officiellement en","og_url":"https:\/\/www.rimadesio.it\/fr\/journal\/nouvelle-finition-verre-fibra\/","og_site_name":"Rimadesio","article_modified_time":"2022-03-24T11:26:16+00:00","twitter_card":"summary_large_image","schema":{"@context":"https:\/\/schema.org","@graph":[{"@type":"WebPage","@id":"https:\/\/www.rimadesio.it\/fr\/journal\/nouvelle-finition-verre-fibra\/","url":"https:\/\/www.rimadesio.it\/fr\/journal\/nouvelle-finition-verre-fibra\/","name":"Nouvelle finition : verre fibra - Rimadesio","isPartOf":{"@id":"https:\/\/www.rimadesio.it\/fr\/#website"},"datePublished":"2022-01-11T20:59:25+00:00","dateModified":"2022-03-24T11:26:16+00:00","description":"Les nouveaux verres fibra, caract\u00e9ris\u00e9s par un maillage de fils m\u00e9talliques qui cr\u00e9\u00e9 une trame g\u00e9om\u00e9trique en trois dimensions entrent officiellement en","breadcrumb":{"@id":"https:\/\/www.rimadesio.it\/fr\/journal\/nouvelle-finition-verre-fibra\/#breadcrumb"},"inLanguage":"fr-FR","potentialAction":[{"@type":"ReadAction","target":["https:\/\/www.rimadesio.it\/fr\/journal\/nouvelle-finition-verre-fibra\/"]}]},{"@type":"BreadcrumbList","@id":"https:\/\/www.rimadesio.it\/fr\/journal\/nouvelle-finition-verre-fibra\/#breadcrumb","itemListElement":[{"@type":"ListItem","position":1,"name":"Homepage","item":"https:\/\/www.rimadesio.it\/fr\/"},{"@type":"ListItem","position":2,"name":"Mat\u00e9riaux","item":"https:\/\/www.rimadesio.it\/fr\/journal-category\/materiaux\/"},{"@type":"ListItem","position":3,"name":"Nouvelle finition : verre fibra"}]},{"@type":"WebSite","@id":"https:\/\/www.rimadesio.it\/fr\/#website","url":"https:\/\/www.rimadesio.it\/fr\/","name":"Rimadesio","description":"Rimadesio official website","publisher":{"@id":"https:\/\/www.rimadesio.it\/fr\/#organization"},"potentialAction":[{"@type":"SearchAction","target":{"@type":"EntryPoint","urlTemplate":"https:\/\/www.rimadesio.it\/fr\/?s={search_term_string}"},"query-input":"required name=search_term_string"}],"inLanguage":"fr-FR"},{"@type":"Organization","@id":"https:\/\/www.rimadesio.it\/fr\/#organization","name":"Rimadesio","url":"https:\/\/www.rimadesio.it\/fr\/","logo":{"@type":"ImageObject","inLanguage":"fr-FR","@id":"https:\/\/www.rimadesio.it\/fr\/#\/schema\/logo\/image\/","url":"https:\/\/static.rimadesio.it\/media\/2021\/08\/Logo.png","contentUrl":"https:\/\/static.rimadesio.it\/media\/2021\/08\/Logo.png","width":102,"height":18,"caption":"Rimadesio"},"image":{"@id":"https:\/\/www.rimadesio.it\/fr\/#\/schema\/logo\/image\/"}}]}},"_links":{"self":[{"href":"https:\/\/www.rimadesio.it\/fr\/wp-json\/wp\/v2\/journal\/151892"}],"collection":[{"href":"https:\/\/www.rimadesio.it\/fr\/wp-json\/wp\/v2\/journal"}],"about":[{"href":"https:\/\/www.rimadesio.it\/fr\/wp-json\/wp\/v2\/types\/journal"}],"wp:attachment":[{"href":"https:\/\/www.rimadesio.it\/fr\/wp-json\/wp\/v2\/media?parent=151892"}],"wp:term":[{"taxonomy":"journal_category","embeddable":true,"href":"https:\/\/www.rimadesio.it\/fr\/wp-json\/wp\/v2\/journal_category?post=151892"}],"curies":[{"name":"wp","href":"https:\/\/api.w.org\/{rel}","templated":true}]}}

<p>Les nouveaux verres fibra, caractérisés par un maillage de fils métalliques qui créé une trame géométrique en trois dimensions entrent officiellement en production.</p>

<!-- This site is optimized with the Yoast SEO plugin v20.4 - https://yoast.com/wordpress/plugins/seo/ -->
<title>Nouvelle finition : verre fibra - Rimadesio</title>
<meta name="description" content="Les nouveaux verres fibra, caractérisés par un maillage de fils métalliques qui créé une trame géométrique en trois dimensions entrent officiellement en" />
<meta name="robots" content="index, follow, max-snippet:-1, max-image-preview:large, max-video-preview:-1" />
<link rel="canonical" href="https://www.rimadesio.it/fr/journal/nouvelle-finition-verre-fibra/" />
<meta property="og:locale" content="fr_FR" />
<meta property="og:type" content="article" />
<meta property="og:title" content="Nouvelle finition : verre fibra - Rimadesio" />
<meta property="og:description" content="Les nouveaux verres fibra, caractérisés par un maillage de fils métalliques qui créé une trame géométrique en trois dimensions entrent officiellement en" />
<meta property="og:url" content="https://www.rimadesio.it/fr/journal/nouvelle-finition-verre-fibra/" />
<meta property="og:site_name" content="Rimadesio" />
<meta property="article:modified_time" content="2022-03-24T11:26:16+00:00" />
<meta name="twitter:card" content="summary_large_image" />
<script type="application/ld+json" class="yoast-schema-graph">{"@context":"https://schema.org","@graph":[{"@type":"WebPage","@id":"https://www.rimadesio.it/fr/journal/nouvelle-finition-verre-fibra/","url":"https://www.rimadesio.it/fr/journal/nouvelle-finition-verre-fibra/","name":"Nouvelle finition : verre fibra - Rimadesio","isPartOf":{"@id":"https://www.rimadesio.it/fr/#website"},"datePublished":"2022-01-11T20:59:25+00:00","dateModified":"2022-03-24T11:26:16+00:00","description":"Les nouveaux verres fibra, caractérisés par un maillage de fils métalliques qui créé une trame géométrique en trois dimensions entrent officiellement en","breadcrumb":{"@id":"https://www.rimadesio.it/fr/journal/nouvelle-finition-verre-fibra/#breadcrumb"},"inLanguage":"fr-FR","potentialAction":[{"@type":"ReadAction","target":["https://www.rimadesio.it/fr/journal/nouvelle-finition-verre-fibra/"]}]},{"@type":"BreadcrumbList","@id":"https://www.rimadesio.it/fr/journal/nouvelle-finition-verre-fibra/#breadcrumb","itemListElement":[{"@type":"ListItem","position":1,"name":"Homepage","item":"https://www.rimadesio.it/fr/"},{"@type":"ListItem","position":2,"name":"Matériaux","item":"https://www.rimadesio.it/fr/journal-category/materiaux/"},{"@type":"ListItem","position":3,"name":"Nouvelle finition : verre fibra"}]},{"@type":"WebSite","@id":"https://www.rimadesio.it/fr/#website","url":"https://www.rimadesio.it/fr/","name":"Rimadesio","description":"Rimadesio official website","publisher":{"@id":"https://www.rimadesio.it/fr/#organization"},"potentialAction":[{"@type":"SearchAction","target":{"@type":"EntryPoint","urlTemplate":"https://www.rimadesio.it/fr/?s={search_term_string}"},"query-input":"required name=search_term_string"}],"inLanguage":"fr-FR"},{"@type":"Organization","@id":"https://www.rimadesio.it/fr/#organization","name":"Rimadesio","url":"https://www.rimadesio.it/fr/","logo":{"@type":"ImageObject","inLanguage":"fr-FR","@id":"https://www.rimadesio.it/fr/#/schema/logo/image/","url":"https://static.rimadesio.it/media/2021/08/Logo.png","contentUrl":"https://static.rimadesio.it/media/2021/08/Logo.png","width":102,"height":18,"caption":"Rimadesio"},"image":{"@id":"https://www.rimadesio.it/fr/#/schema/logo/image/"}}]}</script>
<!-- / Yoast SEO plugin. -->

Les nouveaux verres fibra, caractérisés par un maillage de fils métalliques qui créé une trame géométrique en trois dimensions entrent officiellement en

Matériaux
