{"id":151825,"date":"2022-01-11T19:09:46","date_gmt":"2022-01-11T18:09:46","guid":{"rendered":"https:\/\/www.rimadesio.it\/journal\/self-plan-avantpremiere-collection-2021\/"},"modified":"2022-03-24T12:30:21","modified_gmt":"2022-03-24T11:30:21","slug":"self-plan-avantpremiere-collection-2021","status":"publish","type":"journal","link":"https:\/\/www.rimadesio.it\/fr\/journal\/self-plan-avantpremiere-collection-2021\/","title":{"rendered":"Self Plan, avant-premi\u00e8re collection 2021"},"content":{"rendered":"<p>Avec l&#8217;introduction des \u00e9l\u00e9ments Plan, la flexibilit\u00e9 de conception du syst\u00e8me Self s&#8217;enrichit de nouvelles solutions  living et bureau.<\/p>\n","protected":false},"featured_media":0,"template":"","journal_category":[306],"acf":[],"yoast_head":"<!-- This site is optimized with the Yoast SEO plugin v20.4 - https:\/\/yoast.com\/wordpress\/plugins\/seo\/ -->\n<title>Self Plan, avant-premi\u00e8re collection 2021 - Rimadesio<\/title>\n<meta name=\"description\" content=\"Avec l&#039;introduction des \u00e9l\u00e9ments Plan, la flexibilit\u00e9 de conception du syst\u00e8me Self s&#039;enrichit de nouvelles solutions living et bureau.\" \/>\n<meta name=\"robots\" content=\"index, follow, max-snippet:-1, max-image-preview:large, max-video-preview:-1\" \/>\n<link rel=\"canonical\" href=\"https:\/\/www.rimadesio.it\/fr\/journal\/self-plan-avantpremiere-collection-2021\/\" \/>\n<meta property=\"og:locale\" content=\"fr_FR\" \/>\n<meta property=\"og:type\" content=\"article\" \/>\n<meta property=\"og:title\" content=\"Self Plan, avant-premi\u00e8re collection 2021 - Rimadesio\" \/>\n<meta property=\"og:description\" content=\"Avec l&#039;introduction des \u00e9l\u00e9ments Plan, la flexibilit\u00e9 de conception du syst\u00e8me Self s&#039;enrichit de nouvelles solutions living et bureau.\" \/>\n<meta property=\"og:url\" content=\"https:\/\/www.rimadesio.it\/fr\/journal\/self-plan-avantpremiere-collection-2021\/\" \/>\n<meta property=\"og:site_name\" content=\"Rimadesio\" \/>\n<meta property=\"article:modified_time\" content=\"2022-03-24T11:30:21+00:00\" \/>\n<meta name=\"twitter:card\" content=\"summary_large_image\" \/>\n<script type=\"application\/ld+json\" class=\"yoast-schema-graph\">{\"@context\":\"https:\/\/schema.org\",\"@graph\":[{\"@type\":\"WebPage\",\"@id\":\"https:\/\/www.rimadesio.it\/fr\/journal\/self-plan-avantpremiere-collection-2021\/\",\"url\":\"https:\/\/www.rimadesio.it\/fr\/journal\/self-plan-avantpremiere-collection-2021\/\",\"name\":\"Self Plan, avant-premi\u00e8re collection 2021 - Rimadesio\",\"isPartOf\":{\"@id\":\"https:\/\/www.rimadesio.it\/fr\/#website\"},\"datePublished\":\"2022-01-11T18:09:46+00:00\",\"dateModified\":\"2022-03-24T11:30:21+00:00\",\"description\":\"Avec l'introduction des \u00e9l\u00e9ments Plan, la flexibilit\u00e9 de conception du syst\u00e8me Self s'enrichit de nouvelles solutions living et bureau.\",\"breadcrumb\":{\"@id\":\"https:\/\/www.rimadesio.it\/fr\/journal\/self-plan-avantpremiere-collection-2021\/#breadcrumb\"},\"inLanguage\":\"fr-FR\",\"potentialAction\":[{\"@type\":\"ReadAction\",\"target\":[\"https:\/\/www.rimadesio.it\/fr\/journal\/self-plan-avantpremiere-collection-2021\/\"]}]},{\"@type\":\"BreadcrumbList\",\"@id\":\"https:\/\/www.rimadesio.it\/fr\/journal\/self-plan-avantpremiere-collection-2021\/#breadcrumb\",\"itemListElement\":[{\"@type\":\"ListItem\",\"position\":1,\"name\":\"Homepage\",\"item\":\"https:\/\/www.rimadesio.it\/fr\/\"},{\"@type\":\"ListItem\",\"position\":2,\"name\":\"Design\",\"item\":\"https:\/\/www.rimadesio.it\/fr\/journal-category\/design-fr\/\"},{\"@type\":\"ListItem\",\"position\":3,\"name\":\"Self Plan, avant-premi\u00e8re collection 2021\"}]},{\"@type\":\"WebSite\",\"@id\":\"https:\/\/www.rimadesio.it\/fr\/#website\",\"url\":\"https:\/\/www.rimadesio.it\/fr\/\",\"name\":\"Rimadesio\",\"description\":\"Rimadesio official website\",\"publisher\":{\"@id\":\"https:\/\/www.rimadesio.it\/fr\/#organization\"},\"potentialAction\":[{\"@type\":\"SearchAction\",\"target\":{\"@type\":\"EntryPoint\",\"urlTemplate\":\"https:\/\/www.rimadesio.it\/fr\/?s={search_term_string}\"},\"query-input\":\"required name=search_term_string\"}],\"inLanguage\":\"fr-FR\"},{\"@type\":\"Organization\",\"@id\":\"https:\/\/www.rimadesio.it\/fr\/#organization\",\"name\":\"Rimadesio\",\"url\":\"https:\/\/www.rimadesio.it\/fr\/\",\"logo\":{\"@type\":\"ImageObject\",\"inLanguage\":\"fr-FR\",\"@id\":\"https:\/\/www.rimadesio.it\/fr\/#\/schema\/logo\/image\/\",\"url\":\"https:\/\/static.rimadesio.it\/media\/2021\/08\/Logo.png\",\"contentUrl\":\"https:\/\/static.rimadesio.it\/media\/2021\/08\/Logo.png\",\"width\":102,\"height\":18,\"caption\":\"Rimadesio\"},\"image\":{\"@id\":\"https:\/\/www.rimadesio.it\/fr\/#\/schema\/logo\/image\/\"}}]}<\/script>\n<!-- \/ Yoast SEO plugin. -->","yoast_head_json":{"title":"Self Plan, avant-premi\u00e8re collection 2021 - Rimadesio","description":"Avec l'introduction des \u00e9l\u00e9ments Plan, la flexibilit\u00e9 de conception du syst\u00e8me Self s'enrichit de nouvelles solutions living et bureau.","robots":{"index":"index","follow":"follow","max-snippet":"max-snippet:-1","max-image-preview":"max-image-preview:large","max-video-preview":"max-video-preview:-1"},"canonical":"https:\/\/www.rimadesio.it\/fr\/journal\/self-plan-avantpremiere-collection-2021\/","og_locale":"fr_FR","og_type":"article","og_title":"Self Plan, avant-premi\u00e8re collection 2021 - Rimadesio","og_description":"Avec l'introduction des \u00e9l\u00e9ments Plan, la flexibilit\u00e9 de conception du syst\u00e8me Self s'enrichit de nouvelles solutions living et bureau.","og_url":"https:\/\/www.rimadesio.it\/fr\/journal\/self-plan-avantpremiere-collection-2021\/","og_site_name":"Rimadesio","article_modified_time":"2022-03-24T11:30:21+00:00","twitter_card":"summary_large_image","schema":{"@context":"https:\/\/schema.org","@graph":[{"@type":"WebPage","@id":"https:\/\/www.rimadesio.it\/fr\/journal\/self-plan-avantpremiere-collection-2021\/","url":"https:\/\/www.rimadesio.it\/fr\/journal\/self-plan-avantpremiere-collection-2021\/","name":"Self Plan, avant-premi\u00e8re collection 2021 - Rimadesio","isPartOf":{"@id":"https:\/\/www.rimadesio.it\/fr\/#website"},"datePublished":"2022-01-11T18:09:46+00:00","dateModified":"2022-03-24T11:30:21+00:00","description":"Avec l'introduction des \u00e9l\u00e9ments Plan, la flexibilit\u00e9 de conception du syst\u00e8me Self s'enrichit de nouvelles solutions living et bureau.","breadcrumb":{"@id":"https:\/\/www.rimadesio.it\/fr\/journal\/self-plan-avantpremiere-collection-2021\/#breadcrumb"},"inLanguage":"fr-FR","potentialAction":[{"@type":"ReadAction","target":["https:\/\/www.rimadesio.it\/fr\/journal\/self-plan-avantpremiere-collection-2021\/"]}]},{"@type":"BreadcrumbList","@id":"https:\/\/www.rimadesio.it\/fr\/journal\/self-plan-avantpremiere-collection-2021\/#breadcrumb","itemListElement":[{"@type":"ListItem","position":1,"name":"Homepage","item":"https:\/\/www.rimadesio.it\/fr\/"},{"@type":"ListItem","position":2,"name":"Design","item":"https:\/\/www.rimadesio.it\/fr\/journal-category\/design-fr\/"},{"@type":"ListItem","position":3,"name":"Self Plan, avant-premi\u00e8re collection 2021"}]},{"@type":"WebSite","@id":"https:\/\/www.rimadesio.it\/fr\/#website","url":"https:\/\/www.rimadesio.it\/fr\/","name":"Rimadesio","description":"Rimadesio official website","publisher":{"@id":"https:\/\/www.rimadesio.it\/fr\/#organization"},"potentialAction":[{"@type":"SearchAction","target":{"@type":"EntryPoint","urlTemplate":"https:\/\/www.rimadesio.it\/fr\/?s={search_term_string}"},"query-input":"required name=search_term_string"}],"inLanguage":"fr-FR"},{"@type":"Organization","@id":"https:\/\/www.rimadesio.it\/fr\/#organization","name":"Rimadesio","url":"https:\/\/www.rimadesio.it\/fr\/","logo":{"@type":"ImageObject","inLanguage":"fr-FR","@id":"https:\/\/www.rimadesio.it\/fr\/#\/schema\/logo\/image\/","url":"https:\/\/static.rimadesio.it\/media\/2021\/08\/Logo.png","contentUrl":"https:\/\/static.rimadesio.it\/media\/2021\/08\/Logo.png","width":102,"height":18,"caption":"Rimadesio"},"image":{"@id":"https:\/\/www.rimadesio.it\/fr\/#\/schema\/logo\/image\/"}}]}},"_links":{"self":[{"href":"https:\/\/www.rimadesio.it\/fr\/wp-json\/wp\/v2\/journal\/151825"}],"collection":[{"href":"https:\/\/www.rimadesio.it\/fr\/wp-json\/wp\/v2\/journal"}],"about":[{"href":"https:\/\/www.rimadesio.it\/fr\/wp-json\/wp\/v2\/types\/journal"}],"wp:attachment":[{"href":"https:\/\/www.rimadesio.it\/fr\/wp-json\/wp\/v2\/media?parent=151825"}],"wp:term":[{"taxonomy":"journal_category","embeddable":true,"href":"https:\/\/www.rimadesio.it\/fr\/wp-json\/wp\/v2\/journal_category?post=151825"}],"curies":[{"name":"wp","href":"https:\/\/api.w.org\/{rel}","templated":true}]}}

Self Plan, avant-première collection 2021

<p>Avec l&#8217;introduction des éléments Plan, la flexibilité de conception du système Self s&#8217;enrichit de nouvelles solutions  living et bureau.</p>

<!-- This site is optimized with the Yoast SEO plugin v20.4 - https://yoast.com/wordpress/plugins/seo/ -->
<title>Self Plan, avant-première collection 2021 - Rimadesio</title>
<meta name="description" content="Avec l&#039;introduction des éléments Plan, la flexibilité de conception du système Self s&#039;enrichit de nouvelles solutions living et bureau." />
<meta name="robots" content="index, follow, max-snippet:-1, max-image-preview:large, max-video-preview:-1" />
<link rel="canonical" href="https://www.rimadesio.it/fr/journal/self-plan-avantpremiere-collection-2021/" />
<meta property="og:locale" content="fr_FR" />
<meta property="og:type" content="article" />
<meta property="og:title" content="Self Plan, avant-première collection 2021 - Rimadesio" />
<meta property="og:description" content="Avec l&#039;introduction des éléments Plan, la flexibilité de conception du système Self s&#039;enrichit de nouvelles solutions living et bureau." />
<meta property="og:url" content="https://www.rimadesio.it/fr/journal/self-plan-avantpremiere-collection-2021/" />
<meta property="og:site_name" content="Rimadesio" />
<meta property="article:modified_time" content="2022-03-24T11:30:21+00:00" />
<meta name="twitter:card" content="summary_large_image" />
<script type="application/ld+json" class="yoast-schema-graph">{"@context":"https://schema.org","@graph":[{"@type":"WebPage","@id":"https://www.rimadesio.it/fr/journal/self-plan-avantpremiere-collection-2021/","url":"https://www.rimadesio.it/fr/journal/self-plan-avantpremiere-collection-2021/","name":"Self Plan, avant-première collection 2021 - Rimadesio","isPartOf":{"@id":"https://www.rimadesio.it/fr/#website"},"datePublished":"2022-01-11T18:09:46+00:00","dateModified":"2022-03-24T11:30:21+00:00","description":"Avec l'introduction des éléments Plan, la flexibilité de conception du système Self s'enrichit de nouvelles solutions living et bureau.","breadcrumb":{"@id":"https://www.rimadesio.it/fr/journal/self-plan-avantpremiere-collection-2021/#breadcrumb"},"inLanguage":"fr-FR","potentialAction":[{"@type":"ReadAction","target":["https://www.rimadesio.it/fr/journal/self-plan-avantpremiere-collection-2021/"]}]},{"@type":"BreadcrumbList","@id":"https://www.rimadesio.it/fr/journal/self-plan-avantpremiere-collection-2021/#breadcrumb","itemListElement":[{"@type":"ListItem","position":1,"name":"Homepage","item":"https://www.rimadesio.it/fr/"},{"@type":"ListItem","position":2,"name":"Design","item":"https://www.rimadesio.it/fr/journal-category/design-fr/"},{"@type":"ListItem","position":3,"name":"Self Plan, avant-première collection 2021"}]},{"@type":"WebSite","@id":"https://www.rimadesio.it/fr/#website","url":"https://www.rimadesio.it/fr/","name":"Rimadesio","description":"Rimadesio official website","publisher":{"@id":"https://www.rimadesio.it/fr/#organization"},"potentialAction":[{"@type":"SearchAction","target":{"@type":"EntryPoint","urlTemplate":"https://www.rimadesio.it/fr/?s={search_term_string}"},"query-input":"required name=search_term_string"}],"inLanguage":"fr-FR"},{"@type":"Organization","@id":"https://www.rimadesio.it/fr/#organization","name":"Rimadesio","url":"https://www.rimadesio.it/fr/","logo":{"@type":"ImageObject","inLanguage":"fr-FR","@id":"https://www.rimadesio.it/fr/#/schema/logo/image/","url":"https://static.rimadesio.it/media/2021/08/Logo.png","contentUrl":"https://static.rimadesio.it/media/2021/08/Logo.png","width":102,"height":18,"caption":"Rimadesio"},"image":{"@id":"https://www.rimadesio.it/fr/#/schema/logo/image/"}}]}</script>
<!-- / Yoast SEO plugin. -->

Self Plan, avant-première collection 2021 - Rimadesio

Avec l'introduction des éléments Plan, la flexibilité de conception du système Self s'enrichit de nouvelles solutions living et bureau.
