{"id":146024,"date":"2021-12-31T16:18:23","date_gmt":"2021-12-31T15:18:23","guid":{"rendered":"https:\/\/www.rimadesio.it\/journal\/nuova-finitura-vetro-diamante-2\/"},"modified":"2022-03-24T12:26:25","modified_gmt":"2022-03-24T11:26:25","slug":"nuova-finitura-vetro-diamante-2","status":"publish","type":"journal","link":"https:\/\/www.rimadesio.it\/fr\/journal\/nuova-finitura-vetro-diamante-2\/","title":{"rendered":"Nouvelle finition :verre diamante"},"content":{"rendered":"<p>La collection des verres Rimadesio s&#8217;enrichit. La nouvelle finition en verre diamante, pr\u00e9vue en<br \/>\n7 tonalit\u00e9s m\u00e9tallis\u00e9es, est caract\u00e9ris\u00e9e par une texture finement pointill\u00e9e.<\/p>\n","protected":false},"featured_media":0,"template":"","journal_category":[397],"acf":[],"yoast_head":"<!-- This site is optimized with the Yoast SEO plugin v20.4 - https:\/\/yoast.com\/wordpress\/plugins\/seo\/ -->\n<title>Nouvelle finition :verre diamante - Rimadesio<\/title>\n<meta name=\"description\" content=\"La collection des verres Rimadesio s&#039;enrichit. La nouvelle finition en verre diamante, pr\u00e9vue en 7 tonalit\u00e9s m\u00e9tallis\u00e9es, est caract\u00e9ris\u00e9e par une texture\" \/>\n<meta name=\"robots\" content=\"index, follow, max-snippet:-1, max-image-preview:large, max-video-preview:-1\" \/>\n<link rel=\"canonical\" href=\"https:\/\/www.rimadesio.it\/fr\/journal\/nuova-finitura-vetro-diamante-2\/\" \/>\n<meta property=\"og:locale\" content=\"fr_FR\" \/>\n<meta property=\"og:type\" content=\"article\" \/>\n<meta property=\"og:title\" content=\"Nouvelle finition :verre diamante - Rimadesio\" \/>\n<meta property=\"og:description\" content=\"La collection des verres Rimadesio s&#039;enrichit. La nouvelle finition en verre diamante, pr\u00e9vue en 7 tonalit\u00e9s m\u00e9tallis\u00e9es, est caract\u00e9ris\u00e9e par une texture\" \/>\n<meta property=\"og:url\" content=\"https:\/\/www.rimadesio.it\/fr\/journal\/nuova-finitura-vetro-diamante-2\/\" \/>\n<meta property=\"og:site_name\" content=\"Rimadesio\" \/>\n<meta property=\"article:modified_time\" content=\"2022-03-24T11:26:25+00:00\" \/>\n<meta name=\"twitter:card\" content=\"summary_large_image\" \/>\n<script type=\"application\/ld+json\" class=\"yoast-schema-graph\">{\"@context\":\"https:\/\/schema.org\",\"@graph\":[{\"@type\":\"WebPage\",\"@id\":\"https:\/\/www.rimadesio.it\/fr\/journal\/nuova-finitura-vetro-diamante-2\/\",\"url\":\"https:\/\/www.rimadesio.it\/fr\/journal\/nuova-finitura-vetro-diamante-2\/\",\"name\":\"Nouvelle finition :verre diamante - Rimadesio\",\"isPartOf\":{\"@id\":\"https:\/\/www.rimadesio.it\/fr\/#website\"},\"datePublished\":\"2021-12-31T15:18:23+00:00\",\"dateModified\":\"2022-03-24T11:26:25+00:00\",\"description\":\"La collection des verres Rimadesio s'enrichit. La nouvelle finition en verre diamante, pr\u00e9vue en 7 tonalit\u00e9s m\u00e9tallis\u00e9es, est caract\u00e9ris\u00e9e par une texture\",\"breadcrumb\":{\"@id\":\"https:\/\/www.rimadesio.it\/fr\/journal\/nuova-finitura-vetro-diamante-2\/#breadcrumb\"},\"inLanguage\":\"fr-FR\",\"potentialAction\":[{\"@type\":\"ReadAction\",\"target\":[\"https:\/\/www.rimadesio.it\/fr\/journal\/nuova-finitura-vetro-diamante-2\/\"]}]},{\"@type\":\"BreadcrumbList\",\"@id\":\"https:\/\/www.rimadesio.it\/fr\/journal\/nuova-finitura-vetro-diamante-2\/#breadcrumb\",\"itemListElement\":[{\"@type\":\"ListItem\",\"position\":1,\"name\":\"Homepage\",\"item\":\"https:\/\/www.rimadesio.it\/fr\/\"},{\"@type\":\"ListItem\",\"position\":2,\"name\":\"Mat\u00e9riaux\",\"item\":\"https:\/\/www.rimadesio.it\/fr\/journal-category\/materiaux\/\"},{\"@type\":\"ListItem\",\"position\":3,\"name\":\"Nouvelle finition :verre diamante\"}]},{\"@type\":\"WebSite\",\"@id\":\"https:\/\/www.rimadesio.it\/fr\/#website\",\"url\":\"https:\/\/www.rimadesio.it\/fr\/\",\"name\":\"Rimadesio\",\"description\":\"Rimadesio official website\",\"publisher\":{\"@id\":\"https:\/\/www.rimadesio.it\/fr\/#organization\"},\"potentialAction\":[{\"@type\":\"SearchAction\",\"target\":{\"@type\":\"EntryPoint\",\"urlTemplate\":\"https:\/\/www.rimadesio.it\/fr\/?s={search_term_string}\"},\"query-input\":\"required name=search_term_string\"}],\"inLanguage\":\"fr-FR\"},{\"@type\":\"Organization\",\"@id\":\"https:\/\/www.rimadesio.it\/fr\/#organization\",\"name\":\"Rimadesio\",\"url\":\"https:\/\/www.rimadesio.it\/fr\/\",\"logo\":{\"@type\":\"ImageObject\",\"inLanguage\":\"fr-FR\",\"@id\":\"https:\/\/www.rimadesio.it\/fr\/#\/schema\/logo\/image\/\",\"url\":\"https:\/\/static.rimadesio.it\/media\/2021\/08\/Logo.png\",\"contentUrl\":\"https:\/\/static.rimadesio.it\/media\/2021\/08\/Logo.png\",\"width\":102,\"height\":18,\"caption\":\"Rimadesio\"},\"image\":{\"@id\":\"https:\/\/www.rimadesio.it\/fr\/#\/schema\/logo\/image\/\"}}]}<\/script>\n<!-- \/ Yoast SEO plugin. -->","yoast_head_json":{"title":"Nouvelle finition :verre diamante - Rimadesio","description":"La collection des verres Rimadesio s'enrichit. La nouvelle finition en verre diamante, pr\u00e9vue en 7 tonalit\u00e9s m\u00e9tallis\u00e9es, est caract\u00e9ris\u00e9e par une texture","robots":{"index":"index","follow":"follow","max-snippet":"max-snippet:-1","max-image-preview":"max-image-preview:large","max-video-preview":"max-video-preview:-1"},"canonical":"https:\/\/www.rimadesio.it\/fr\/journal\/nuova-finitura-vetro-diamante-2\/","og_locale":"fr_FR","og_type":"article","og_title":"Nouvelle finition :verre diamante - Rimadesio","og_description":"La collection des verres Rimadesio s'enrichit. La nouvelle finition en verre diamante, pr\u00e9vue en 7 tonalit\u00e9s m\u00e9tallis\u00e9es, est caract\u00e9ris\u00e9e par une texture","og_url":"https:\/\/www.rimadesio.it\/fr\/journal\/nuova-finitura-vetro-diamante-2\/","og_site_name":"Rimadesio","article_modified_time":"2022-03-24T11:26:25+00:00","twitter_card":"summary_large_image","schema":{"@context":"https:\/\/schema.org","@graph":[{"@type":"WebPage","@id":"https:\/\/www.rimadesio.it\/fr\/journal\/nuova-finitura-vetro-diamante-2\/","url":"https:\/\/www.rimadesio.it\/fr\/journal\/nuova-finitura-vetro-diamante-2\/","name":"Nouvelle finition :verre diamante - Rimadesio","isPartOf":{"@id":"https:\/\/www.rimadesio.it\/fr\/#website"},"datePublished":"2021-12-31T15:18:23+00:00","dateModified":"2022-03-24T11:26:25+00:00","description":"La collection des verres Rimadesio s'enrichit. La nouvelle finition en verre diamante, pr\u00e9vue en 7 tonalit\u00e9s m\u00e9tallis\u00e9es, est caract\u00e9ris\u00e9e par une texture","breadcrumb":{"@id":"https:\/\/www.rimadesio.it\/fr\/journal\/nuova-finitura-vetro-diamante-2\/#breadcrumb"},"inLanguage":"fr-FR","potentialAction":[{"@type":"ReadAction","target":["https:\/\/www.rimadesio.it\/fr\/journal\/nuova-finitura-vetro-diamante-2\/"]}]},{"@type":"BreadcrumbList","@id":"https:\/\/www.rimadesio.it\/fr\/journal\/nuova-finitura-vetro-diamante-2\/#breadcrumb","itemListElement":[{"@type":"ListItem","position":1,"name":"Homepage","item":"https:\/\/www.rimadesio.it\/fr\/"},{"@type":"ListItem","position":2,"name":"Mat\u00e9riaux","item":"https:\/\/www.rimadesio.it\/fr\/journal-category\/materiaux\/"},{"@type":"ListItem","position":3,"name":"Nouvelle finition :verre diamante"}]},{"@type":"WebSite","@id":"https:\/\/www.rimadesio.it\/fr\/#website","url":"https:\/\/www.rimadesio.it\/fr\/","name":"Rimadesio","description":"Rimadesio official website","publisher":{"@id":"https:\/\/www.rimadesio.it\/fr\/#organization"},"potentialAction":[{"@type":"SearchAction","target":{"@type":"EntryPoint","urlTemplate":"https:\/\/www.rimadesio.it\/fr\/?s={search_term_string}"},"query-input":"required name=search_term_string"}],"inLanguage":"fr-FR"},{"@type":"Organization","@id":"https:\/\/www.rimadesio.it\/fr\/#organization","name":"Rimadesio","url":"https:\/\/www.rimadesio.it\/fr\/","logo":{"@type":"ImageObject","inLanguage":"fr-FR","@id":"https:\/\/www.rimadesio.it\/fr\/#\/schema\/logo\/image\/","url":"https:\/\/static.rimadesio.it\/media\/2021\/08\/Logo.png","contentUrl":"https:\/\/static.rimadesio.it\/media\/2021\/08\/Logo.png","width":102,"height":18,"caption":"Rimadesio"},"image":{"@id":"https:\/\/www.rimadesio.it\/fr\/#\/schema\/logo\/image\/"}}]}},"_links":{"self":[{"href":"https:\/\/www.rimadesio.it\/fr\/wp-json\/wp\/v2\/journal\/146024"}],"collection":[{"href":"https:\/\/www.rimadesio.it\/fr\/wp-json\/wp\/v2\/journal"}],"about":[{"href":"https:\/\/www.rimadesio.it\/fr\/wp-json\/wp\/v2\/types\/journal"}],"wp:attachment":[{"href":"https:\/\/www.rimadesio.it\/fr\/wp-json\/wp\/v2\/media?parent=146024"}],"wp:term":[{"taxonomy":"journal_category","embeddable":true,"href":"https:\/\/www.rimadesio.it\/fr\/wp-json\/wp\/v2\/journal_category?post=146024"}],"curies":[{"name":"wp","href":"https:\/\/api.w.org\/{rel}","templated":true}]}}

<p>La collection des verres Rimadesio s&#8217;enrichit. La nouvelle finition en verre diamante, prévue en<br />
7 tonalités métallisées, est caractérisée par une texture finement pointillée.</p>

<!-- This site is optimized with the Yoast SEO plugin v20.4 - https://yoast.com/wordpress/plugins/seo/ -->
<title>Nouvelle finition :verre diamante - Rimadesio</title>
<meta name="description" content="La collection des verres Rimadesio s&#039;enrichit. La nouvelle finition en verre diamante, prévue en 7 tonalités métallisées, est caractérisée par une texture" />
<meta name="robots" content="index, follow, max-snippet:-1, max-image-preview:large, max-video-preview:-1" />
<link rel="canonical" href="https://www.rimadesio.it/fr/journal/nuova-finitura-vetro-diamante-2/" />
<meta property="og:locale" content="fr_FR" />
<meta property="og:type" content="article" />
<meta property="og:title" content="Nouvelle finition :verre diamante - Rimadesio" />
<meta property="og:description" content="La collection des verres Rimadesio s&#039;enrichit. La nouvelle finition en verre diamante, prévue en 7 tonalités métallisées, est caractérisée par une texture" />
<meta property="og:url" content="https://www.rimadesio.it/fr/journal/nuova-finitura-vetro-diamante-2/" />
<meta property="og:site_name" content="Rimadesio" />
<meta property="article:modified_time" content="2022-03-24T11:26:25+00:00" />
<meta name="twitter:card" content="summary_large_image" />
<script type="application/ld+json" class="yoast-schema-graph">{"@context":"https://schema.org","@graph":[{"@type":"WebPage","@id":"https://www.rimadesio.it/fr/journal/nuova-finitura-vetro-diamante-2/","url":"https://www.rimadesio.it/fr/journal/nuova-finitura-vetro-diamante-2/","name":"Nouvelle finition :verre diamante - Rimadesio","isPartOf":{"@id":"https://www.rimadesio.it/fr/#website"},"datePublished":"2021-12-31T15:18:23+00:00","dateModified":"2022-03-24T11:26:25+00:00","description":"La collection des verres Rimadesio s'enrichit. La nouvelle finition en verre diamante, prévue en 7 tonalités métallisées, est caractérisée par une texture","breadcrumb":{"@id":"https://www.rimadesio.it/fr/journal/nuova-finitura-vetro-diamante-2/#breadcrumb"},"inLanguage":"fr-FR","potentialAction":[{"@type":"ReadAction","target":["https://www.rimadesio.it/fr/journal/nuova-finitura-vetro-diamante-2/"]}]},{"@type":"BreadcrumbList","@id":"https://www.rimadesio.it/fr/journal/nuova-finitura-vetro-diamante-2/#breadcrumb","itemListElement":[{"@type":"ListItem","position":1,"name":"Homepage","item":"https://www.rimadesio.it/fr/"},{"@type":"ListItem","position":2,"name":"Matériaux","item":"https://www.rimadesio.it/fr/journal-category/materiaux/"},{"@type":"ListItem","position":3,"name":"Nouvelle finition :verre diamante"}]},{"@type":"WebSite","@id":"https://www.rimadesio.it/fr/#website","url":"https://www.rimadesio.it/fr/","name":"Rimadesio","description":"Rimadesio official website","publisher":{"@id":"https://www.rimadesio.it/fr/#organization"},"potentialAction":[{"@type":"SearchAction","target":{"@type":"EntryPoint","urlTemplate":"https://www.rimadesio.it/fr/?s={search_term_string}"},"query-input":"required name=search_term_string"}],"inLanguage":"fr-FR"},{"@type":"Organization","@id":"https://www.rimadesio.it/fr/#organization","name":"Rimadesio","url":"https://www.rimadesio.it/fr/","logo":{"@type":"ImageObject","inLanguage":"fr-FR","@id":"https://www.rimadesio.it/fr/#/schema/logo/image/","url":"https://static.rimadesio.it/media/2021/08/Logo.png","contentUrl":"https://static.rimadesio.it/media/2021/08/Logo.png","width":102,"height":18,"caption":"Rimadesio"},"image":{"@id":"https://www.rimadesio.it/fr/#/schema/logo/image/"}}]}</script>
<!-- / Yoast SEO plugin. -->

La collection des verres Rimadesio s'enrichit. La nouvelle finition en verre diamante, prévue en 7 tonalités métallisées, est caractérisée par une texture

Matériaux
