{"id":143358,"date":"2021-12-19T18:35:08","date_gmt":"2021-12-19T17:35:08","guid":{"rendered":"https:\/\/www.rimadesio.it\/journal\/milano-design-week-2021-2\/"},"modified":"2022-03-24T12:42:46","modified_gmt":"2022-03-24T11:42:46","slug":"milano-design-week-2021-2","status":"publish","type":"journal","link":"https:\/\/www.rimadesio.it\/fr\/journal\/milano-design-week-2021-2\/","title":{"rendered":"Milano Design Week 2021"},"content":{"rendered":"<p>En plus de l&#8217;inauguration de l&#8217;exposition \u00a0Stories and Matters the exhibition, Rimadesio ha pr\u00e9sent\u00e9 au public la nouvelle collection sign\u00e9e par Giuseppe Bavuso.<\/p>\n","protected":false},"featured_media":0,"template":"","journal_category":[377],"acf":[],"yoast_head":"<!-- This site is optimized with the Yoast SEO plugin v20.4 - https:\/\/yoast.com\/wordpress\/plugins\/seo\/ -->\n<title>Milano Design Week 2021 - Rimadesio<\/title>\n<meta name=\"description\" content=\"En plus de l&#039;inauguration de l&#039;exposition \u00a0Stories and Matters the exhibition, Rimadesio ha pr\u00e9sent\u00e9 au public la nouvelle collection sign\u00e9e par Giuseppe\" \/>\n<meta name=\"robots\" content=\"index, follow, max-snippet:-1, max-image-preview:large, max-video-preview:-1\" \/>\n<link rel=\"canonical\" href=\"https:\/\/www.rimadesio.it\/fr\/journal\/milano-design-week-2021-2\/\" \/>\n<meta property=\"og:locale\" content=\"fr_FR\" \/>\n<meta property=\"og:type\" content=\"article\" \/>\n<meta property=\"og:title\" content=\"Milano Design Week 2021 - Rimadesio\" \/>\n<meta property=\"og:description\" content=\"En plus de l&#039;inauguration de l&#039;exposition \u00a0Stories and Matters the exhibition, Rimadesio ha pr\u00e9sent\u00e9 au public la nouvelle collection sign\u00e9e par Giuseppe\" \/>\n<meta property=\"og:url\" content=\"https:\/\/www.rimadesio.it\/fr\/journal\/milano-design-week-2021-2\/\" \/>\n<meta property=\"og:site_name\" content=\"Rimadesio\" \/>\n<meta property=\"article:modified_time\" content=\"2022-03-24T11:42:46+00:00\" \/>\n<meta name=\"twitter:card\" content=\"summary_large_image\" \/>\n<script type=\"application\/ld+json\" class=\"yoast-schema-graph\">{\"@context\":\"https:\/\/schema.org\",\"@graph\":[{\"@type\":\"WebPage\",\"@id\":\"https:\/\/www.rimadesio.it\/fr\/journal\/milano-design-week-2021-2\/\",\"url\":\"https:\/\/www.rimadesio.it\/fr\/journal\/milano-design-week-2021-2\/\",\"name\":\"Milano Design Week 2021 - Rimadesio\",\"isPartOf\":{\"@id\":\"https:\/\/www.rimadesio.it\/fr\/#website\"},\"datePublished\":\"2021-12-19T17:35:08+00:00\",\"dateModified\":\"2022-03-24T11:42:46+00:00\",\"description\":\"En plus de l'inauguration de l'exposition \u00a0Stories and Matters the exhibition, Rimadesio ha pr\u00e9sent\u00e9 au public la nouvelle collection sign\u00e9e par Giuseppe\",\"breadcrumb\":{\"@id\":\"https:\/\/www.rimadesio.it\/fr\/journal\/milano-design-week-2021-2\/#breadcrumb\"},\"inLanguage\":\"fr-FR\",\"potentialAction\":[{\"@type\":\"ReadAction\",\"target\":[\"https:\/\/www.rimadesio.it\/fr\/journal\/milano-design-week-2021-2\/\"]}]},{\"@type\":\"BreadcrumbList\",\"@id\":\"https:\/\/www.rimadesio.it\/fr\/journal\/milano-design-week-2021-2\/#breadcrumb\",\"itemListElement\":[{\"@type\":\"ListItem\",\"position\":1,\"name\":\"Homepage\",\"item\":\"https:\/\/www.rimadesio.it\/fr\/\"},{\"@type\":\"ListItem\",\"position\":2,\"name\":\"\u00c9v\u00e9nements\",\"item\":\"https:\/\/www.rimadesio.it\/fr\/journal-category\/evenements\/\"},{\"@type\":\"ListItem\",\"position\":3,\"name\":\"Milano Design Week 2021\"}]},{\"@type\":\"WebSite\",\"@id\":\"https:\/\/www.rimadesio.it\/fr\/#website\",\"url\":\"https:\/\/www.rimadesio.it\/fr\/\",\"name\":\"Rimadesio\",\"description\":\"Rimadesio official website\",\"publisher\":{\"@id\":\"https:\/\/www.rimadesio.it\/fr\/#organization\"},\"potentialAction\":[{\"@type\":\"SearchAction\",\"target\":{\"@type\":\"EntryPoint\",\"urlTemplate\":\"https:\/\/www.rimadesio.it\/fr\/?s={search_term_string}\"},\"query-input\":\"required name=search_term_string\"}],\"inLanguage\":\"fr-FR\"},{\"@type\":\"Organization\",\"@id\":\"https:\/\/www.rimadesio.it\/fr\/#organization\",\"name\":\"Rimadesio\",\"url\":\"https:\/\/www.rimadesio.it\/fr\/\",\"logo\":{\"@type\":\"ImageObject\",\"inLanguage\":\"fr-FR\",\"@id\":\"https:\/\/www.rimadesio.it\/fr\/#\/schema\/logo\/image\/\",\"url\":\"https:\/\/static.rimadesio.it\/media\/2021\/08\/Logo.png\",\"contentUrl\":\"https:\/\/static.rimadesio.it\/media\/2021\/08\/Logo.png\",\"width\":102,\"height\":18,\"caption\":\"Rimadesio\"},\"image\":{\"@id\":\"https:\/\/www.rimadesio.it\/fr\/#\/schema\/logo\/image\/\"}}]}<\/script>\n<!-- \/ Yoast SEO plugin. -->","yoast_head_json":{"title":"Milano Design Week 2021 - Rimadesio","description":"En plus de l'inauguration de l'exposition \u00a0Stories and Matters the exhibition, Rimadesio ha pr\u00e9sent\u00e9 au public la nouvelle collection sign\u00e9e par Giuseppe","robots":{"index":"index","follow":"follow","max-snippet":"max-snippet:-1","max-image-preview":"max-image-preview:large","max-video-preview":"max-video-preview:-1"},"canonical":"https:\/\/www.rimadesio.it\/fr\/journal\/milano-design-week-2021-2\/","og_locale":"fr_FR","og_type":"article","og_title":"Milano Design Week 2021 - Rimadesio","og_description":"En plus de l'inauguration de l'exposition \u00a0Stories and Matters the exhibition, Rimadesio ha pr\u00e9sent\u00e9 au public la nouvelle collection sign\u00e9e par Giuseppe","og_url":"https:\/\/www.rimadesio.it\/fr\/journal\/milano-design-week-2021-2\/","og_site_name":"Rimadesio","article_modified_time":"2022-03-24T11:42:46+00:00","twitter_card":"summary_large_image","schema":{"@context":"https:\/\/schema.org","@graph":[{"@type":"WebPage","@id":"https:\/\/www.rimadesio.it\/fr\/journal\/milano-design-week-2021-2\/","url":"https:\/\/www.rimadesio.it\/fr\/journal\/milano-design-week-2021-2\/","name":"Milano Design Week 2021 - Rimadesio","isPartOf":{"@id":"https:\/\/www.rimadesio.it\/fr\/#website"},"datePublished":"2021-12-19T17:35:08+00:00","dateModified":"2022-03-24T11:42:46+00:00","description":"En plus de l'inauguration de l'exposition \u00a0Stories and Matters the exhibition, Rimadesio ha pr\u00e9sent\u00e9 au public la nouvelle collection sign\u00e9e par Giuseppe","breadcrumb":{"@id":"https:\/\/www.rimadesio.it\/fr\/journal\/milano-design-week-2021-2\/#breadcrumb"},"inLanguage":"fr-FR","potentialAction":[{"@type":"ReadAction","target":["https:\/\/www.rimadesio.it\/fr\/journal\/milano-design-week-2021-2\/"]}]},{"@type":"BreadcrumbList","@id":"https:\/\/www.rimadesio.it\/fr\/journal\/milano-design-week-2021-2\/#breadcrumb","itemListElement":[{"@type":"ListItem","position":1,"name":"Homepage","item":"https:\/\/www.rimadesio.it\/fr\/"},{"@type":"ListItem","position":2,"name":"\u00c9v\u00e9nements","item":"https:\/\/www.rimadesio.it\/fr\/journal-category\/evenements\/"},{"@type":"ListItem","position":3,"name":"Milano Design Week 2021"}]},{"@type":"WebSite","@id":"https:\/\/www.rimadesio.it\/fr\/#website","url":"https:\/\/www.rimadesio.it\/fr\/","name":"Rimadesio","description":"Rimadesio official website","publisher":{"@id":"https:\/\/www.rimadesio.it\/fr\/#organization"},"potentialAction":[{"@type":"SearchAction","target":{"@type":"EntryPoint","urlTemplate":"https:\/\/www.rimadesio.it\/fr\/?s={search_term_string}"},"query-input":"required name=search_term_string"}],"inLanguage":"fr-FR"},{"@type":"Organization","@id":"https:\/\/www.rimadesio.it\/fr\/#organization","name":"Rimadesio","url":"https:\/\/www.rimadesio.it\/fr\/","logo":{"@type":"ImageObject","inLanguage":"fr-FR","@id":"https:\/\/www.rimadesio.it\/fr\/#\/schema\/logo\/image\/","url":"https:\/\/static.rimadesio.it\/media\/2021\/08\/Logo.png","contentUrl":"https:\/\/static.rimadesio.it\/media\/2021\/08\/Logo.png","width":102,"height":18,"caption":"Rimadesio"},"image":{"@id":"https:\/\/www.rimadesio.it\/fr\/#\/schema\/logo\/image\/"}}]}},"_links":{"self":[{"href":"https:\/\/www.rimadesio.it\/fr\/wp-json\/wp\/v2\/journal\/143358"}],"collection":[{"href":"https:\/\/www.rimadesio.it\/fr\/wp-json\/wp\/v2\/journal"}],"about":[{"href":"https:\/\/www.rimadesio.it\/fr\/wp-json\/wp\/v2\/types\/journal"}],"wp:attachment":[{"href":"https:\/\/www.rimadesio.it\/fr\/wp-json\/wp\/v2\/media?parent=143358"}],"wp:term":[{"taxonomy":"journal_category","embeddable":true,"href":"https:\/\/www.rimadesio.it\/fr\/wp-json\/wp\/v2\/journal_category?post=143358"}],"curies":[{"name":"wp","href":"https:\/\/api.w.org\/{rel}","templated":true}]}}

<p>En plus de l&#8217;inauguration de l&#8217;exposition  Stories and Matters the exhibition, Rimadesio ha présenté au public la nouvelle collection signée par Giuseppe Bavuso.</p>

<!-- This site is optimized with the Yoast SEO plugin v20.4 - https://yoast.com/wordpress/plugins/seo/ -->
<title>Milano Design Week 2021 - Rimadesio</title>
<meta name="description" content="En plus de l&#039;inauguration de l&#039;exposition  Stories and Matters the exhibition, Rimadesio ha présenté au public la nouvelle collection signée par Giuseppe" />
<meta name="robots" content="index, follow, max-snippet:-1, max-image-preview:large, max-video-preview:-1" />
<link rel="canonical" href="https://www.rimadesio.it/fr/journal/milano-design-week-2021-2/" />
<meta property="og:locale" content="fr_FR" />
<meta property="og:type" content="article" />
<meta property="og:title" content="Milano Design Week 2021 - Rimadesio" />
<meta property="og:description" content="En plus de l&#039;inauguration de l&#039;exposition  Stories and Matters the exhibition, Rimadesio ha présenté au public la nouvelle collection signée par Giuseppe" />
<meta property="og:url" content="https://www.rimadesio.it/fr/journal/milano-design-week-2021-2/" />
<meta property="og:site_name" content="Rimadesio" />
<meta property="article:modified_time" content="2022-03-24T11:42:46+00:00" />
<meta name="twitter:card" content="summary_large_image" />
<script type="application/ld+json" class="yoast-schema-graph">{"@context":"https://schema.org","@graph":[{"@type":"WebPage","@id":"https://www.rimadesio.it/fr/journal/milano-design-week-2021-2/","url":"https://www.rimadesio.it/fr/journal/milano-design-week-2021-2/","name":"Milano Design Week 2021 - Rimadesio","isPartOf":{"@id":"https://www.rimadesio.it/fr/#website"},"datePublished":"2021-12-19T17:35:08+00:00","dateModified":"2022-03-24T11:42:46+00:00","description":"En plus de l'inauguration de l'exposition  Stories and Matters the exhibition, Rimadesio ha présenté au public la nouvelle collection signée par Giuseppe","breadcrumb":{"@id":"https://www.rimadesio.it/fr/journal/milano-design-week-2021-2/#breadcrumb"},"inLanguage":"fr-FR","potentialAction":[{"@type":"ReadAction","target":["https://www.rimadesio.it/fr/journal/milano-design-week-2021-2/"]}]},{"@type":"BreadcrumbList","@id":"https://www.rimadesio.it/fr/journal/milano-design-week-2021-2/#breadcrumb","itemListElement":[{"@type":"ListItem","position":1,"name":"Homepage","item":"https://www.rimadesio.it/fr/"},{"@type":"ListItem","position":2,"name":"Événements","item":"https://www.rimadesio.it/fr/journal-category/evenements/"},{"@type":"ListItem","position":3,"name":"Milano Design Week 2021"}]},{"@type":"WebSite","@id":"https://www.rimadesio.it/fr/#website","url":"https://www.rimadesio.it/fr/","name":"Rimadesio","description":"Rimadesio official website","publisher":{"@id":"https://www.rimadesio.it/fr/#organization"},"potentialAction":[{"@type":"SearchAction","target":{"@type":"EntryPoint","urlTemplate":"https://www.rimadesio.it/fr/?s={search_term_string}"},"query-input":"required name=search_term_string"}],"inLanguage":"fr-FR"},{"@type":"Organization","@id":"https://www.rimadesio.it/fr/#organization","name":"Rimadesio","url":"https://www.rimadesio.it/fr/","logo":{"@type":"ImageObject","inLanguage":"fr-FR","@id":"https://www.rimadesio.it/fr/#/schema/logo/image/","url":"https://static.rimadesio.it/media/2021/08/Logo.png","contentUrl":"https://static.rimadesio.it/media/2021/08/Logo.png","width":102,"height":18,"caption":"Rimadesio"},"image":{"@id":"https://www.rimadesio.it/fr/#/schema/logo/image/"}}]}</script>
<!-- / Yoast SEO plugin. -->

En plus de l'inauguration de l'exposition  Stories and Matters the exhibition, Rimadesio ha présenté au public la nouvelle collection signée par Giuseppe

Événements
