{"id":155196,"date":"2022-03-22T10:53:19","date_gmt":"2022-03-22T09:53:19","guid":{"rendered":"https:\/\/www.rimadesio.it\/product\/ala\/"},"modified":"2026-04-15T10:28:13","modified_gmt":"2026-04-15T08:28:13","slug":"ala","status":"publish","type":"product","link":"https:\/\/www.rimadesio.it\/es\/producto\/ala\/","title":{"rendered":"Ala"},"content":{"rendered":"<p>A veces los muebles exceden los l\u00edmites funcionales y se proponen como nuevas soluciones para caracterizar el espacio, ideales para contener objetos de mayor afecto. Este es el caso de los contenedores Ala, vitrinas concebidas como un cofre precioso, que abre cajones en madera de nogal ensamblados y suspendidos en una estructura interna oculta. Una pieza de mobiliario con un fuerte valor expresivo, concebida con una intuici\u00f3n t\u00e9cnica evolucionada que se revela en un mueble est\u00e9ticamente sorprendente.<\/p>\n","protected":false},"featured_media":0,"template":"","product_category":[448,608,450,464],"acf":[],"yoast_head":"<!-- This site is optimized with the Yoast SEO plugin v20.4 - https:\/\/yoast.com\/wordpress\/plugins\/seo\/ -->\n<title>Ala cassettiere per la zona notte | Rimadesio<\/title>\n<meta name=\"description\" content=\"A veces los muebles exceden los l\u00edmites funcionales y se proponen como nuevas soluciones para caracterizar el espacio, ideales para contener objetos de\" \/>\n<meta name=\"robots\" content=\"index, follow, max-snippet:-1, max-image-preview:large, max-video-preview:-1\" \/>\n<link rel=\"canonical\" href=\"https:\/\/www.rimadesio.it\/es\/producto\/ala\/\" \/>\n<meta property=\"og:locale\" content=\"es_ES\" \/>\n<meta property=\"og:type\" content=\"article\" \/>\n<meta property=\"og:title\" content=\"Ala cassettiere per la zona notte | Rimadesio\" \/>\n<meta property=\"og:description\" content=\"A veces los muebles exceden los l\u00edmites funcionales y se proponen como nuevas soluciones para caracterizar el espacio, ideales para contener objetos de\" \/>\n<meta property=\"og:url\" content=\"https:\/\/www.rimadesio.it\/es\/producto\/ala\/\" \/>\n<meta property=\"og:site_name\" content=\"Rimadesio\" \/>\n<meta property=\"article:modified_time\" content=\"2026-04-15T08:28:13+00:00\" \/>\n<meta name=\"twitter:card\" content=\"summary_large_image\" \/>\n<script type=\"application\/ld+json\" class=\"yoast-schema-graph\">{\"@context\":\"https:\/\/schema.org\",\"@graph\":[{\"@type\":\"WebPage\",\"@id\":\"https:\/\/www.rimadesio.it\/es\/producto\/ala\/\",\"url\":\"https:\/\/www.rimadesio.it\/es\/producto\/ala\/\",\"name\":\"Ala cassettiere per la zona notte | Rimadesio\",\"isPartOf\":{\"@id\":\"https:\/\/www.rimadesio.it\/es\/#website\"},\"datePublished\":\"2022-03-22T09:53:19+00:00\",\"dateModified\":\"2026-04-15T08:28:13+00:00\",\"description\":\"A veces los muebles exceden los l\u00edmites funcionales y se proponen como nuevas soluciones para caracterizar el espacio, ideales para contener objetos de\",\"breadcrumb\":{\"@id\":\"https:\/\/www.rimadesio.it\/es\/producto\/ala\/#breadcrumb\"},\"inLanguage\":\"es-ES\",\"potentialAction\":[{\"@type\":\"ReadAction\",\"target\":[\"https:\/\/www.rimadesio.it\/es\/producto\/ala\/\"]}]},{\"@type\":\"BreadcrumbList\",\"@id\":\"https:\/\/www.rimadesio.it\/es\/producto\/ala\/#breadcrumb\",\"itemListElement\":[{\"@type\":\"ListItem\",\"position\":1,\"name\":\"Homepage\",\"item\":\"https:\/\/www.rimadesio.it\/es\/\"},{\"@type\":\"ListItem\",\"position\":2,\"name\":\"Productos\",\"item\":\"https:\/\/www.rimadesio.it\/es\/producto\/\"},{\"@type\":\"ListItem\",\"position\":3,\"name\":\"Sistemas noche\",\"item\":\"https:\/\/www.rimadesio.it\/es\/product-category\/sistemas-noche\/\"},{\"@type\":\"ListItem\",\"position\":4,\"name\":\"Contenedores\",\"item\":\"https:\/\/www.rimadesio.it\/es\/product-category\/sistemas-noche\/contenedores\/\"},{\"@type\":\"ListItem\",\"position\":5,\"name\":\"Ala\"}]},{\"@type\":\"WebSite\",\"@id\":\"https:\/\/www.rimadesio.it\/es\/#website\",\"url\":\"https:\/\/www.rimadesio.it\/es\/\",\"name\":\"Rimadesio\",\"description\":\"Rimadesio official website\",\"publisher\":{\"@id\":\"https:\/\/www.rimadesio.it\/es\/#organization\"},\"potentialAction\":[{\"@type\":\"SearchAction\",\"target\":{\"@type\":\"EntryPoint\",\"urlTemplate\":\"https:\/\/www.rimadesio.it\/es\/?s={search_term_string}\"},\"query-input\":\"required name=search_term_string\"}],\"inLanguage\":\"es-ES\"},{\"@type\":\"Organization\",\"@id\":\"https:\/\/www.rimadesio.it\/es\/#organization\",\"name\":\"Rimadesio\",\"url\":\"https:\/\/www.rimadesio.it\/es\/\",\"logo\":{\"@type\":\"ImageObject\",\"inLanguage\":\"es-ES\",\"@id\":\"https:\/\/www.rimadesio.it\/es\/#\/schema\/logo\/image\/\",\"url\":\"https:\/\/static.rimadesio.it\/media\/2021\/08\/Logo.png\",\"contentUrl\":\"https:\/\/static.rimadesio.it\/media\/2021\/08\/Logo.png\",\"width\":102,\"height\":18,\"caption\":\"Rimadesio\"},\"image\":{\"@id\":\"https:\/\/www.rimadesio.it\/es\/#\/schema\/logo\/image\/\"}}]}<\/script>\n<!-- \/ Yoast SEO plugin. -->","yoast_head_json":{"title":"Ala cassettiere per la zona notte | Rimadesio","description":"A veces los muebles exceden los l\u00edmites funcionales y se proponen como nuevas soluciones para caracterizar el espacio, ideales para contener objetos de","robots":{"index":"index","follow":"follow","max-snippet":"max-snippet:-1","max-image-preview":"max-image-preview:large","max-video-preview":"max-video-preview:-1"},"canonical":"https:\/\/www.rimadesio.it\/es\/producto\/ala\/","og_locale":"es_ES","og_type":"article","og_title":"Ala cassettiere per la zona notte | Rimadesio","og_description":"A veces los muebles exceden los l\u00edmites funcionales y se proponen como nuevas soluciones para caracterizar el espacio, ideales para contener objetos de","og_url":"https:\/\/www.rimadesio.it\/es\/producto\/ala\/","og_site_name":"Rimadesio","article_modified_time":"2026-04-15T08:28:13+00:00","twitter_card":"summary_large_image","schema":{"@context":"https:\/\/schema.org","@graph":[{"@type":"WebPage","@id":"https:\/\/www.rimadesio.it\/es\/producto\/ala\/","url":"https:\/\/www.rimadesio.it\/es\/producto\/ala\/","name":"Ala cassettiere per la zona notte | Rimadesio","isPartOf":{"@id":"https:\/\/www.rimadesio.it\/es\/#website"},"datePublished":"2022-03-22T09:53:19+00:00","dateModified":"2026-04-15T08:28:13+00:00","description":"A veces los muebles exceden los l\u00edmites funcionales y se proponen como nuevas soluciones para caracterizar el espacio, ideales para contener objetos de","breadcrumb":{"@id":"https:\/\/www.rimadesio.it\/es\/producto\/ala\/#breadcrumb"},"inLanguage":"es-ES","potentialAction":[{"@type":"ReadAction","target":["https:\/\/www.rimadesio.it\/es\/producto\/ala\/"]}]},{"@type":"BreadcrumbList","@id":"https:\/\/www.rimadesio.it\/es\/producto\/ala\/#breadcrumb","itemListElement":[{"@type":"ListItem","position":1,"name":"Homepage","item":"https:\/\/www.rimadesio.it\/es\/"},{"@type":"ListItem","position":2,"name":"Productos","item":"https:\/\/www.rimadesio.it\/es\/producto\/"},{"@type":"ListItem","position":3,"name":"Sistemas noche","item":"https:\/\/www.rimadesio.it\/es\/product-category\/sistemas-noche\/"},{"@type":"ListItem","position":4,"name":"Contenedores","item":"https:\/\/www.rimadesio.it\/es\/product-category\/sistemas-noche\/contenedores\/"},{"@type":"ListItem","position":5,"name":"Ala"}]},{"@type":"WebSite","@id":"https:\/\/www.rimadesio.it\/es\/#website","url":"https:\/\/www.rimadesio.it\/es\/","name":"Rimadesio","description":"Rimadesio official website","publisher":{"@id":"https:\/\/www.rimadesio.it\/es\/#organization"},"potentialAction":[{"@type":"SearchAction","target":{"@type":"EntryPoint","urlTemplate":"https:\/\/www.rimadesio.it\/es\/?s={search_term_string}"},"query-input":"required name=search_term_string"}],"inLanguage":"es-ES"},{"@type":"Organization","@id":"https:\/\/www.rimadesio.it\/es\/#organization","name":"Rimadesio","url":"https:\/\/www.rimadesio.it\/es\/","logo":{"@type":"ImageObject","inLanguage":"es-ES","@id":"https:\/\/www.rimadesio.it\/es\/#\/schema\/logo\/image\/","url":"https:\/\/static.rimadesio.it\/media\/2021\/08\/Logo.png","contentUrl":"https:\/\/static.rimadesio.it\/media\/2021\/08\/Logo.png","width":102,"height":18,"caption":"Rimadesio"},"image":{"@id":"https:\/\/www.rimadesio.it\/es\/#\/schema\/logo\/image\/"}}]}},"_links":{"self":[{"href":"https:\/\/www.rimadesio.it\/es\/wp-json\/wp\/v2\/product\/155196"}],"collection":[{"href":"https:\/\/www.rimadesio.it\/es\/wp-json\/wp\/v2\/product"}],"about":[{"href":"https:\/\/www.rimadesio.it\/es\/wp-json\/wp\/v2\/types\/product"}],"wp:attachment":[{"href":"https:\/\/www.rimadesio.it\/es\/wp-json\/wp\/v2\/media?parent=155196"}],"wp:term":[{"taxonomy":"product_category","embeddable":true,"href":"https:\/\/www.rimadesio.it\/es\/wp-json\/wp\/v2\/product_category?post=155196"}],"curies":[{"name":"wp","href":"https:\/\/api.w.org\/{rel}","templated":true}]}}

<p>A veces los muebles exceden los límites funcionales y se proponen como nuevas soluciones para caracterizar el espacio, ideales para contener objetos de mayor afecto. Este es el caso de los contenedores Ala, vitrinas concebidas como un cofre precioso, que abre cajones en madera de nogal ensamblados y suspendidos en una estructura interna oculta. Una pieza de mobiliario con un fuerte valor expresivo, concebida con una intuición técnica evolucionada que se revela en un mueble estéticamente sorprendente.</p>

<!-- This site is optimized with the Yoast SEO plugin v20.4 - https://yoast.com/wordpress/plugins/seo/ -->
<title>Ala cassettiere per la zona notte | Rimadesio</title>
<meta name="description" content="A veces los muebles exceden los límites funcionales y se proponen como nuevas soluciones para caracterizar el espacio, ideales para contener objetos de" />
<meta name="robots" content="index, follow, max-snippet:-1, max-image-preview:large, max-video-preview:-1" />
<link rel="canonical" href="https://www.rimadesio.it/es/producto/ala/" />
<meta property="og:locale" content="es_ES" />
<meta property="og:type" content="article" />
<meta property="og:title" content="Ala cassettiere per la zona notte | Rimadesio" />
<meta property="og:description" content="A veces los muebles exceden los límites funcionales y se proponen como nuevas soluciones para caracterizar el espacio, ideales para contener objetos de" />
<meta property="og:url" content="https://www.rimadesio.it/es/producto/ala/" />
<meta property="og:site_name" content="Rimadesio" />
<meta property="article:modified_time" content="2026-04-15T08:28:13+00:00" />
<meta name="twitter:card" content="summary_large_image" />
<script type="application/ld+json" class="yoast-schema-graph">{"@context":"https://schema.org","@graph":[{"@type":"WebPage","@id":"https://www.rimadesio.it/es/producto/ala/","url":"https://www.rimadesio.it/es/producto/ala/","name":"Ala cassettiere per la zona notte | Rimadesio","isPartOf":{"@id":"https://www.rimadesio.it/es/#website"},"datePublished":"2022-03-22T09:53:19+00:00","dateModified":"2026-04-15T08:28:13+00:00","description":"A veces los muebles exceden los límites funcionales y se proponen como nuevas soluciones para caracterizar el espacio, ideales para contener objetos de","breadcrumb":{"@id":"https://www.rimadesio.it/es/producto/ala/#breadcrumb"},"inLanguage":"es-ES","potentialAction":[{"@type":"ReadAction","target":["https://www.rimadesio.it/es/producto/ala/"]}]},{"@type":"BreadcrumbList","@id":"https://www.rimadesio.it/es/producto/ala/#breadcrumb","itemListElement":[{"@type":"ListItem","position":1,"name":"Homepage","item":"https://www.rimadesio.it/es/"},{"@type":"ListItem","position":2,"name":"Productos","item":"https://www.rimadesio.it/es/producto/"},{"@type":"ListItem","position":3,"name":"Sistemas noche","item":"https://www.rimadesio.it/es/product-category/sistemas-noche/"},{"@type":"ListItem","position":4,"name":"Contenedores","item":"https://www.rimadesio.it/es/product-category/sistemas-noche/contenedores/"},{"@type":"ListItem","position":5,"name":"Ala"}]},{"@type":"WebSite","@id":"https://www.rimadesio.it/es/#website","url":"https://www.rimadesio.it/es/","name":"Rimadesio","description":"Rimadesio official website","publisher":{"@id":"https://www.rimadesio.it/es/#organization"},"potentialAction":[{"@type":"SearchAction","target":{"@type":"EntryPoint","urlTemplate":"https://www.rimadesio.it/es/?s={search_term_string}"},"query-input":"required name=search_term_string"}],"inLanguage":"es-ES"},{"@type":"Organization","@id":"https://www.rimadesio.it/es/#organization","name":"Rimadesio","url":"https://www.rimadesio.it/es/","logo":{"@type":"ImageObject","inLanguage":"es-ES","@id":"https://www.rimadesio.it/es/#/schema/logo/image/","url":"https://static.rimadesio.it/media/2021/08/Logo.png","contentUrl":"https://static.rimadesio.it/media/2021/08/Logo.png","width":102,"height":18,"caption":"Rimadesio"},"image":{"@id":"https://www.rimadesio.it/es/#/schema/logo/image/"}}]}</script>
<!-- / Yoast SEO plugin. -->

A veces los muebles exceden los límites funcionales y se proponen como nuevas soluciones para caracterizar el espacio, ideales para contener objetos de
