{"id":142388,"date":"2021-11-22T15:42:56","date_gmt":"2021-11-22T14:42:56","guid":{"rendered":"https:\/\/www.rimadesio.it\/corporate-responsability-2\/"},"modified":"2021-12-01T15:42:45","modified_gmt":"2021-12-01T14:42:45","slug":"corporate-responsability","status":"publish","type":"page","link":"https:\/\/www.rimadesio.it\/es\/corporate-responsability\/","title":{"rendered":"Responsabilidad corporativa"},"content":{"rendered":"<p>En el nuevo marco normativo definido por el Decreto Legislativo n\u00ba 231\/2001, que establece el concepto de Responsabilidad Administrativa de la Empresa, el Consejo de Administraci\u00f3n de Rimadesio aprob\u00f3 el Manual de Gobierno y Controles, que contiene el C\u00f3digo de \u00c9tica de Conducta y las normas de organizaci\u00f3n interna de la Empresa. Al adoptar el C\u00f3digo de Conducta, Rimadesio confirma como principio rector, en el \u00e1mbito de sus actividades, el cumplimiento de la Ley y de toda la normativa italiana y extranjera, en un marco de integridad y equidad. El C\u00f3digo expresa los valores \u00e9ticos compartidos tanto por Rimadesio en sus decisiones estrat\u00e9gicas como por todo el personal en su responsabilidad individual.<\/p>\n","protected":false},"excerpt":{"rendered":"<p>En el nuevo marco normativo definido por el Decreto Legislativo n\u00ba 231\/2001, que establece el concepto de Responsabilidad Administrativa de la Empresa, el Consejo de Administraci\u00f3n de Rimadesio aprob\u00f3 el Manual de Gobierno y Controles, que contiene el C\u00f3digo de \u00c9tica de Conducta y las normas de organizaci\u00f3n interna de la Empresa. Al adoptar el &hellip; <a href=\"https:\/\/www.rimadesio.it\/es\/corporate-responsability\/\">More<\/a><\/p>\n","protected":false},"author":64297,"featured_media":0,"parent":0,"menu_order":325,"comment_status":"closed","ping_status":"closed","template":"","meta":{"inline_featured_image":false},"acf":[],"yoast_head":"<!-- This site is optimized with the Yoast SEO plugin v20.4 - https:\/\/yoast.com\/wordpress\/plugins\/seo\/ -->\n<title>Responsabilidad corporativa - Rimadesio<\/title>\n<meta name=\"description\" content=\"En el nuevo marco normativo definido por el Decreto Legislativo n\u00ba 231\/2001, que establece el concepto de Responsabilidad Administrativa de la Empresa, el\" \/>\n<meta name=\"robots\" content=\"index, follow, max-snippet:-1, max-image-preview:large, max-video-preview:-1\" \/>\n<link rel=\"canonical\" href=\"https:\/\/www.rimadesio.it\/es\/corporate-responsability\/\" \/>\n<meta property=\"og:locale\" content=\"es_ES\" \/>\n<meta property=\"og:type\" content=\"article\" \/>\n<meta property=\"og:title\" content=\"Responsabilidad corporativa - Rimadesio\" \/>\n<meta property=\"og:description\" content=\"En el nuevo marco normativo definido por el Decreto Legislativo n\u00ba 231\/2001, que establece el concepto de Responsabilidad Administrativa de la Empresa, el\" \/>\n<meta property=\"og:url\" content=\"https:\/\/www.rimadesio.it\/es\/corporate-responsability\/\" \/>\n<meta property=\"og:site_name\" content=\"Rimadesio\" \/>\n<meta property=\"article:modified_time\" content=\"2021-12-01T14:42:45+00:00\" \/>\n<meta name=\"twitter:card\" content=\"summary_large_image\" \/>\n<meta name=\"twitter:label1\" content=\"Est. reading time\" \/>\n\t<meta name=\"twitter:data1\" content=\"1 minute\" \/>\n<script type=\"application\/ld+json\" class=\"yoast-schema-graph\">{\"@context\":\"https:\/\/schema.org\",\"@graph\":[{\"@type\":\"WebPage\",\"@id\":\"https:\/\/www.rimadesio.it\/es\/corporate-responsability\/\",\"url\":\"https:\/\/www.rimadesio.it\/es\/corporate-responsability\/\",\"name\":\"Responsabilidad corporativa - Rimadesio\",\"isPartOf\":{\"@id\":\"https:\/\/www.rimadesio.it\/es\/#website\"},\"datePublished\":\"2021-11-22T14:42:56+00:00\",\"dateModified\":\"2021-12-01T14:42:45+00:00\",\"description\":\"En el nuevo marco normativo definido por el Decreto Legislativo n\u00ba 231\/2001, que establece el concepto de Responsabilidad Administrativa de la Empresa, el\",\"breadcrumb\":{\"@id\":\"https:\/\/www.rimadesio.it\/es\/corporate-responsability\/#breadcrumb\"},\"inLanguage\":\"es-ES\",\"potentialAction\":[{\"@type\":\"ReadAction\",\"target\":[\"https:\/\/www.rimadesio.it\/es\/corporate-responsability\/\"]}]},{\"@type\":\"BreadcrumbList\",\"@id\":\"https:\/\/www.rimadesio.it\/es\/corporate-responsability\/#breadcrumb\",\"itemListElement\":[{\"@type\":\"ListItem\",\"position\":1,\"name\":\"Homepage\",\"item\":\"https:\/\/www.rimadesio.it\/es\/\"},{\"@type\":\"ListItem\",\"position\":2,\"name\":\"Responsabilidad corporativa\"}]},{\"@type\":\"WebSite\",\"@id\":\"https:\/\/www.rimadesio.it\/es\/#website\",\"url\":\"https:\/\/www.rimadesio.it\/es\/\",\"name\":\"Rimadesio\",\"description\":\"Rimadesio official website\",\"publisher\":{\"@id\":\"https:\/\/www.rimadesio.it\/es\/#organization\"},\"potentialAction\":[{\"@type\":\"SearchAction\",\"target\":{\"@type\":\"EntryPoint\",\"urlTemplate\":\"https:\/\/www.rimadesio.it\/es\/?s={search_term_string}\"},\"query-input\":\"required name=search_term_string\"}],\"inLanguage\":\"es-ES\"},{\"@type\":\"Organization\",\"@id\":\"https:\/\/www.rimadesio.it\/es\/#organization\",\"name\":\"Rimadesio\",\"url\":\"https:\/\/www.rimadesio.it\/es\/\",\"logo\":{\"@type\":\"ImageObject\",\"inLanguage\":\"es-ES\",\"@id\":\"https:\/\/www.rimadesio.it\/es\/#\/schema\/logo\/image\/\",\"url\":\"https:\/\/static.rimadesio.it\/media\/2021\/08\/Logo.png\",\"contentUrl\":\"https:\/\/static.rimadesio.it\/media\/2021\/08\/Logo.png\",\"width\":102,\"height\":18,\"caption\":\"Rimadesio\"},\"image\":{\"@id\":\"https:\/\/www.rimadesio.it\/es\/#\/schema\/logo\/image\/\"}}]}<\/script>\n<!-- \/ Yoast SEO plugin. -->","yoast_head_json":{"title":"Responsabilidad corporativa - Rimadesio","description":"En el nuevo marco normativo definido por el Decreto Legislativo n\u00ba 231\/2001, que establece el concepto de Responsabilidad Administrativa de la Empresa, el","robots":{"index":"index","follow":"follow","max-snippet":"max-snippet:-1","max-image-preview":"max-image-preview:large","max-video-preview":"max-video-preview:-1"},"canonical":"https:\/\/www.rimadesio.it\/es\/corporate-responsability\/","og_locale":"es_ES","og_type":"article","og_title":"Responsabilidad corporativa - Rimadesio","og_description":"En el nuevo marco normativo definido por el Decreto Legislativo n\u00ba 231\/2001, que establece el concepto de Responsabilidad Administrativa de la Empresa, el","og_url":"https:\/\/www.rimadesio.it\/es\/corporate-responsability\/","og_site_name":"Rimadesio","article_modified_time":"2021-12-01T14:42:45+00:00","twitter_card":"summary_large_image","twitter_misc":{"Est. reading time":"1 minute"},"schema":{"@context":"https:\/\/schema.org","@graph":[{"@type":"WebPage","@id":"https:\/\/www.rimadesio.it\/es\/corporate-responsability\/","url":"https:\/\/www.rimadesio.it\/es\/corporate-responsability\/","name":"Responsabilidad corporativa - Rimadesio","isPartOf":{"@id":"https:\/\/www.rimadesio.it\/es\/#website"},"datePublished":"2021-11-22T14:42:56+00:00","dateModified":"2021-12-01T14:42:45+00:00","description":"En el nuevo marco normativo definido por el Decreto Legislativo n\u00ba 231\/2001, que establece el concepto de Responsabilidad Administrativa de la Empresa, el","breadcrumb":{"@id":"https:\/\/www.rimadesio.it\/es\/corporate-responsability\/#breadcrumb"},"inLanguage":"es-ES","potentialAction":[{"@type":"ReadAction","target":["https:\/\/www.rimadesio.it\/es\/corporate-responsability\/"]}]},{"@type":"BreadcrumbList","@id":"https:\/\/www.rimadesio.it\/es\/corporate-responsability\/#breadcrumb","itemListElement":[{"@type":"ListItem","position":1,"name":"Homepage","item":"https:\/\/www.rimadesio.it\/es\/"},{"@type":"ListItem","position":2,"name":"Responsabilidad corporativa"}]},{"@type":"WebSite","@id":"https:\/\/www.rimadesio.it\/es\/#website","url":"https:\/\/www.rimadesio.it\/es\/","name":"Rimadesio","description":"Rimadesio official website","publisher":{"@id":"https:\/\/www.rimadesio.it\/es\/#organization"},"potentialAction":[{"@type":"SearchAction","target":{"@type":"EntryPoint","urlTemplate":"https:\/\/www.rimadesio.it\/es\/?s={search_term_string}"},"query-input":"required name=search_term_string"}],"inLanguage":"es-ES"},{"@type":"Organization","@id":"https:\/\/www.rimadesio.it\/es\/#organization","name":"Rimadesio","url":"https:\/\/www.rimadesio.it\/es\/","logo":{"@type":"ImageObject","inLanguage":"es-ES","@id":"https:\/\/www.rimadesio.it\/es\/#\/schema\/logo\/image\/","url":"https:\/\/static.rimadesio.it\/media\/2021\/08\/Logo.png","contentUrl":"https:\/\/static.rimadesio.it\/media\/2021\/08\/Logo.png","width":102,"height":18,"caption":"Rimadesio"},"image":{"@id":"https:\/\/www.rimadesio.it\/es\/#\/schema\/logo\/image\/"}}]}},"_links":{"self":[{"href":"https:\/\/www.rimadesio.it\/es\/wp-json\/wp\/v2\/pages\/142388"}],"collection":[{"href":"https:\/\/www.rimadesio.it\/es\/wp-json\/wp\/v2\/pages"}],"about":[{"href":"https:\/\/www.rimadesio.it\/es\/wp-json\/wp\/v2\/types\/page"}],"author":[{"embeddable":true,"href":"https:\/\/www.rimadesio.it\/es\/wp-json\/wp\/v2\/users\/64297"}],"replies":[{"embeddable":true,"href":"https:\/\/www.rimadesio.it\/es\/wp-json\/wp\/v2\/comments?post=142388"}],"version-history":[{"count":1,"href":"https:\/\/www.rimadesio.it\/es\/wp-json\/wp\/v2\/pages\/142388\/revisions"}],"predecessor-version":[{"id":142396,"href":"https:\/\/www.rimadesio.it\/es\/wp-json\/wp\/v2\/pages\/142388\/revisions\/142396"}],"wp:attachment":[{"href":"https:\/\/www.rimadesio.it\/es\/wp-json\/wp\/v2\/media?parent=142388"}],"curies":[{"name":"wp","href":"https:\/\/api.w.org\/{rel}","templated":true}]}}

<p>En el nuevo marco normativo definido por el Decreto Legislativo nº 231/2001, que establece el concepto de Responsabilidad Administrativa de la Empresa, el Consejo de Administración de Rimadesio aprobó el Manual de Gobierno y Controles, que contiene el Código de Ética de Conducta y las normas de organización interna de la Empresa. Al adoptar el Código de Conducta, Rimadesio confirma como principio rector, en el ámbito de sus actividades, el cumplimiento de la Ley y de toda la normativa italiana y extranjera, en un marco de integridad y equidad. El Código expresa los valores éticos compartidos tanto por Rimadesio en sus decisiones estratégicas como por todo el personal en su responsabilidad individual.</p>

<p>En el nuevo marco normativo definido por el Decreto Legislativo nº 231/2001, que establece el concepto de Responsabilidad Administrativa de la Empresa, el Consejo de Administración de Rimadesio aprobó el Manual de Gobierno y Controles, que contiene el Código de Ética de Conducta y las normas de organización interna de la Empresa. Al adoptar el &hellip; <a href="https://www.rimadesio.it/es/corporate-responsability/">More</a></p>

<!-- This site is optimized with the Yoast SEO plugin v20.4 - https://yoast.com/wordpress/plugins/seo/ -->
<title>Responsabilidad corporativa - Rimadesio</title>
<meta name="description" content="En el nuevo marco normativo definido por el Decreto Legislativo nº 231/2001, que establece el concepto de Responsabilidad Administrativa de la Empresa, el" />
<meta name="robots" content="index, follow, max-snippet:-1, max-image-preview:large, max-video-preview:-1" />
<link rel="canonical" href="https://www.rimadesio.it/es/corporate-responsability/" />
<meta property="og:locale" content="es_ES" />
<meta property="og:type" content="article" />
<meta property="og:title" content="Responsabilidad corporativa - Rimadesio" />
<meta property="og:description" content="En el nuevo marco normativo definido por el Decreto Legislativo nº 231/2001, que establece el concepto de Responsabilidad Administrativa de la Empresa, el" />
<meta property="og:url" content="https://www.rimadesio.it/es/corporate-responsability/" />
<meta property="og:site_name" content="Rimadesio" />
<meta property="article:modified_time" content="2021-12-01T14:42:45+00:00" />
<meta name="twitter:card" content="summary_large_image" />
<meta name="twitter:label1" content="Est. reading time" />
	<meta name="twitter:data1" content="1 minute" />
<script type="application/ld+json" class="yoast-schema-graph">{"@context":"https://schema.org","@graph":[{"@type":"WebPage","@id":"https://www.rimadesio.it/es/corporate-responsability/","url":"https://www.rimadesio.it/es/corporate-responsability/","name":"Responsabilidad corporativa - Rimadesio","isPartOf":{"@id":"https://www.rimadesio.it/es/#website"},"datePublished":"2021-11-22T14:42:56+00:00","dateModified":"2021-12-01T14:42:45+00:00","description":"En el nuevo marco normativo definido por el Decreto Legislativo nº 231/2001, que establece el concepto de Responsabilidad Administrativa de la Empresa, el","breadcrumb":{"@id":"https://www.rimadesio.it/es/corporate-responsability/#breadcrumb"},"inLanguage":"es-ES","potentialAction":[{"@type":"ReadAction","target":["https://www.rimadesio.it/es/corporate-responsability/"]}]},{"@type":"BreadcrumbList","@id":"https://www.rimadesio.it/es/corporate-responsability/#breadcrumb","itemListElement":[{"@type":"ListItem","position":1,"name":"Homepage","item":"https://www.rimadesio.it/es/"},{"@type":"ListItem","position":2,"name":"Responsabilidad corporativa"}]},{"@type":"WebSite","@id":"https://www.rimadesio.it/es/#website","url":"https://www.rimadesio.it/es/","name":"Rimadesio","description":"Rimadesio official website","publisher":{"@id":"https://www.rimadesio.it/es/#organization"},"potentialAction":[{"@type":"SearchAction","target":{"@type":"EntryPoint","urlTemplate":"https://www.rimadesio.it/es/?s={search_term_string}"},"query-input":"required name=search_term_string"}],"inLanguage":"es-ES"},{"@type":"Organization","@id":"https://www.rimadesio.it/es/#organization","name":"Rimadesio","url":"https://www.rimadesio.it/es/","logo":{"@type":"ImageObject","inLanguage":"es-ES","@id":"https://www.rimadesio.it/es/#/schema/logo/image/","url":"https://static.rimadesio.it/media/2021/08/Logo.png","contentUrl":"https://static.rimadesio.it/media/2021/08/Logo.png","width":102,"height":18,"caption":"Rimadesio"},"image":{"@id":"https://www.rimadesio.it/es/#/schema/logo/image/"}}]}</script>
<!-- / Yoast SEO plugin. -->

En el nuevo marco normativo definido por el Decreto Legislativo nº 231/2001, que establece el concepto de Responsabilidad Administrativa de la Empresa, el
