{"id":163444,"date":"2024-04-29T09:27:27","date_gmt":"2024-04-29T07:27:27","guid":{"rendered":"https:\/\/www.rimadesio.it\/?post_type=journal&#038;p=163444"},"modified":"2024-04-29T09:27:27","modified_gmt":"2024-04-29T07:27:27","slug":"shapes-of-light-milano-design-week-2024","status":"publish","type":"journal","link":"https:\/\/www.rimadesio.it\/es\/journal\/shapes-of-light-milano-design-week-2024\/","title":{"rendered":"Shapes of Light. Milano Design Week 2024"},"content":{"rendered":"<p>Protagonista de la tienda insignia de Mil\u00e1n con motivo de la Milano Design Week, la nueva colecci\u00f3n dise\u00f1ada por Giuseppe Bavuso representa un conjunto de soluciones coherentes en t\u00e9rminos de estilo y dise\u00f1o, confirmando los temas que siempre han estado en el centro de la investigaci\u00f3n de Rimadesio.<\/p>\n","protected":false},"featured_media":0,"template":"","journal_category":[479,485],"acf":[],"yoast_head":"<!-- This site is optimized with the Yoast SEO plugin v20.4 - https:\/\/yoast.com\/wordpress\/plugins\/seo\/ -->\n<title>Shapes of Light. Milano Design Week 2024 - Rimadesio<\/title>\n<meta name=\"description\" content=\"Protagonista de la tienda insignia de Mil\u00e1n con motivo de la Milano Design Week, la nueva colecci\u00f3n dise\u00f1ada por Giuseppe Bavuso representa un conjunto de\" \/>\n<meta name=\"robots\" content=\"index, follow, max-snippet:-1, max-image-preview:large, max-video-preview:-1\" \/>\n<link rel=\"canonical\" href=\"https:\/\/www.rimadesio.it\/es\/journal\/shapes-of-light-milano-design-week-2024\/\" \/>\n<meta property=\"og:locale\" content=\"es_ES\" \/>\n<meta property=\"og:type\" content=\"article\" \/>\n<meta property=\"og:title\" content=\"Shapes of Light. Milano Design Week 2024 - Rimadesio\" \/>\n<meta property=\"og:description\" content=\"Protagonista de la tienda insignia de Mil\u00e1n con motivo de la Milano Design Week, la nueva colecci\u00f3n dise\u00f1ada por Giuseppe Bavuso representa un conjunto de\" \/>\n<meta property=\"og:url\" content=\"https:\/\/www.rimadesio.it\/es\/journal\/shapes-of-light-milano-design-week-2024\/\" \/>\n<meta property=\"og:site_name\" content=\"Rimadesio\" \/>\n<meta name=\"twitter:card\" content=\"summary_large_image\" \/>\n<script type=\"application\/ld+json\" class=\"yoast-schema-graph\">{\"@context\":\"https:\/\/schema.org\",\"@graph\":[{\"@type\":\"WebPage\",\"@id\":\"https:\/\/www.rimadesio.it\/es\/journal\/shapes-of-light-milano-design-week-2024\/\",\"url\":\"https:\/\/www.rimadesio.it\/es\/journal\/shapes-of-light-milano-design-week-2024\/\",\"name\":\"Shapes of Light. Milano Design Week 2024 - Rimadesio\",\"isPartOf\":{\"@id\":\"https:\/\/www.rimadesio.it\/es\/#website\"},\"datePublished\":\"2024-04-29T07:27:27+00:00\",\"dateModified\":\"2024-04-29T07:27:27+00:00\",\"description\":\"Protagonista de la tienda insignia de Mil\u00e1n con motivo de la Milano Design Week, la nueva colecci\u00f3n dise\u00f1ada por Giuseppe Bavuso representa un conjunto de\",\"breadcrumb\":{\"@id\":\"https:\/\/www.rimadesio.it\/es\/journal\/shapes-of-light-milano-design-week-2024\/#breadcrumb\"},\"inLanguage\":\"es-ES\",\"potentialAction\":[{\"@type\":\"ReadAction\",\"target\":[\"https:\/\/www.rimadesio.it\/es\/journal\/shapes-of-light-milano-design-week-2024\/\"]}]},{\"@type\":\"BreadcrumbList\",\"@id\":\"https:\/\/www.rimadesio.it\/es\/journal\/shapes-of-light-milano-design-week-2024\/#breadcrumb\",\"itemListElement\":[{\"@type\":\"ListItem\",\"position\":1,\"name\":\"Homepage\",\"item\":\"https:\/\/www.rimadesio.it\/es\/\"},{\"@type\":\"ListItem\",\"position\":2,\"name\":\"Shapes of Light. Milano Design Week 2024\"}]},{\"@type\":\"WebSite\",\"@id\":\"https:\/\/www.rimadesio.it\/es\/#website\",\"url\":\"https:\/\/www.rimadesio.it\/es\/\",\"name\":\"Rimadesio\",\"description\":\"Rimadesio official website\",\"publisher\":{\"@id\":\"https:\/\/www.rimadesio.it\/es\/#organization\"},\"potentialAction\":[{\"@type\":\"SearchAction\",\"target\":{\"@type\":\"EntryPoint\",\"urlTemplate\":\"https:\/\/www.rimadesio.it\/es\/?s={search_term_string}\"},\"query-input\":\"required name=search_term_string\"}],\"inLanguage\":\"es-ES\"},{\"@type\":\"Organization\",\"@id\":\"https:\/\/www.rimadesio.it\/es\/#organization\",\"name\":\"Rimadesio\",\"url\":\"https:\/\/www.rimadesio.it\/es\/\",\"logo\":{\"@type\":\"ImageObject\",\"inLanguage\":\"es-ES\",\"@id\":\"https:\/\/www.rimadesio.it\/es\/#\/schema\/logo\/image\/\",\"url\":\"https:\/\/static.rimadesio.it\/media\/2021\/08\/Logo.png\",\"contentUrl\":\"https:\/\/static.rimadesio.it\/media\/2021\/08\/Logo.png\",\"width\":102,\"height\":18,\"caption\":\"Rimadesio\"},\"image\":{\"@id\":\"https:\/\/www.rimadesio.it\/es\/#\/schema\/logo\/image\/\"}}]}<\/script>\n<!-- \/ Yoast SEO plugin. -->","yoast_head_json":{"title":"Shapes of Light. Milano Design Week 2024 - Rimadesio","description":"Protagonista de la tienda insignia de Mil\u00e1n con motivo de la Milano Design Week, la nueva colecci\u00f3n dise\u00f1ada por Giuseppe Bavuso representa un conjunto de","robots":{"index":"index","follow":"follow","max-snippet":"max-snippet:-1","max-image-preview":"max-image-preview:large","max-video-preview":"max-video-preview:-1"},"canonical":"https:\/\/www.rimadesio.it\/es\/journal\/shapes-of-light-milano-design-week-2024\/","og_locale":"es_ES","og_type":"article","og_title":"Shapes of Light. Milano Design Week 2024 - Rimadesio","og_description":"Protagonista de la tienda insignia de Mil\u00e1n con motivo de la Milano Design Week, la nueva colecci\u00f3n dise\u00f1ada por Giuseppe Bavuso representa un conjunto de","og_url":"https:\/\/www.rimadesio.it\/es\/journal\/shapes-of-light-milano-design-week-2024\/","og_site_name":"Rimadesio","twitter_card":"summary_large_image","schema":{"@context":"https:\/\/schema.org","@graph":[{"@type":"WebPage","@id":"https:\/\/www.rimadesio.it\/es\/journal\/shapes-of-light-milano-design-week-2024\/","url":"https:\/\/www.rimadesio.it\/es\/journal\/shapes-of-light-milano-design-week-2024\/","name":"Shapes of Light. Milano Design Week 2024 - Rimadesio","isPartOf":{"@id":"https:\/\/www.rimadesio.it\/es\/#website"},"datePublished":"2024-04-29T07:27:27+00:00","dateModified":"2024-04-29T07:27:27+00:00","description":"Protagonista de la tienda insignia de Mil\u00e1n con motivo de la Milano Design Week, la nueva colecci\u00f3n dise\u00f1ada por Giuseppe Bavuso representa un conjunto de","breadcrumb":{"@id":"https:\/\/www.rimadesio.it\/es\/journal\/shapes-of-light-milano-design-week-2024\/#breadcrumb"},"inLanguage":"es-ES","potentialAction":[{"@type":"ReadAction","target":["https:\/\/www.rimadesio.it\/es\/journal\/shapes-of-light-milano-design-week-2024\/"]}]},{"@type":"BreadcrumbList","@id":"https:\/\/www.rimadesio.it\/es\/journal\/shapes-of-light-milano-design-week-2024\/#breadcrumb","itemListElement":[{"@type":"ListItem","position":1,"name":"Homepage","item":"https:\/\/www.rimadesio.it\/es\/"},{"@type":"ListItem","position":2,"name":"Shapes of Light. Milano Design Week 2024"}]},{"@type":"WebSite","@id":"https:\/\/www.rimadesio.it\/es\/#website","url":"https:\/\/www.rimadesio.it\/es\/","name":"Rimadesio","description":"Rimadesio official website","publisher":{"@id":"https:\/\/www.rimadesio.it\/es\/#organization"},"potentialAction":[{"@type":"SearchAction","target":{"@type":"EntryPoint","urlTemplate":"https:\/\/www.rimadesio.it\/es\/?s={search_term_string}"},"query-input":"required name=search_term_string"}],"inLanguage":"es-ES"},{"@type":"Organization","@id":"https:\/\/www.rimadesio.it\/es\/#organization","name":"Rimadesio","url":"https:\/\/www.rimadesio.it\/es\/","logo":{"@type":"ImageObject","inLanguage":"es-ES","@id":"https:\/\/www.rimadesio.it\/es\/#\/schema\/logo\/image\/","url":"https:\/\/static.rimadesio.it\/media\/2021\/08\/Logo.png","contentUrl":"https:\/\/static.rimadesio.it\/media\/2021\/08\/Logo.png","width":102,"height":18,"caption":"Rimadesio"},"image":{"@id":"https:\/\/www.rimadesio.it\/es\/#\/schema\/logo\/image\/"}}]}},"_links":{"self":[{"href":"https:\/\/www.rimadesio.it\/es\/wp-json\/wp\/v2\/journal\/163444"}],"collection":[{"href":"https:\/\/www.rimadesio.it\/es\/wp-json\/wp\/v2\/journal"}],"about":[{"href":"https:\/\/www.rimadesio.it\/es\/wp-json\/wp\/v2\/types\/journal"}],"wp:attachment":[{"href":"https:\/\/www.rimadesio.it\/es\/wp-json\/wp\/v2\/media?parent=163444"}],"wp:term":[{"taxonomy":"journal_category","embeddable":true,"href":"https:\/\/www.rimadesio.it\/es\/wp-json\/wp\/v2\/journal_category?post=163444"}],"curies":[{"name":"wp","href":"https:\/\/api.w.org\/{rel}","templated":true}]}}

<p>Protagonista de la tienda insignia de Milán con motivo de la Milano Design Week, la nueva colección diseñada por Giuseppe Bavuso representa un conjunto de soluciones coherentes en términos de estilo y diseño, confirmando los temas que siempre han estado en el centro de la investigación de Rimadesio.</p>

<!-- This site is optimized with the Yoast SEO plugin v20.4 - https://yoast.com/wordpress/plugins/seo/ -->
<title>Shapes of Light. Milano Design Week 2024 - Rimadesio</title>
<meta name="description" content="Protagonista de la tienda insignia de Milán con motivo de la Milano Design Week, la nueva colección diseñada por Giuseppe Bavuso representa un conjunto de" />
<meta name="robots" content="index, follow, max-snippet:-1, max-image-preview:large, max-video-preview:-1" />
<link rel="canonical" href="https://www.rimadesio.it/es/journal/shapes-of-light-milano-design-week-2024/" />
<meta property="og:locale" content="es_ES" />
<meta property="og:type" content="article" />
<meta property="og:title" content="Shapes of Light. Milano Design Week 2024 - Rimadesio" />
<meta property="og:description" content="Protagonista de la tienda insignia de Milán con motivo de la Milano Design Week, la nueva colección diseñada por Giuseppe Bavuso representa un conjunto de" />
<meta property="og:url" content="https://www.rimadesio.it/es/journal/shapes-of-light-milano-design-week-2024/" />
<meta property="og:site_name" content="Rimadesio" />
<meta name="twitter:card" content="summary_large_image" />
<script type="application/ld+json" class="yoast-schema-graph">{"@context":"https://schema.org","@graph":[{"@type":"WebPage","@id":"https://www.rimadesio.it/es/journal/shapes-of-light-milano-design-week-2024/","url":"https://www.rimadesio.it/es/journal/shapes-of-light-milano-design-week-2024/","name":"Shapes of Light. Milano Design Week 2024 - Rimadesio","isPartOf":{"@id":"https://www.rimadesio.it/es/#website"},"datePublished":"2024-04-29T07:27:27+00:00","dateModified":"2024-04-29T07:27:27+00:00","description":"Protagonista de la tienda insignia de Milán con motivo de la Milano Design Week, la nueva colección diseñada por Giuseppe Bavuso representa un conjunto de","breadcrumb":{"@id":"https://www.rimadesio.it/es/journal/shapes-of-light-milano-design-week-2024/#breadcrumb"},"inLanguage":"es-ES","potentialAction":[{"@type":"ReadAction","target":["https://www.rimadesio.it/es/journal/shapes-of-light-milano-design-week-2024/"]}]},{"@type":"BreadcrumbList","@id":"https://www.rimadesio.it/es/journal/shapes-of-light-milano-design-week-2024/#breadcrumb","itemListElement":[{"@type":"ListItem","position":1,"name":"Homepage","item":"https://www.rimadesio.it/es/"},{"@type":"ListItem","position":2,"name":"Shapes of Light. Milano Design Week 2024"}]},{"@type":"WebSite","@id":"https://www.rimadesio.it/es/#website","url":"https://www.rimadesio.it/es/","name":"Rimadesio","description":"Rimadesio official website","publisher":{"@id":"https://www.rimadesio.it/es/#organization"},"potentialAction":[{"@type":"SearchAction","target":{"@type":"EntryPoint","urlTemplate":"https://www.rimadesio.it/es/?s={search_term_string}"},"query-input":"required name=search_term_string"}],"inLanguage":"es-ES"},{"@type":"Organization","@id":"https://www.rimadesio.it/es/#organization","name":"Rimadesio","url":"https://www.rimadesio.it/es/","logo":{"@type":"ImageObject","inLanguage":"es-ES","@id":"https://www.rimadesio.it/es/#/schema/logo/image/","url":"https://static.rimadesio.it/media/2021/08/Logo.png","contentUrl":"https://static.rimadesio.it/media/2021/08/Logo.png","width":102,"height":18,"caption":"Rimadesio"},"image":{"@id":"https://www.rimadesio.it/es/#/schema/logo/image/"}}]}</script>
<!-- / Yoast SEO plugin. -->

Protagonista de la tienda insignia de Milán con motivo de la Milano Design Week, la nueva colección diseñada por Giuseppe Bavuso representa un conjunto de
