{"id":155321,"date":"2022-03-22T11:17:03","date_gmt":"2022-03-22T10:17:03","guid":{"rendered":"https:\/\/www.rimadesio.it\/journal\/beppe-finessi-talks-with-marco-romanelli\/"},"modified":"2022-03-22T11:17:03","modified_gmt":"2022-03-22T10:17:03","slug":"beppe-finessi-talks-with-marco-romanelli","status":"publish","type":"journal","link":"https:\/\/www.rimadesio.it\/es\/journal\/beppe-finessi-talks-with-marco-romanelli\/","title":{"rendered":"Talking About Architecture: Beppe Finessi conversa con Marco Romanelli"},"content":{"rendered":"<p>Los interiores se consideran hoy en d\u00eda plat\u00f3s que hay que montar m\u00e1s que espacios que hay que conformar: \u00e9sta es la tesis com\u00fan expresada por Beppe Finessi y Marco Romanelli en el primero de los 4 encuentros \u201cTalking about\u201d en el teatro Rimadesio de Mil\u00e1n.<\/p>\n","protected":false},"featured_media":0,"template":"","journal_category":[486],"acf":[],"yoast_head":"<!-- This site is optimized with the Yoast SEO plugin v20.4 - https:\/\/yoast.com\/wordpress\/plugins\/seo\/ -->\n<title>Talking About Architecture: Beppe Finessi conversa con Marco Romanelli - Rimadesio<\/title>\n<meta name=\"description\" content=\"Los interiores se consideran hoy en d\u00eda plat\u00f3s que hay que montar m\u00e1s que espacios que hay que conformar: \u00e9sta es la tesis com\u00fan expresada por Beppe\" \/>\n<meta name=\"robots\" content=\"index, follow, max-snippet:-1, max-image-preview:large, max-video-preview:-1\" \/>\n<link rel=\"canonical\" href=\"https:\/\/www.rimadesio.it\/es\/journal\/beppe-finessi-talks-with-marco-romanelli\/\" \/>\n<meta property=\"og:locale\" content=\"es_ES\" \/>\n<meta property=\"og:type\" content=\"article\" \/>\n<meta property=\"og:title\" content=\"Talking About Architecture: Beppe Finessi conversa con Marco Romanelli - Rimadesio\" \/>\n<meta property=\"og:description\" content=\"Los interiores se consideran hoy en d\u00eda plat\u00f3s que hay que montar m\u00e1s que espacios que hay que conformar: \u00e9sta es la tesis com\u00fan expresada por Beppe\" \/>\n<meta property=\"og:url\" content=\"https:\/\/www.rimadesio.it\/es\/journal\/beppe-finessi-talks-with-marco-romanelli\/\" \/>\n<meta property=\"og:site_name\" content=\"Rimadesio\" \/>\n<meta name=\"twitter:card\" content=\"summary_large_image\" \/>\n<script type=\"application\/ld+json\" class=\"yoast-schema-graph\">{\"@context\":\"https:\/\/schema.org\",\"@graph\":[{\"@type\":\"WebPage\",\"@id\":\"https:\/\/www.rimadesio.it\/es\/journal\/beppe-finessi-talks-with-marco-romanelli\/\",\"url\":\"https:\/\/www.rimadesio.it\/es\/journal\/beppe-finessi-talks-with-marco-romanelli\/\",\"name\":\"Talking About Architecture: Beppe Finessi conversa con Marco Romanelli - Rimadesio\",\"isPartOf\":{\"@id\":\"https:\/\/www.rimadesio.it\/es\/#website\"},\"datePublished\":\"2022-03-22T10:17:03+00:00\",\"dateModified\":\"2022-03-22T10:17:03+00:00\",\"description\":\"Los interiores se consideran hoy en d\u00eda plat\u00f3s que hay que montar m\u00e1s que espacios que hay que conformar: \u00e9sta es la tesis com\u00fan expresada por Beppe\",\"breadcrumb\":{\"@id\":\"https:\/\/www.rimadesio.it\/es\/journal\/beppe-finessi-talks-with-marco-romanelli\/#breadcrumb\"},\"inLanguage\":\"es-ES\",\"potentialAction\":[{\"@type\":\"ReadAction\",\"target\":[\"https:\/\/www.rimadesio.it\/es\/journal\/beppe-finessi-talks-with-marco-romanelli\/\"]}]},{\"@type\":\"BreadcrumbList\",\"@id\":\"https:\/\/www.rimadesio.it\/es\/journal\/beppe-finessi-talks-with-marco-romanelli\/#breadcrumb\",\"itemListElement\":[{\"@type\":\"ListItem\",\"position\":1,\"name\":\"Homepage\",\"item\":\"https:\/\/www.rimadesio.it\/es\/\"},{\"@type\":\"ListItem\",\"position\":2,\"name\":\"Entrevistas\",\"item\":\"https:\/\/www.rimadesio.it\/es\/journal-category\/entrevistas\/\"},{\"@type\":\"ListItem\",\"position\":3,\"name\":\"Talking About Architecture: Beppe Finessi conversa con Marco Romanelli\"}]},{\"@type\":\"WebSite\",\"@id\":\"https:\/\/www.rimadesio.it\/es\/#website\",\"url\":\"https:\/\/www.rimadesio.it\/es\/\",\"name\":\"Rimadesio\",\"description\":\"Rimadesio official website\",\"publisher\":{\"@id\":\"https:\/\/www.rimadesio.it\/es\/#organization\"},\"potentialAction\":[{\"@type\":\"SearchAction\",\"target\":{\"@type\":\"EntryPoint\",\"urlTemplate\":\"https:\/\/www.rimadesio.it\/es\/?s={search_term_string}\"},\"query-input\":\"required name=search_term_string\"}],\"inLanguage\":\"es-ES\"},{\"@type\":\"Organization\",\"@id\":\"https:\/\/www.rimadesio.it\/es\/#organization\",\"name\":\"Rimadesio\",\"url\":\"https:\/\/www.rimadesio.it\/es\/\",\"logo\":{\"@type\":\"ImageObject\",\"inLanguage\":\"es-ES\",\"@id\":\"https:\/\/www.rimadesio.it\/es\/#\/schema\/logo\/image\/\",\"url\":\"https:\/\/static.rimadesio.it\/media\/2021\/08\/Logo.png\",\"contentUrl\":\"https:\/\/static.rimadesio.it\/media\/2021\/08\/Logo.png\",\"width\":102,\"height\":18,\"caption\":\"Rimadesio\"},\"image\":{\"@id\":\"https:\/\/www.rimadesio.it\/es\/#\/schema\/logo\/image\/\"}}]}<\/script>\n<!-- \/ Yoast SEO plugin. -->","yoast_head_json":{"title":"Talking About Architecture: Beppe Finessi conversa con Marco Romanelli - Rimadesio","description":"Los interiores se consideran hoy en d\u00eda plat\u00f3s que hay que montar m\u00e1s que espacios que hay que conformar: \u00e9sta es la tesis com\u00fan expresada por Beppe","robots":{"index":"index","follow":"follow","max-snippet":"max-snippet:-1","max-image-preview":"max-image-preview:large","max-video-preview":"max-video-preview:-1"},"canonical":"https:\/\/www.rimadesio.it\/es\/journal\/beppe-finessi-talks-with-marco-romanelli\/","og_locale":"es_ES","og_type":"article","og_title":"Talking About Architecture: Beppe Finessi conversa con Marco Romanelli - Rimadesio","og_description":"Los interiores se consideran hoy en d\u00eda plat\u00f3s que hay que montar m\u00e1s que espacios que hay que conformar: \u00e9sta es la tesis com\u00fan expresada por Beppe","og_url":"https:\/\/www.rimadesio.it\/es\/journal\/beppe-finessi-talks-with-marco-romanelli\/","og_site_name":"Rimadesio","twitter_card":"summary_large_image","schema":{"@context":"https:\/\/schema.org","@graph":[{"@type":"WebPage","@id":"https:\/\/www.rimadesio.it\/es\/journal\/beppe-finessi-talks-with-marco-romanelli\/","url":"https:\/\/www.rimadesio.it\/es\/journal\/beppe-finessi-talks-with-marco-romanelli\/","name":"Talking About Architecture: Beppe Finessi conversa con Marco Romanelli - Rimadesio","isPartOf":{"@id":"https:\/\/www.rimadesio.it\/es\/#website"},"datePublished":"2022-03-22T10:17:03+00:00","dateModified":"2022-03-22T10:17:03+00:00","description":"Los interiores se consideran hoy en d\u00eda plat\u00f3s que hay que montar m\u00e1s que espacios que hay que conformar: \u00e9sta es la tesis com\u00fan expresada por Beppe","breadcrumb":{"@id":"https:\/\/www.rimadesio.it\/es\/journal\/beppe-finessi-talks-with-marco-romanelli\/#breadcrumb"},"inLanguage":"es-ES","potentialAction":[{"@type":"ReadAction","target":["https:\/\/www.rimadesio.it\/es\/journal\/beppe-finessi-talks-with-marco-romanelli\/"]}]},{"@type":"BreadcrumbList","@id":"https:\/\/www.rimadesio.it\/es\/journal\/beppe-finessi-talks-with-marco-romanelli\/#breadcrumb","itemListElement":[{"@type":"ListItem","position":1,"name":"Homepage","item":"https:\/\/www.rimadesio.it\/es\/"},{"@type":"ListItem","position":2,"name":"Entrevistas","item":"https:\/\/www.rimadesio.it\/es\/journal-category\/entrevistas\/"},{"@type":"ListItem","position":3,"name":"Talking About Architecture: Beppe Finessi conversa con Marco Romanelli"}]},{"@type":"WebSite","@id":"https:\/\/www.rimadesio.it\/es\/#website","url":"https:\/\/www.rimadesio.it\/es\/","name":"Rimadesio","description":"Rimadesio official website","publisher":{"@id":"https:\/\/www.rimadesio.it\/es\/#organization"},"potentialAction":[{"@type":"SearchAction","target":{"@type":"EntryPoint","urlTemplate":"https:\/\/www.rimadesio.it\/es\/?s={search_term_string}"},"query-input":"required name=search_term_string"}],"inLanguage":"es-ES"},{"@type":"Organization","@id":"https:\/\/www.rimadesio.it\/es\/#organization","name":"Rimadesio","url":"https:\/\/www.rimadesio.it\/es\/","logo":{"@type":"ImageObject","inLanguage":"es-ES","@id":"https:\/\/www.rimadesio.it\/es\/#\/schema\/logo\/image\/","url":"https:\/\/static.rimadesio.it\/media\/2021\/08\/Logo.png","contentUrl":"https:\/\/static.rimadesio.it\/media\/2021\/08\/Logo.png","width":102,"height":18,"caption":"Rimadesio"},"image":{"@id":"https:\/\/www.rimadesio.it\/es\/#\/schema\/logo\/image\/"}}]}},"_links":{"self":[{"href":"https:\/\/www.rimadesio.it\/es\/wp-json\/wp\/v2\/journal\/155321"}],"collection":[{"href":"https:\/\/www.rimadesio.it\/es\/wp-json\/wp\/v2\/journal"}],"about":[{"href":"https:\/\/www.rimadesio.it\/es\/wp-json\/wp\/v2\/types\/journal"}],"wp:attachment":[{"href":"https:\/\/www.rimadesio.it\/es\/wp-json\/wp\/v2\/media?parent=155321"}],"wp:term":[{"taxonomy":"journal_category","embeddable":true,"href":"https:\/\/www.rimadesio.it\/es\/wp-json\/wp\/v2\/journal_category?post=155321"}],"curies":[{"name":"wp","href":"https:\/\/api.w.org\/{rel}","templated":true}]}}

<p>Los interiores se consideran hoy en día platós que hay que montar más que espacios que hay que conformar: ésta es la tesis común expresada por Beppe Finessi y Marco Romanelli en el primero de los 4 encuentros “Talking about” en el teatro Rimadesio de Milán.</p>

<!-- This site is optimized with the Yoast SEO plugin v20.4 - https://yoast.com/wordpress/plugins/seo/ -->
<title>Talking About Architecture: Beppe Finessi conversa con Marco Romanelli - Rimadesio</title>
<meta name="description" content="Los interiores se consideran hoy en día platós que hay que montar más que espacios que hay que conformar: ésta es la tesis común expresada por Beppe" />
<meta name="robots" content="index, follow, max-snippet:-1, max-image-preview:large, max-video-preview:-1" />
<link rel="canonical" href="https://www.rimadesio.it/es/journal/beppe-finessi-talks-with-marco-romanelli/" />
<meta property="og:locale" content="es_ES" />
<meta property="og:type" content="article" />
<meta property="og:title" content="Talking About Architecture: Beppe Finessi conversa con Marco Romanelli - Rimadesio" />
<meta property="og:description" content="Los interiores se consideran hoy en día platós que hay que montar más que espacios que hay que conformar: ésta es la tesis común expresada por Beppe" />
<meta property="og:url" content="https://www.rimadesio.it/es/journal/beppe-finessi-talks-with-marco-romanelli/" />
<meta property="og:site_name" content="Rimadesio" />
<meta name="twitter:card" content="summary_large_image" />
<script type="application/ld+json" class="yoast-schema-graph">{"@context":"https://schema.org","@graph":[{"@type":"WebPage","@id":"https://www.rimadesio.it/es/journal/beppe-finessi-talks-with-marco-romanelli/","url":"https://www.rimadesio.it/es/journal/beppe-finessi-talks-with-marco-romanelli/","name":"Talking About Architecture: Beppe Finessi conversa con Marco Romanelli - Rimadesio","isPartOf":{"@id":"https://www.rimadesio.it/es/#website"},"datePublished":"2022-03-22T10:17:03+00:00","dateModified":"2022-03-22T10:17:03+00:00","description":"Los interiores se consideran hoy en día platós que hay que montar más que espacios que hay que conformar: ésta es la tesis común expresada por Beppe","breadcrumb":{"@id":"https://www.rimadesio.it/es/journal/beppe-finessi-talks-with-marco-romanelli/#breadcrumb"},"inLanguage":"es-ES","potentialAction":[{"@type":"ReadAction","target":["https://www.rimadesio.it/es/journal/beppe-finessi-talks-with-marco-romanelli/"]}]},{"@type":"BreadcrumbList","@id":"https://www.rimadesio.it/es/journal/beppe-finessi-talks-with-marco-romanelli/#breadcrumb","itemListElement":[{"@type":"ListItem","position":1,"name":"Homepage","item":"https://www.rimadesio.it/es/"},{"@type":"ListItem","position":2,"name":"Entrevistas","item":"https://www.rimadesio.it/es/journal-category/entrevistas/"},{"@type":"ListItem","position":3,"name":"Talking About Architecture: Beppe Finessi conversa con Marco Romanelli"}]},{"@type":"WebSite","@id":"https://www.rimadesio.it/es/#website","url":"https://www.rimadesio.it/es/","name":"Rimadesio","description":"Rimadesio official website","publisher":{"@id":"https://www.rimadesio.it/es/#organization"},"potentialAction":[{"@type":"SearchAction","target":{"@type":"EntryPoint","urlTemplate":"https://www.rimadesio.it/es/?s={search_term_string}"},"query-input":"required name=search_term_string"}],"inLanguage":"es-ES"},{"@type":"Organization","@id":"https://www.rimadesio.it/es/#organization","name":"Rimadesio","url":"https://www.rimadesio.it/es/","logo":{"@type":"ImageObject","inLanguage":"es-ES","@id":"https://www.rimadesio.it/es/#/schema/logo/image/","url":"https://static.rimadesio.it/media/2021/08/Logo.png","contentUrl":"https://static.rimadesio.it/media/2021/08/Logo.png","width":102,"height":18,"caption":"Rimadesio"},"image":{"@id":"https://www.rimadesio.it/es/#/schema/logo/image/"}}]}</script>
<!-- / Yoast SEO plugin. -->

Los interiores se consideran hoy en día platós que hay que montar más que espacios que hay que conformar: ésta es la tesis común expresada por Beppe
