{"id":155286,"date":"2022-03-22T11:08:45","date_gmt":"2022-03-22T10:08:45","guid":{"rendered":"https:\/\/www.rimadesio.it\/journal\/stories-and-matters-2019\/"},"modified":"2022-03-22T11:08:45","modified_gmt":"2022-03-22T10:08:45","slug":"stories-and-matters-2019","status":"publish","type":"journal","link":"https:\/\/www.rimadesio.it\/es\/journal\/stories-and-matters-2019\/","title":{"rendered":"Stories and Matters 2019"},"content":{"rendered":"<p>La dimensi\u00f3n estil\u00edstica de Rimadesio se confirma como protagonista del nuevo cat\u00e1logo Stories and Matters, un proyecto editorial creado para describir la realidad de la empresa m\u00e1s all\u00e1 del producto, que ya va por su cuarta edici\u00f3n.<\/p>\n","protected":false},"featured_media":0,"template":"","journal_category":[479],"acf":[],"yoast_head":"<!-- This site is optimized with the Yoast SEO plugin v20.4 - https:\/\/yoast.com\/wordpress\/plugins\/seo\/ -->\n<title>Stories and Matters 2019 - Rimadesio<\/title>\n<meta name=\"description\" content=\"La dimensi\u00f3n estil\u00edstica de Rimadesio se confirma como protagonista del nuevo cat\u00e1logo Stories and Matters, un proyecto editorial creado para describir la\" \/>\n<meta name=\"robots\" content=\"index, follow, max-snippet:-1, max-image-preview:large, max-video-preview:-1\" \/>\n<link rel=\"canonical\" href=\"https:\/\/www.rimadesio.it\/es\/journal\/stories-and-matters-2019\/\" \/>\n<meta property=\"og:locale\" content=\"es_ES\" \/>\n<meta property=\"og:type\" content=\"article\" \/>\n<meta property=\"og:title\" content=\"Stories and Matters 2019 - Rimadesio\" \/>\n<meta property=\"og:description\" content=\"La dimensi\u00f3n estil\u00edstica de Rimadesio se confirma como protagonista del nuevo cat\u00e1logo Stories and Matters, un proyecto editorial creado para describir la\" \/>\n<meta property=\"og:url\" content=\"https:\/\/www.rimadesio.it\/es\/journal\/stories-and-matters-2019\/\" \/>\n<meta property=\"og:site_name\" content=\"Rimadesio\" \/>\n<meta name=\"twitter:card\" content=\"summary_large_image\" \/>\n<script type=\"application\/ld+json\" class=\"yoast-schema-graph\">{\"@context\":\"https:\/\/schema.org\",\"@graph\":[{\"@type\":\"WebPage\",\"@id\":\"https:\/\/www.rimadesio.it\/es\/journal\/stories-and-matters-2019\/\",\"url\":\"https:\/\/www.rimadesio.it\/es\/journal\/stories-and-matters-2019\/\",\"name\":\"Stories and Matters 2019 - Rimadesio\",\"isPartOf\":{\"@id\":\"https:\/\/www.rimadesio.it\/es\/#website\"},\"datePublished\":\"2022-03-22T10:08:45+00:00\",\"dateModified\":\"2022-03-22T10:08:45+00:00\",\"description\":\"La dimensi\u00f3n estil\u00edstica de Rimadesio se confirma como protagonista del nuevo cat\u00e1logo Stories and Matters, un proyecto editorial creado para describir la\",\"breadcrumb\":{\"@id\":\"https:\/\/www.rimadesio.it\/es\/journal\/stories-and-matters-2019\/#breadcrumb\"},\"inLanguage\":\"es-ES\",\"potentialAction\":[{\"@type\":\"ReadAction\",\"target\":[\"https:\/\/www.rimadesio.it\/es\/journal\/stories-and-matters-2019\/\"]}]},{\"@type\":\"BreadcrumbList\",\"@id\":\"https:\/\/www.rimadesio.it\/es\/journal\/stories-and-matters-2019\/#breadcrumb\",\"itemListElement\":[{\"@type\":\"ListItem\",\"position\":1,\"name\":\"Homepage\",\"item\":\"https:\/\/www.rimadesio.it\/es\/\"},{\"@type\":\"ListItem\",\"position\":2,\"name\":\"Eventos\",\"item\":\"https:\/\/www.rimadesio.it\/es\/journal-category\/eventos\/\"},{\"@type\":\"ListItem\",\"position\":3,\"name\":\"Stories and Matters 2019\"}]},{\"@type\":\"WebSite\",\"@id\":\"https:\/\/www.rimadesio.it\/es\/#website\",\"url\":\"https:\/\/www.rimadesio.it\/es\/\",\"name\":\"Rimadesio\",\"description\":\"Rimadesio official website\",\"publisher\":{\"@id\":\"https:\/\/www.rimadesio.it\/es\/#organization\"},\"potentialAction\":[{\"@type\":\"SearchAction\",\"target\":{\"@type\":\"EntryPoint\",\"urlTemplate\":\"https:\/\/www.rimadesio.it\/es\/?s={search_term_string}\"},\"query-input\":\"required name=search_term_string\"}],\"inLanguage\":\"es-ES\"},{\"@type\":\"Organization\",\"@id\":\"https:\/\/www.rimadesio.it\/es\/#organization\",\"name\":\"Rimadesio\",\"url\":\"https:\/\/www.rimadesio.it\/es\/\",\"logo\":{\"@type\":\"ImageObject\",\"inLanguage\":\"es-ES\",\"@id\":\"https:\/\/www.rimadesio.it\/es\/#\/schema\/logo\/image\/\",\"url\":\"https:\/\/static.rimadesio.it\/media\/2021\/08\/Logo.png\",\"contentUrl\":\"https:\/\/static.rimadesio.it\/media\/2021\/08\/Logo.png\",\"width\":102,\"height\":18,\"caption\":\"Rimadesio\"},\"image\":{\"@id\":\"https:\/\/www.rimadesio.it\/es\/#\/schema\/logo\/image\/\"}}]}<\/script>\n<!-- \/ Yoast SEO plugin. -->","yoast_head_json":{"title":"Stories and Matters 2019 - Rimadesio","description":"La dimensi\u00f3n estil\u00edstica de Rimadesio se confirma como protagonista del nuevo cat\u00e1logo Stories and Matters, un proyecto editorial creado para describir la","robots":{"index":"index","follow":"follow","max-snippet":"max-snippet:-1","max-image-preview":"max-image-preview:large","max-video-preview":"max-video-preview:-1"},"canonical":"https:\/\/www.rimadesio.it\/es\/journal\/stories-and-matters-2019\/","og_locale":"es_ES","og_type":"article","og_title":"Stories and Matters 2019 - Rimadesio","og_description":"La dimensi\u00f3n estil\u00edstica de Rimadesio se confirma como protagonista del nuevo cat\u00e1logo Stories and Matters, un proyecto editorial creado para describir la","og_url":"https:\/\/www.rimadesio.it\/es\/journal\/stories-and-matters-2019\/","og_site_name":"Rimadesio","twitter_card":"summary_large_image","schema":{"@context":"https:\/\/schema.org","@graph":[{"@type":"WebPage","@id":"https:\/\/www.rimadesio.it\/es\/journal\/stories-and-matters-2019\/","url":"https:\/\/www.rimadesio.it\/es\/journal\/stories-and-matters-2019\/","name":"Stories and Matters 2019 - Rimadesio","isPartOf":{"@id":"https:\/\/www.rimadesio.it\/es\/#website"},"datePublished":"2022-03-22T10:08:45+00:00","dateModified":"2022-03-22T10:08:45+00:00","description":"La dimensi\u00f3n estil\u00edstica de Rimadesio se confirma como protagonista del nuevo cat\u00e1logo Stories and Matters, un proyecto editorial creado para describir la","breadcrumb":{"@id":"https:\/\/www.rimadesio.it\/es\/journal\/stories-and-matters-2019\/#breadcrumb"},"inLanguage":"es-ES","potentialAction":[{"@type":"ReadAction","target":["https:\/\/www.rimadesio.it\/es\/journal\/stories-and-matters-2019\/"]}]},{"@type":"BreadcrumbList","@id":"https:\/\/www.rimadesio.it\/es\/journal\/stories-and-matters-2019\/#breadcrumb","itemListElement":[{"@type":"ListItem","position":1,"name":"Homepage","item":"https:\/\/www.rimadesio.it\/es\/"},{"@type":"ListItem","position":2,"name":"Eventos","item":"https:\/\/www.rimadesio.it\/es\/journal-category\/eventos\/"},{"@type":"ListItem","position":3,"name":"Stories and Matters 2019"}]},{"@type":"WebSite","@id":"https:\/\/www.rimadesio.it\/es\/#website","url":"https:\/\/www.rimadesio.it\/es\/","name":"Rimadesio","description":"Rimadesio official website","publisher":{"@id":"https:\/\/www.rimadesio.it\/es\/#organization"},"potentialAction":[{"@type":"SearchAction","target":{"@type":"EntryPoint","urlTemplate":"https:\/\/www.rimadesio.it\/es\/?s={search_term_string}"},"query-input":"required name=search_term_string"}],"inLanguage":"es-ES"},{"@type":"Organization","@id":"https:\/\/www.rimadesio.it\/es\/#organization","name":"Rimadesio","url":"https:\/\/www.rimadesio.it\/es\/","logo":{"@type":"ImageObject","inLanguage":"es-ES","@id":"https:\/\/www.rimadesio.it\/es\/#\/schema\/logo\/image\/","url":"https:\/\/static.rimadesio.it\/media\/2021\/08\/Logo.png","contentUrl":"https:\/\/static.rimadesio.it\/media\/2021\/08\/Logo.png","width":102,"height":18,"caption":"Rimadesio"},"image":{"@id":"https:\/\/www.rimadesio.it\/es\/#\/schema\/logo\/image\/"}}]}},"_links":{"self":[{"href":"https:\/\/www.rimadesio.it\/es\/wp-json\/wp\/v2\/journal\/155286"}],"collection":[{"href":"https:\/\/www.rimadesio.it\/es\/wp-json\/wp\/v2\/journal"}],"about":[{"href":"https:\/\/www.rimadesio.it\/es\/wp-json\/wp\/v2\/types\/journal"}],"wp:attachment":[{"href":"https:\/\/www.rimadesio.it\/es\/wp-json\/wp\/v2\/media?parent=155286"}],"wp:term":[{"taxonomy":"journal_category","embeddable":true,"href":"https:\/\/www.rimadesio.it\/es\/wp-json\/wp\/v2\/journal_category?post=155286"}],"curies":[{"name":"wp","href":"https:\/\/api.w.org\/{rel}","templated":true}]}}

<p>La dimensión estilística de Rimadesio se confirma como protagonista del nuevo catálogo Stories and Matters, un proyecto editorial creado para describir la realidad de la empresa más allá del producto, que ya va por su cuarta edición.</p>

<!-- This site is optimized with the Yoast SEO plugin v20.4 - https://yoast.com/wordpress/plugins/seo/ -->
<title>Stories and Matters 2019 - Rimadesio</title>
<meta name="description" content="La dimensión estilística de Rimadesio se confirma como protagonista del nuevo catálogo Stories and Matters, un proyecto editorial creado para describir la" />
<meta name="robots" content="index, follow, max-snippet:-1, max-image-preview:large, max-video-preview:-1" />
<link rel="canonical" href="https://www.rimadesio.it/es/journal/stories-and-matters-2019/" />
<meta property="og:locale" content="es_ES" />
<meta property="og:type" content="article" />
<meta property="og:title" content="Stories and Matters 2019 - Rimadesio" />
<meta property="og:description" content="La dimensión estilística de Rimadesio se confirma como protagonista del nuevo catálogo Stories and Matters, un proyecto editorial creado para describir la" />
<meta property="og:url" content="https://www.rimadesio.it/es/journal/stories-and-matters-2019/" />
<meta property="og:site_name" content="Rimadesio" />
<meta name="twitter:card" content="summary_large_image" />
<script type="application/ld+json" class="yoast-schema-graph">{"@context":"https://schema.org","@graph":[{"@type":"WebPage","@id":"https://www.rimadesio.it/es/journal/stories-and-matters-2019/","url":"https://www.rimadesio.it/es/journal/stories-and-matters-2019/","name":"Stories and Matters 2019 - Rimadesio","isPartOf":{"@id":"https://www.rimadesio.it/es/#website"},"datePublished":"2022-03-22T10:08:45+00:00","dateModified":"2022-03-22T10:08:45+00:00","description":"La dimensión estilística de Rimadesio se confirma como protagonista del nuevo catálogo Stories and Matters, un proyecto editorial creado para describir la","breadcrumb":{"@id":"https://www.rimadesio.it/es/journal/stories-and-matters-2019/#breadcrumb"},"inLanguage":"es-ES","potentialAction":[{"@type":"ReadAction","target":["https://www.rimadesio.it/es/journal/stories-and-matters-2019/"]}]},{"@type":"BreadcrumbList","@id":"https://www.rimadesio.it/es/journal/stories-and-matters-2019/#breadcrumb","itemListElement":[{"@type":"ListItem","position":1,"name":"Homepage","item":"https://www.rimadesio.it/es/"},{"@type":"ListItem","position":2,"name":"Eventos","item":"https://www.rimadesio.it/es/journal-category/eventos/"},{"@type":"ListItem","position":3,"name":"Stories and Matters 2019"}]},{"@type":"WebSite","@id":"https://www.rimadesio.it/es/#website","url":"https://www.rimadesio.it/es/","name":"Rimadesio","description":"Rimadesio official website","publisher":{"@id":"https://www.rimadesio.it/es/#organization"},"potentialAction":[{"@type":"SearchAction","target":{"@type":"EntryPoint","urlTemplate":"https://www.rimadesio.it/es/?s={search_term_string}"},"query-input":"required name=search_term_string"}],"inLanguage":"es-ES"},{"@type":"Organization","@id":"https://www.rimadesio.it/es/#organization","name":"Rimadesio","url":"https://www.rimadesio.it/es/","logo":{"@type":"ImageObject","inLanguage":"es-ES","@id":"https://www.rimadesio.it/es/#/schema/logo/image/","url":"https://static.rimadesio.it/media/2021/08/Logo.png","contentUrl":"https://static.rimadesio.it/media/2021/08/Logo.png","width":102,"height":18,"caption":"Rimadesio"},"image":{"@id":"https://www.rimadesio.it/es/#/schema/logo/image/"}}]}</script>
<!-- / Yoast SEO plugin. -->

La dimensión estilística de Rimadesio se confirma como protagonista del nuevo catálogo Stories and Matters, un proyecto editorial creado para describir la
