{"id":147041,"date":"2022-01-03T10:29:54","date_gmt":"2022-01-03T09:29:54","guid":{"rendered":"https:\/\/www.rimadesio.it\/punti_vendita\/showroom-genf\/"},"modified":"2026-03-13T17:25:50","modified_gmt":"2026-03-13T16:25:50","slug":"showroom-genf","status":"publish","type":"punti_vendita","link":"https:\/\/www.rimadesio.it\/de\/verkaufspunkte\/showroom-genf\/","title":{"rendered":"Rimadesio Showroom Genf"},"content":{"rendered":"<p>Der neue Ausstellungsraum von Rimadesio im Herzen von Genf, im prestigetr\u00e4chtigen Viertel Champel-Malagnou, ist ein Bezugspunkt f\u00fcr zeitgen\u00f6ssisches Design und bietet ein komplettes Eintauchen in das Universum der von Giuseppe Bavuso entworfenen Produkte von Rimadesio: 240 Quadratmeter, die wie ein Entdeckungspfad konzipiert sind, in dem jeder Raum sorgf\u00e4ltig organisiert ist, um eine Vielfalt von Umgebungen und Atmosph\u00e4ren zu bieten. Die Architektur schafft ein faszinierendes visuelles Erlebnis f\u00fcr die Besucher und erm\u00f6glicht es ihnen, die Vielfalt und Eleganz der ausgestellten Kollektionen voll und ganz zu sch\u00e4tzen.<\/p>\n","protected":false},"featured_media":0,"template":"","acf":[],"yoast_head":"<!-- This site is optimized with the Yoast SEO plugin v20.4 - https:\/\/yoast.com\/wordpress\/plugins\/seo\/ -->\n<title>Rimadesio Showroom Genf - Rimadesio<\/title>\n<meta name=\"description\" content=\"Visita Rimadesio Showroom Genf e scopri la collezione: una selezione sempre aggiornata di arredi su misura e sistemi per l&#039;abitare contemporaneo. Alta qualit\u00e0 Made in Italy.\" \/>\n<meta name=\"robots\" content=\"index, follow, max-snippet:-1, max-image-preview:large, max-video-preview:-1\" \/>\n<link rel=\"canonical\" href=\"https:\/\/www.rimadesio.it\/de\/verkaufspunkte\/showroom-genf\/\" \/>\n<meta property=\"og:locale\" content=\"de_DE\" \/>\n<meta property=\"og:type\" content=\"article\" \/>\n<meta property=\"og:title\" content=\"Rimadesio Showroom Genf - Rimadesio\" \/>\n<meta property=\"og:description\" content=\"Visita Rimadesio Showroom Genf e scopri la collezione: una selezione sempre aggiornata di arredi su misura e sistemi per l&#039;abitare contemporaneo. Alta qualit\u00e0 Made in Italy.\" \/>\n<meta property=\"og:url\" content=\"https:\/\/www.rimadesio.it\/de\/verkaufspunkte\/showroom-genf\/\" \/>\n<meta property=\"og:site_name\" content=\"Rimadesio\" \/>\n<meta property=\"article:modified_time\" content=\"2026-03-13T16:25:50+00:00\" \/>\n<meta name=\"twitter:card\" content=\"summary_large_image\" \/>\n<script type=\"application\/ld+json\" class=\"yoast-schema-graph\">{\"@context\":\"https:\/\/schema.org\",\"@graph\":[{\"@type\":\"WebPage\",\"@id\":\"https:\/\/www.rimadesio.it\/de\/verkaufspunkte\/showroom-genf\/\",\"url\":\"https:\/\/www.rimadesio.it\/de\/verkaufspunkte\/showroom-genf\/\",\"name\":\"Rimadesio Showroom Genf - Rimadesio\",\"isPartOf\":{\"@id\":\"https:\/\/www.rimadesio.it\/de\/#website\"},\"datePublished\":\"2022-01-03T09:29:54+00:00\",\"dateModified\":\"2026-03-13T16:25:50+00:00\",\"description\":\"Visita Rimadesio Showroom Genf e scopri la collezione: una selezione sempre aggiornata di arredi su misura e sistemi per l'abitare contemporaneo. Alta qualit\u00e0 Made in Italy.\",\"breadcrumb\":{\"@id\":\"https:\/\/www.rimadesio.it\/de\/verkaufspunkte\/showroom-genf\/#breadcrumb\"},\"inLanguage\":\"de-DE\",\"potentialAction\":[{\"@type\":\"ReadAction\",\"target\":[\"https:\/\/www.rimadesio.it\/de\/verkaufspunkte\/showroom-genf\/\"]}]},{\"@type\":\"BreadcrumbList\",\"@id\":\"https:\/\/www.rimadesio.it\/de\/verkaufspunkte\/showroom-genf\/#breadcrumb\",\"itemListElement\":[{\"@type\":\"ListItem\",\"position\":1,\"name\":\"Homepage\",\"item\":\"https:\/\/www.rimadesio.it\/de\/\"},{\"@type\":\"ListItem\",\"position\":2,\"name\":\"Rimadesio Showroom Genf\"}]},{\"@type\":\"WebSite\",\"@id\":\"https:\/\/www.rimadesio.it\/de\/#website\",\"url\":\"https:\/\/www.rimadesio.it\/de\/\",\"name\":\"Rimadesio\",\"description\":\"Rimadesio official website\",\"publisher\":{\"@id\":\"https:\/\/www.rimadesio.it\/de\/#organization\"},\"potentialAction\":[{\"@type\":\"SearchAction\",\"target\":{\"@type\":\"EntryPoint\",\"urlTemplate\":\"https:\/\/www.rimadesio.it\/de\/?s={search_term_string}\"},\"query-input\":\"required name=search_term_string\"}],\"inLanguage\":\"de-DE\"},{\"@type\":\"Organization\",\"@id\":\"https:\/\/www.rimadesio.it\/de\/#organization\",\"name\":\"Rimadesio\",\"url\":\"https:\/\/www.rimadesio.it\/de\/\",\"logo\":{\"@type\":\"ImageObject\",\"inLanguage\":\"de-DE\",\"@id\":\"https:\/\/www.rimadesio.it\/de\/#\/schema\/logo\/image\/\",\"url\":\"https:\/\/static.rimadesio.it\/media\/2021\/08\/Logo.png\",\"contentUrl\":\"https:\/\/static.rimadesio.it\/media\/2021\/08\/Logo.png\",\"width\":102,\"height\":18,\"caption\":\"Rimadesio\"},\"image\":{\"@id\":\"https:\/\/www.rimadesio.it\/de\/#\/schema\/logo\/image\/\"}}]}<\/script>\n<!-- \/ Yoast SEO plugin. -->","yoast_head_json":{"title":"Rimadesio Showroom Genf - Rimadesio","description":"Visita Rimadesio Showroom Genf e scopri la collezione: una selezione sempre aggiornata di arredi su misura e sistemi per l'abitare contemporaneo. Alta qualit\u00e0 Made in Italy.","robots":{"index":"index","follow":"follow","max-snippet":"max-snippet:-1","max-image-preview":"max-image-preview:large","max-video-preview":"max-video-preview:-1"},"canonical":"https:\/\/www.rimadesio.it\/de\/verkaufspunkte\/showroom-genf\/","og_locale":"de_DE","og_type":"article","og_title":"Rimadesio Showroom Genf - Rimadesio","og_description":"Visita Rimadesio Showroom Genf e scopri la collezione: una selezione sempre aggiornata di arredi su misura e sistemi per l'abitare contemporaneo. Alta qualit\u00e0 Made in Italy.","og_url":"https:\/\/www.rimadesio.it\/de\/verkaufspunkte\/showroom-genf\/","og_site_name":"Rimadesio","article_modified_time":"2026-03-13T16:25:50+00:00","twitter_card":"summary_large_image","schema":{"@context":"https:\/\/schema.org","@graph":[{"@type":"WebPage","@id":"https:\/\/www.rimadesio.it\/de\/verkaufspunkte\/showroom-genf\/","url":"https:\/\/www.rimadesio.it\/de\/verkaufspunkte\/showroom-genf\/","name":"Rimadesio Showroom Genf - Rimadesio","isPartOf":{"@id":"https:\/\/www.rimadesio.it\/de\/#website"},"datePublished":"2022-01-03T09:29:54+00:00","dateModified":"2026-03-13T16:25:50+00:00","description":"Visita Rimadesio Showroom Genf e scopri la collezione: una selezione sempre aggiornata di arredi su misura e sistemi per l'abitare contemporaneo. Alta qualit\u00e0 Made in Italy.","breadcrumb":{"@id":"https:\/\/www.rimadesio.it\/de\/verkaufspunkte\/showroom-genf\/#breadcrumb"},"inLanguage":"de-DE","potentialAction":[{"@type":"ReadAction","target":["https:\/\/www.rimadesio.it\/de\/verkaufspunkte\/showroom-genf\/"]}]},{"@type":"BreadcrumbList","@id":"https:\/\/www.rimadesio.it\/de\/verkaufspunkte\/showroom-genf\/#breadcrumb","itemListElement":[{"@type":"ListItem","position":1,"name":"Homepage","item":"https:\/\/www.rimadesio.it\/de\/"},{"@type":"ListItem","position":2,"name":"Rimadesio Showroom Genf"}]},{"@type":"WebSite","@id":"https:\/\/www.rimadesio.it\/de\/#website","url":"https:\/\/www.rimadesio.it\/de\/","name":"Rimadesio","description":"Rimadesio official website","publisher":{"@id":"https:\/\/www.rimadesio.it\/de\/#organization"},"potentialAction":[{"@type":"SearchAction","target":{"@type":"EntryPoint","urlTemplate":"https:\/\/www.rimadesio.it\/de\/?s={search_term_string}"},"query-input":"required name=search_term_string"}],"inLanguage":"de-DE"},{"@type":"Organization","@id":"https:\/\/www.rimadesio.it\/de\/#organization","name":"Rimadesio","url":"https:\/\/www.rimadesio.it\/de\/","logo":{"@type":"ImageObject","inLanguage":"de-DE","@id":"https:\/\/www.rimadesio.it\/de\/#\/schema\/logo\/image\/","url":"https:\/\/static.rimadesio.it\/media\/2021\/08\/Logo.png","contentUrl":"https:\/\/static.rimadesio.it\/media\/2021\/08\/Logo.png","width":102,"height":18,"caption":"Rimadesio"},"image":{"@id":"https:\/\/www.rimadesio.it\/de\/#\/schema\/logo\/image\/"}}]}},"_links":{"self":[{"href":"https:\/\/www.rimadesio.it\/de\/wp-json\/wp\/v2\/punti_vendita\/147041"}],"collection":[{"href":"https:\/\/www.rimadesio.it\/de\/wp-json\/wp\/v2\/punti_vendita"}],"about":[{"href":"https:\/\/www.rimadesio.it\/de\/wp-json\/wp\/v2\/types\/punti_vendita"}],"wp:attachment":[{"href":"https:\/\/www.rimadesio.it\/de\/wp-json\/wp\/v2\/media?parent=147041"}],"curies":[{"name":"wp","href":"https:\/\/api.w.org\/{rel}","templated":true}]}}

<p>Der neue Ausstellungsraum von Rimadesio im Herzen von Genf, im prestigeträchtigen Viertel Champel-Malagnou, ist ein Bezugspunkt für zeitgenössisches Design und bietet ein komplettes Eintauchen in das Universum der von Giuseppe Bavuso entworfenen Produkte von Rimadesio: 240 Quadratmeter, die wie ein Entdeckungspfad konzipiert sind, in dem jeder Raum sorgfältig organisiert ist, um eine Vielfalt von Umgebungen und Atmosphären zu bieten. Die Architektur schafft ein faszinierendes visuelles Erlebnis für die Besucher und ermöglicht es ihnen, die Vielfalt und Eleganz der ausgestellten Kollektionen voll und ganz zu schätzen.</p>

<!-- This site is optimized with the Yoast SEO plugin v20.4 - https://yoast.com/wordpress/plugins/seo/ -->
<title>Rimadesio Showroom Genf - Rimadesio</title>
<meta name="description" content="Visita Rimadesio Showroom Genf e scopri la collezione: una selezione sempre aggiornata di arredi su misura e sistemi per l&#039;abitare contemporaneo. Alta qualità Made in Italy." />
<meta name="robots" content="index, follow, max-snippet:-1, max-image-preview:large, max-video-preview:-1" />
<link rel="canonical" href="https://www.rimadesio.it/de/verkaufspunkte/showroom-genf/" />
<meta property="og:locale" content="de_DE" />
<meta property="og:type" content="article" />
<meta property="og:title" content="Rimadesio Showroom Genf - Rimadesio" />
<meta property="og:description" content="Visita Rimadesio Showroom Genf e scopri la collezione: una selezione sempre aggiornata di arredi su misura e sistemi per l&#039;abitare contemporaneo. Alta qualità Made in Italy." />
<meta property="og:url" content="https://www.rimadesio.it/de/verkaufspunkte/showroom-genf/" />
<meta property="og:site_name" content="Rimadesio" />
<meta property="article:modified_time" content="2026-03-13T16:25:50+00:00" />
<meta name="twitter:card" content="summary_large_image" />
<script type="application/ld+json" class="yoast-schema-graph">{"@context":"https://schema.org","@graph":[{"@type":"WebPage","@id":"https://www.rimadesio.it/de/verkaufspunkte/showroom-genf/","url":"https://www.rimadesio.it/de/verkaufspunkte/showroom-genf/","name":"Rimadesio Showroom Genf - Rimadesio","isPartOf":{"@id":"https://www.rimadesio.it/de/#website"},"datePublished":"2022-01-03T09:29:54+00:00","dateModified":"2026-03-13T16:25:50+00:00","description":"Visita Rimadesio Showroom Genf e scopri la collezione: una selezione sempre aggiornata di arredi su misura e sistemi per l'abitare contemporaneo. Alta qualità Made in Italy.","breadcrumb":{"@id":"https://www.rimadesio.it/de/verkaufspunkte/showroom-genf/#breadcrumb"},"inLanguage":"de-DE","potentialAction":[{"@type":"ReadAction","target":["https://www.rimadesio.it/de/verkaufspunkte/showroom-genf/"]}]},{"@type":"BreadcrumbList","@id":"https://www.rimadesio.it/de/verkaufspunkte/showroom-genf/#breadcrumb","itemListElement":[{"@type":"ListItem","position":1,"name":"Homepage","item":"https://www.rimadesio.it/de/"},{"@type":"ListItem","position":2,"name":"Rimadesio Showroom Genf"}]},{"@type":"WebSite","@id":"https://www.rimadesio.it/de/#website","url":"https://www.rimadesio.it/de/","name":"Rimadesio","description":"Rimadesio official website","publisher":{"@id":"https://www.rimadesio.it/de/#organization"},"potentialAction":[{"@type":"SearchAction","target":{"@type":"EntryPoint","urlTemplate":"https://www.rimadesio.it/de/?s={search_term_string}"},"query-input":"required name=search_term_string"}],"inLanguage":"de-DE"},{"@type":"Organization","@id":"https://www.rimadesio.it/de/#organization","name":"Rimadesio","url":"https://www.rimadesio.it/de/","logo":{"@type":"ImageObject","inLanguage":"de-DE","@id":"https://www.rimadesio.it/de/#/schema/logo/image/","url":"https://static.rimadesio.it/media/2021/08/Logo.png","contentUrl":"https://static.rimadesio.it/media/2021/08/Logo.png","width":102,"height":18,"caption":"Rimadesio"},"image":{"@id":"https://www.rimadesio.it/de/#/schema/logo/image/"}}]}</script>
<!-- / Yoast SEO plugin. -->

Visita Rimadesio Showroom Genf e scopri la collezione: una selezione sempre aggiornata di arredi su misura e sistemi per l'abitare contemporaneo. Alta qualità Made in Italy.
