{"id":149290,"date":"2018-08-22T16:01:11","date_gmt":"2018-08-22T14:01:11","guid":{"rendered":"https:\/\/www.rimadesio.it\/product\/self-2\/"},"modified":"2026-04-15T11:17:49","modified_gmt":"2026-04-15T09:17:49","slug":"self","status":"publish","type":"product","link":"https:\/\/www.rimadesio.it\/de\/produkt\/self\/","title":{"rendered":"Self"},"content":{"rendered":"<p>Self ist ein modulares System f\u00fcr jeden Bereich des Hauses, mit dem man ein- und doppelseitige Schr\u00e4nke, Nachttische, Kommoden und an der Wand h\u00e4ngende Kompositionen kreieren kann.<br \/>\nDie Vielseitigkeit dieser Linie garantiert, dass Self mit maximaler Freiheit, das bedeutet mit Kompositionen von horizontaler Modularit\u00e4t oder Beh\u00e4ltern, die sich vertikal entwickeln, entworfen werden kann. Mit der au\u00dfergew\u00f6hnlichen Vielfalt der 70 verf\u00fcgbaren Farben der Ecolorsystem-Kollektion umfasst die Self-Kollektion Kompositionen mit Schwing- und Klappt\u00fcren, Schubladen und offenen F\u00e4chern.<\/p>\n","protected":false},"featured_media":0,"template":"","product_category":[276,247,279,618,256,273,615,282,271],"acf":[],"yoast_head":"<!-- This site is optimized with the Yoast SEO plugin v20.4 - https:\/\/yoast.com\/wordpress\/plugins\/seo\/ -->\n<title>Self mobili giorno | Rimadesio<\/title>\n<meta name=\"description\" content=\"Scopri il sistema giorno Self by Rimadesio. Soluzioni dal design contemporaneo, realizzate su misura. Alta qualit\u00e0 Made in Italy.\" \/>\n<meta name=\"robots\" content=\"index, follow, max-snippet:-1, max-image-preview:large, max-video-preview:-1\" \/>\n<link rel=\"canonical\" href=\"https:\/\/www.rimadesio.it\/de\/produkt\/self\/\" \/>\n<meta property=\"og:locale\" content=\"de_DE\" \/>\n<meta property=\"og:type\" content=\"article\" \/>\n<meta property=\"og:title\" content=\"Self mobili giorno | Rimadesio\" \/>\n<meta property=\"og:description\" content=\"Scopri il sistema giorno Self by Rimadesio. Soluzioni dal design contemporaneo, realizzate su misura. Alta qualit\u00e0 Made in Italy.\" \/>\n<meta property=\"og:url\" content=\"https:\/\/www.rimadesio.it\/de\/produkt\/self\/\" \/>\n<meta property=\"og:site_name\" content=\"Rimadesio\" \/>\n<meta property=\"article:modified_time\" content=\"2026-04-15T09:17:49+00:00\" \/>\n<meta name=\"twitter:card\" content=\"summary_large_image\" \/>\n<script type=\"application\/ld+json\" class=\"yoast-schema-graph\">{\"@context\":\"https:\/\/schema.org\",\"@graph\":[{\"@type\":\"WebPage\",\"@id\":\"https:\/\/www.rimadesio.it\/de\/produkt\/self\/\",\"url\":\"https:\/\/www.rimadesio.it\/de\/produkt\/self\/\",\"name\":\"Self mobili giorno | Rimadesio\",\"isPartOf\":{\"@id\":\"https:\/\/www.rimadesio.it\/de\/#website\"},\"datePublished\":\"2018-08-22T14:01:11+00:00\",\"dateModified\":\"2026-04-15T09:17:49+00:00\",\"description\":\"Scopri il sistema giorno Self by Rimadesio. Soluzioni dal design contemporaneo, realizzate su misura. Alta qualit\u00e0 Made in Italy.\",\"breadcrumb\":{\"@id\":\"https:\/\/www.rimadesio.it\/de\/produkt\/self\/#breadcrumb\"},\"inLanguage\":\"de-DE\",\"potentialAction\":[{\"@type\":\"ReadAction\",\"target\":[\"https:\/\/www.rimadesio.it\/de\/produkt\/self\/\"]}]},{\"@type\":\"BreadcrumbList\",\"@id\":\"https:\/\/www.rimadesio.it\/de\/produkt\/self\/#breadcrumb\",\"itemListElement\":[{\"@type\":\"ListItem\",\"position\":1,\"name\":\"Homepage\",\"item\":\"https:\/\/www.rimadesio.it\/de\/\"},{\"@type\":\"ListItem\",\"position\":2,\"name\":\"Produkte\",\"item\":\"https:\/\/www.rimadesio.it\/de\/produkt\/\"},{\"@type\":\"ListItem\",\"position\":3,\"name\":\"Einrichtungsgegenst\u00e4nde\",\"item\":\"https:\/\/www.rimadesio.it\/de\/produktkategorie\/einzelmobel\/\"},{\"@type\":\"ListItem\",\"position\":4,\"name\":\"Schr\u00e4nkchen und Kommoden\",\"item\":\"https:\/\/www.rimadesio.it\/de\/produktkategorie\/einzelmobel\/schubladen-schranke-sekretar\/\"},{\"@type\":\"ListItem\",\"position\":5,\"name\":\"Self\"}]},{\"@type\":\"WebSite\",\"@id\":\"https:\/\/www.rimadesio.it\/de\/#website\",\"url\":\"https:\/\/www.rimadesio.it\/de\/\",\"name\":\"Rimadesio\",\"description\":\"Rimadesio official website\",\"publisher\":{\"@id\":\"https:\/\/www.rimadesio.it\/de\/#organization\"},\"potentialAction\":[{\"@type\":\"SearchAction\",\"target\":{\"@type\":\"EntryPoint\",\"urlTemplate\":\"https:\/\/www.rimadesio.it\/de\/?s={search_term_string}\"},\"query-input\":\"required name=search_term_string\"}],\"inLanguage\":\"de-DE\"},{\"@type\":\"Organization\",\"@id\":\"https:\/\/www.rimadesio.it\/de\/#organization\",\"name\":\"Rimadesio\",\"url\":\"https:\/\/www.rimadesio.it\/de\/\",\"logo\":{\"@type\":\"ImageObject\",\"inLanguage\":\"de-DE\",\"@id\":\"https:\/\/www.rimadesio.it\/de\/#\/schema\/logo\/image\/\",\"url\":\"https:\/\/static.rimadesio.it\/media\/2021\/08\/Logo.png\",\"contentUrl\":\"https:\/\/static.rimadesio.it\/media\/2021\/08\/Logo.png\",\"width\":102,\"height\":18,\"caption\":\"Rimadesio\"},\"image\":{\"@id\":\"https:\/\/www.rimadesio.it\/de\/#\/schema\/logo\/image\/\"}}]}<\/script>\n<!-- \/ Yoast SEO plugin. -->","yoast_head_json":{"title":"Self mobili giorno | Rimadesio","description":"Scopri il sistema giorno Self by Rimadesio. Soluzioni dal design contemporaneo, realizzate su misura. Alta qualit\u00e0 Made in Italy.","robots":{"index":"index","follow":"follow","max-snippet":"max-snippet:-1","max-image-preview":"max-image-preview:large","max-video-preview":"max-video-preview:-1"},"canonical":"https:\/\/www.rimadesio.it\/de\/produkt\/self\/","og_locale":"de_DE","og_type":"article","og_title":"Self mobili giorno | Rimadesio","og_description":"Scopri il sistema giorno Self by Rimadesio. Soluzioni dal design contemporaneo, realizzate su misura. Alta qualit\u00e0 Made in Italy.","og_url":"https:\/\/www.rimadesio.it\/de\/produkt\/self\/","og_site_name":"Rimadesio","article_modified_time":"2026-04-15T09:17:49+00:00","twitter_card":"summary_large_image","schema":{"@context":"https:\/\/schema.org","@graph":[{"@type":"WebPage","@id":"https:\/\/www.rimadesio.it\/de\/produkt\/self\/","url":"https:\/\/www.rimadesio.it\/de\/produkt\/self\/","name":"Self mobili giorno | Rimadesio","isPartOf":{"@id":"https:\/\/www.rimadesio.it\/de\/#website"},"datePublished":"2018-08-22T14:01:11+00:00","dateModified":"2026-04-15T09:17:49+00:00","description":"Scopri il sistema giorno Self by Rimadesio. Soluzioni dal design contemporaneo, realizzate su misura. Alta qualit\u00e0 Made in Italy.","breadcrumb":{"@id":"https:\/\/www.rimadesio.it\/de\/produkt\/self\/#breadcrumb"},"inLanguage":"de-DE","potentialAction":[{"@type":"ReadAction","target":["https:\/\/www.rimadesio.it\/de\/produkt\/self\/"]}]},{"@type":"BreadcrumbList","@id":"https:\/\/www.rimadesio.it\/de\/produkt\/self\/#breadcrumb","itemListElement":[{"@type":"ListItem","position":1,"name":"Homepage","item":"https:\/\/www.rimadesio.it\/de\/"},{"@type":"ListItem","position":2,"name":"Produkte","item":"https:\/\/www.rimadesio.it\/de\/produkt\/"},{"@type":"ListItem","position":3,"name":"Einrichtungsgegenst\u00e4nde","item":"https:\/\/www.rimadesio.it\/de\/produktkategorie\/einzelmobel\/"},{"@type":"ListItem","position":4,"name":"Schr\u00e4nkchen und Kommoden","item":"https:\/\/www.rimadesio.it\/de\/produktkategorie\/einzelmobel\/schubladen-schranke-sekretar\/"},{"@type":"ListItem","position":5,"name":"Self"}]},{"@type":"WebSite","@id":"https:\/\/www.rimadesio.it\/de\/#website","url":"https:\/\/www.rimadesio.it\/de\/","name":"Rimadesio","description":"Rimadesio official website","publisher":{"@id":"https:\/\/www.rimadesio.it\/de\/#organization"},"potentialAction":[{"@type":"SearchAction","target":{"@type":"EntryPoint","urlTemplate":"https:\/\/www.rimadesio.it\/de\/?s={search_term_string}"},"query-input":"required name=search_term_string"}],"inLanguage":"de-DE"},{"@type":"Organization","@id":"https:\/\/www.rimadesio.it\/de\/#organization","name":"Rimadesio","url":"https:\/\/www.rimadesio.it\/de\/","logo":{"@type":"ImageObject","inLanguage":"de-DE","@id":"https:\/\/www.rimadesio.it\/de\/#\/schema\/logo\/image\/","url":"https:\/\/static.rimadesio.it\/media\/2021\/08\/Logo.png","contentUrl":"https:\/\/static.rimadesio.it\/media\/2021\/08\/Logo.png","width":102,"height":18,"caption":"Rimadesio"},"image":{"@id":"https:\/\/www.rimadesio.it\/de\/#\/schema\/logo\/image\/"}}]}},"_links":{"self":[{"href":"https:\/\/www.rimadesio.it\/de\/wp-json\/wp\/v2\/product\/149290"}],"collection":[{"href":"https:\/\/www.rimadesio.it\/de\/wp-json\/wp\/v2\/product"}],"about":[{"href":"https:\/\/www.rimadesio.it\/de\/wp-json\/wp\/v2\/types\/product"}],"wp:attachment":[{"href":"https:\/\/www.rimadesio.it\/de\/wp-json\/wp\/v2\/media?parent=149290"}],"wp:term":[{"taxonomy":"product_category","embeddable":true,"href":"https:\/\/www.rimadesio.it\/de\/wp-json\/wp\/v2\/product_category?post=149290"}],"curies":[{"name":"wp","href":"https:\/\/api.w.org\/{rel}","templated":true}]}}

<p>Self ist ein modulares System für jeden Bereich des Hauses, mit dem man ein- und doppelseitige Schränke, Nachttische, Kommoden und an der Wand hängende Kompositionen kreieren kann.<br />
Die Vielseitigkeit dieser Linie garantiert, dass Self mit maximaler Freiheit, das bedeutet mit Kompositionen von horizontaler Modularität oder Behältern, die sich vertikal entwickeln, entworfen werden kann. Mit der außergewöhnlichen Vielfalt der 70 verfügbaren Farben der Ecolorsystem-Kollektion umfasst die Self-Kollektion Kompositionen mit Schwing- und Klapptüren, Schubladen und offenen Fächern.</p>

<!-- This site is optimized with the Yoast SEO plugin v20.4 - https://yoast.com/wordpress/plugins/seo/ -->
<title>Self mobili giorno | Rimadesio</title>
<meta name="description" content="Scopri il sistema giorno Self by Rimadesio. Soluzioni dal design contemporaneo, realizzate su misura. Alta qualità Made in Italy." />
<meta name="robots" content="index, follow, max-snippet:-1, max-image-preview:large, max-video-preview:-1" />
<link rel="canonical" href="https://www.rimadesio.it/de/produkt/self/" />
<meta property="og:locale" content="de_DE" />
<meta property="og:type" content="article" />
<meta property="og:title" content="Self mobili giorno | Rimadesio" />
<meta property="og:description" content="Scopri il sistema giorno Self by Rimadesio. Soluzioni dal design contemporaneo, realizzate su misura. Alta qualità Made in Italy." />
<meta property="og:url" content="https://www.rimadesio.it/de/produkt/self/" />
<meta property="og:site_name" content="Rimadesio" />
<meta property="article:modified_time" content="2026-04-15T09:17:49+00:00" />
<meta name="twitter:card" content="summary_large_image" />
<script type="application/ld+json" class="yoast-schema-graph">{"@context":"https://schema.org","@graph":[{"@type":"WebPage","@id":"https://www.rimadesio.it/de/produkt/self/","url":"https://www.rimadesio.it/de/produkt/self/","name":"Self mobili giorno | Rimadesio","isPartOf":{"@id":"https://www.rimadesio.it/de/#website"},"datePublished":"2018-08-22T14:01:11+00:00","dateModified":"2026-04-15T09:17:49+00:00","description":"Scopri il sistema giorno Self by Rimadesio. Soluzioni dal design contemporaneo, realizzate su misura. Alta qualità Made in Italy.","breadcrumb":{"@id":"https://www.rimadesio.it/de/produkt/self/#breadcrumb"},"inLanguage":"de-DE","potentialAction":[{"@type":"ReadAction","target":["https://www.rimadesio.it/de/produkt/self/"]}]},{"@type":"BreadcrumbList","@id":"https://www.rimadesio.it/de/produkt/self/#breadcrumb","itemListElement":[{"@type":"ListItem","position":1,"name":"Homepage","item":"https://www.rimadesio.it/de/"},{"@type":"ListItem","position":2,"name":"Produkte","item":"https://www.rimadesio.it/de/produkt/"},{"@type":"ListItem","position":3,"name":"Einrichtungsgegenstände","item":"https://www.rimadesio.it/de/produktkategorie/einzelmobel/"},{"@type":"ListItem","position":4,"name":"Schränkchen und Kommoden","item":"https://www.rimadesio.it/de/produktkategorie/einzelmobel/schubladen-schranke-sekretar/"},{"@type":"ListItem","position":5,"name":"Self"}]},{"@type":"WebSite","@id":"https://www.rimadesio.it/de/#website","url":"https://www.rimadesio.it/de/","name":"Rimadesio","description":"Rimadesio official website","publisher":{"@id":"https://www.rimadesio.it/de/#organization"},"potentialAction":[{"@type":"SearchAction","target":{"@type":"EntryPoint","urlTemplate":"https://www.rimadesio.it/de/?s={search_term_string}"},"query-input":"required name=search_term_string"}],"inLanguage":"de-DE"},{"@type":"Organization","@id":"https://www.rimadesio.it/de/#organization","name":"Rimadesio","url":"https://www.rimadesio.it/de/","logo":{"@type":"ImageObject","inLanguage":"de-DE","@id":"https://www.rimadesio.it/de/#/schema/logo/image/","url":"https://static.rimadesio.it/media/2021/08/Logo.png","contentUrl":"https://static.rimadesio.it/media/2021/08/Logo.png","width":102,"height":18,"caption":"Rimadesio"},"image":{"@id":"https://www.rimadesio.it/de/#/schema/logo/image/"}}]}</script>
<!-- / Yoast SEO plugin. -->

Scopri il sistema giorno Self by Rimadesio. Soluzioni dal design contemporaneo, realizzate su misura. Alta qualità Made in Italy.

Einrichtungsgegenstände

Schränkchen und Kommoden
