{"id":149261,"date":"2018-08-22T16:45:19","date_gmt":"2018-08-22T14:45:19","guid":{"rendered":"https:\/\/www.rimadesio.it\/product\/self-bold-2\/"},"modified":"2026-04-15T11:07:30","modified_gmt":"2026-04-15T09:07:30","slug":"self-bold","status":"publish","type":"product","link":"https:\/\/www.rimadesio.it\/de\/produkt\/self-bold\/","title":{"rendered":"Self bold"},"content":{"rendered":"<p>Ein klares und essentielles Design, absolut klare Linien, reine und durchgehende Oberfl\u00e4chen: Dies sind die Charakterz\u00fcge des auch in der Sideboard-Version erh\u00e4ltlichen H\u00e4nge-Einrichtungssystems, das die moderne Essenz von Rimadesio zum Ausdruck bringt.<br \/>\nAbsolute Geometrien und die Kombinierf\u00e4higkeit mit anderen Kollektionen erm\u00f6glichen es Self Bold, sich mit Eleganz und Pers\u00f6nlichkeit in den Raum einzuf\u00fcgen. Die Deckenplatte ist eines der Markenzeichen der Kollektion, sowohl in der raffinierten dicken Marmorplatten-, als auch in der d\u00fcnnen Glasprofilversion.<\/p>\n","protected":false},"featured_media":0,"template":"","product_category":[279,256,273,613,271],"acf":[],"yoast_head":"<!-- This site is optimized with the Yoast SEO plugin v20.4 - https:\/\/yoast.com\/wordpress\/plugins\/seo\/ -->\n<title>Self Bold mobili giorno | Rimadesio<\/title>\n<meta name=\"description\" content=\"Scopri la gamma di madie Self Bold by Rimadesio. Soluzioni dal design contemporaneo, realizzate su misura. Alta qualit\u00e0 Made in Italy.\" \/>\n<meta name=\"robots\" content=\"index, follow, max-snippet:-1, max-image-preview:large, max-video-preview:-1\" \/>\n<link rel=\"canonical\" href=\"https:\/\/www.rimadesio.it\/de\/produkt\/self-bold\/\" \/>\n<meta property=\"og:locale\" content=\"de_DE\" \/>\n<meta property=\"og:type\" content=\"article\" \/>\n<meta property=\"og:title\" content=\"Self Bold mobili giorno | Rimadesio\" \/>\n<meta property=\"og:description\" content=\"Scopri la gamma di madie Self Bold by Rimadesio. Soluzioni dal design contemporaneo, realizzate su misura. Alta qualit\u00e0 Made in Italy.\" \/>\n<meta property=\"og:url\" content=\"https:\/\/www.rimadesio.it\/de\/produkt\/self-bold\/\" \/>\n<meta property=\"og:site_name\" content=\"Rimadesio\" \/>\n<meta property=\"article:modified_time\" content=\"2026-04-15T09:07:30+00:00\" \/>\n<meta name=\"twitter:card\" content=\"summary_large_image\" \/>\n<script type=\"application\/ld+json\" class=\"yoast-schema-graph\">{\"@context\":\"https:\/\/schema.org\",\"@graph\":[{\"@type\":\"WebPage\",\"@id\":\"https:\/\/www.rimadesio.it\/de\/produkt\/self-bold\/\",\"url\":\"https:\/\/www.rimadesio.it\/de\/produkt\/self-bold\/\",\"name\":\"Self Bold mobili giorno | Rimadesio\",\"isPartOf\":{\"@id\":\"https:\/\/www.rimadesio.it\/de\/#website\"},\"datePublished\":\"2018-08-22T14:45:19+00:00\",\"dateModified\":\"2026-04-15T09:07:30+00:00\",\"description\":\"Scopri la gamma di madie Self Bold by Rimadesio. Soluzioni dal design contemporaneo, realizzate su misura. Alta qualit\u00e0 Made in Italy.\",\"breadcrumb\":{\"@id\":\"https:\/\/www.rimadesio.it\/de\/produkt\/self-bold\/#breadcrumb\"},\"inLanguage\":\"de-DE\",\"potentialAction\":[{\"@type\":\"ReadAction\",\"target\":[\"https:\/\/www.rimadesio.it\/de\/produkt\/self-bold\/\"]}]},{\"@type\":\"BreadcrumbList\",\"@id\":\"https:\/\/www.rimadesio.it\/de\/produkt\/self-bold\/#breadcrumb\",\"itemListElement\":[{\"@type\":\"ListItem\",\"position\":1,\"name\":\"Homepage\",\"item\":\"https:\/\/www.rimadesio.it\/de\/\"},{\"@type\":\"ListItem\",\"position\":2,\"name\":\"Produkte\",\"item\":\"https:\/\/www.rimadesio.it\/de\/produkt\/\"},{\"@type\":\"ListItem\",\"position\":3,\"name\":\"Schlafzimmersysteme\",\"item\":\"https:\/\/www.rimadesio.it\/de\/produktkategorie\/schlafraum\/\"},{\"@type\":\"ListItem\",\"position\":4,\"name\":\"Nachttische\",\"item\":\"https:\/\/www.rimadesio.it\/de\/produktkategorie\/schlafraum\/nachttische\/\"},{\"@type\":\"ListItem\",\"position\":5,\"name\":\"Self bold\"}]},{\"@type\":\"WebSite\",\"@id\":\"https:\/\/www.rimadesio.it\/de\/#website\",\"url\":\"https:\/\/www.rimadesio.it\/de\/\",\"name\":\"Rimadesio\",\"description\":\"Rimadesio official website\",\"publisher\":{\"@id\":\"https:\/\/www.rimadesio.it\/de\/#organization\"},\"potentialAction\":[{\"@type\":\"SearchAction\",\"target\":{\"@type\":\"EntryPoint\",\"urlTemplate\":\"https:\/\/www.rimadesio.it\/de\/?s={search_term_string}\"},\"query-input\":\"required name=search_term_string\"}],\"inLanguage\":\"de-DE\"},{\"@type\":\"Organization\",\"@id\":\"https:\/\/www.rimadesio.it\/de\/#organization\",\"name\":\"Rimadesio\",\"url\":\"https:\/\/www.rimadesio.it\/de\/\",\"logo\":{\"@type\":\"ImageObject\",\"inLanguage\":\"de-DE\",\"@id\":\"https:\/\/www.rimadesio.it\/de\/#\/schema\/logo\/image\/\",\"url\":\"https:\/\/static.rimadesio.it\/media\/2021\/08\/Logo.png\",\"contentUrl\":\"https:\/\/static.rimadesio.it\/media\/2021\/08\/Logo.png\",\"width\":102,\"height\":18,\"caption\":\"Rimadesio\"},\"image\":{\"@id\":\"https:\/\/www.rimadesio.it\/de\/#\/schema\/logo\/image\/\"}}]}<\/script>\n<!-- \/ Yoast SEO plugin. -->","yoast_head_json":{"title":"Self Bold mobili giorno | Rimadesio","description":"Scopri la gamma di madie Self Bold by Rimadesio. Soluzioni dal design contemporaneo, realizzate su misura. Alta qualit\u00e0 Made in Italy.","robots":{"index":"index","follow":"follow","max-snippet":"max-snippet:-1","max-image-preview":"max-image-preview:large","max-video-preview":"max-video-preview:-1"},"canonical":"https:\/\/www.rimadesio.it\/de\/produkt\/self-bold\/","og_locale":"de_DE","og_type":"article","og_title":"Self Bold mobili giorno | Rimadesio","og_description":"Scopri la gamma di madie Self Bold by Rimadesio. Soluzioni dal design contemporaneo, realizzate su misura. Alta qualit\u00e0 Made in Italy.","og_url":"https:\/\/www.rimadesio.it\/de\/produkt\/self-bold\/","og_site_name":"Rimadesio","article_modified_time":"2026-04-15T09:07:30+00:00","twitter_card":"summary_large_image","schema":{"@context":"https:\/\/schema.org","@graph":[{"@type":"WebPage","@id":"https:\/\/www.rimadesio.it\/de\/produkt\/self-bold\/","url":"https:\/\/www.rimadesio.it\/de\/produkt\/self-bold\/","name":"Self Bold mobili giorno | Rimadesio","isPartOf":{"@id":"https:\/\/www.rimadesio.it\/de\/#website"},"datePublished":"2018-08-22T14:45:19+00:00","dateModified":"2026-04-15T09:07:30+00:00","description":"Scopri la gamma di madie Self Bold by Rimadesio. Soluzioni dal design contemporaneo, realizzate su misura. Alta qualit\u00e0 Made in Italy.","breadcrumb":{"@id":"https:\/\/www.rimadesio.it\/de\/produkt\/self-bold\/#breadcrumb"},"inLanguage":"de-DE","potentialAction":[{"@type":"ReadAction","target":["https:\/\/www.rimadesio.it\/de\/produkt\/self-bold\/"]}]},{"@type":"BreadcrumbList","@id":"https:\/\/www.rimadesio.it\/de\/produkt\/self-bold\/#breadcrumb","itemListElement":[{"@type":"ListItem","position":1,"name":"Homepage","item":"https:\/\/www.rimadesio.it\/de\/"},{"@type":"ListItem","position":2,"name":"Produkte","item":"https:\/\/www.rimadesio.it\/de\/produkt\/"},{"@type":"ListItem","position":3,"name":"Schlafzimmersysteme","item":"https:\/\/www.rimadesio.it\/de\/produktkategorie\/schlafraum\/"},{"@type":"ListItem","position":4,"name":"Nachttische","item":"https:\/\/www.rimadesio.it\/de\/produktkategorie\/schlafraum\/nachttische\/"},{"@type":"ListItem","position":5,"name":"Self bold"}]},{"@type":"WebSite","@id":"https:\/\/www.rimadesio.it\/de\/#website","url":"https:\/\/www.rimadesio.it\/de\/","name":"Rimadesio","description":"Rimadesio official website","publisher":{"@id":"https:\/\/www.rimadesio.it\/de\/#organization"},"potentialAction":[{"@type":"SearchAction","target":{"@type":"EntryPoint","urlTemplate":"https:\/\/www.rimadesio.it\/de\/?s={search_term_string}"},"query-input":"required name=search_term_string"}],"inLanguage":"de-DE"},{"@type":"Organization","@id":"https:\/\/www.rimadesio.it\/de\/#organization","name":"Rimadesio","url":"https:\/\/www.rimadesio.it\/de\/","logo":{"@type":"ImageObject","inLanguage":"de-DE","@id":"https:\/\/www.rimadesio.it\/de\/#\/schema\/logo\/image\/","url":"https:\/\/static.rimadesio.it\/media\/2021\/08\/Logo.png","contentUrl":"https:\/\/static.rimadesio.it\/media\/2021\/08\/Logo.png","width":102,"height":18,"caption":"Rimadesio"},"image":{"@id":"https:\/\/www.rimadesio.it\/de\/#\/schema\/logo\/image\/"}}]}},"_links":{"self":[{"href":"https:\/\/www.rimadesio.it\/de\/wp-json\/wp\/v2\/product\/149261"}],"collection":[{"href":"https:\/\/www.rimadesio.it\/de\/wp-json\/wp\/v2\/product"}],"about":[{"href":"https:\/\/www.rimadesio.it\/de\/wp-json\/wp\/v2\/types\/product"}],"wp:attachment":[{"href":"https:\/\/www.rimadesio.it\/de\/wp-json\/wp\/v2\/media?parent=149261"}],"wp:term":[{"taxonomy":"product_category","embeddable":true,"href":"https:\/\/www.rimadesio.it\/de\/wp-json\/wp\/v2\/product_category?post=149261"}],"curies":[{"name":"wp","href":"https:\/\/api.w.org\/{rel}","templated":true}]}}

<p>Ein klares und essentielles Design, absolut klare Linien, reine und durchgehende Oberflächen: Dies sind die Charakterzüge des auch in der Sideboard-Version erhältlichen Hänge-Einrichtungssystems, das die moderne Essenz von Rimadesio zum Ausdruck bringt.<br />
Absolute Geometrien und die Kombinierfähigkeit mit anderen Kollektionen ermöglichen es Self Bold, sich mit Eleganz und Persönlichkeit in den Raum einzufügen. Die Deckenplatte ist eines der Markenzeichen der Kollektion, sowohl in der raffinierten dicken Marmorplatten-, als auch in der dünnen Glasprofilversion.</p>

<!-- This site is optimized with the Yoast SEO plugin v20.4 - https://yoast.com/wordpress/plugins/seo/ -->
<title>Self Bold mobili giorno | Rimadesio</title>
<meta name="description" content="Scopri la gamma di madie Self Bold by Rimadesio. Soluzioni dal design contemporaneo, realizzate su misura. Alta qualità Made in Italy." />
<meta name="robots" content="index, follow, max-snippet:-1, max-image-preview:large, max-video-preview:-1" />
<link rel="canonical" href="https://www.rimadesio.it/de/produkt/self-bold/" />
<meta property="og:locale" content="de_DE" />
<meta property="og:type" content="article" />
<meta property="og:title" content="Self Bold mobili giorno | Rimadesio" />
<meta property="og:description" content="Scopri la gamma di madie Self Bold by Rimadesio. Soluzioni dal design contemporaneo, realizzate su misura. Alta qualità Made in Italy." />
<meta property="og:url" content="https://www.rimadesio.it/de/produkt/self-bold/" />
<meta property="og:site_name" content="Rimadesio" />
<meta property="article:modified_time" content="2026-04-15T09:07:30+00:00" />
<meta name="twitter:card" content="summary_large_image" />
<script type="application/ld+json" class="yoast-schema-graph">{"@context":"https://schema.org","@graph":[{"@type":"WebPage","@id":"https://www.rimadesio.it/de/produkt/self-bold/","url":"https://www.rimadesio.it/de/produkt/self-bold/","name":"Self Bold mobili giorno | Rimadesio","isPartOf":{"@id":"https://www.rimadesio.it/de/#website"},"datePublished":"2018-08-22T14:45:19+00:00","dateModified":"2026-04-15T09:07:30+00:00","description":"Scopri la gamma di madie Self Bold by Rimadesio. Soluzioni dal design contemporaneo, realizzate su misura. Alta qualità Made in Italy.","breadcrumb":{"@id":"https://www.rimadesio.it/de/produkt/self-bold/#breadcrumb"},"inLanguage":"de-DE","potentialAction":[{"@type":"ReadAction","target":["https://www.rimadesio.it/de/produkt/self-bold/"]}]},{"@type":"BreadcrumbList","@id":"https://www.rimadesio.it/de/produkt/self-bold/#breadcrumb","itemListElement":[{"@type":"ListItem","position":1,"name":"Homepage","item":"https://www.rimadesio.it/de/"},{"@type":"ListItem","position":2,"name":"Produkte","item":"https://www.rimadesio.it/de/produkt/"},{"@type":"ListItem","position":3,"name":"Schlafzimmersysteme","item":"https://www.rimadesio.it/de/produktkategorie/schlafraum/"},{"@type":"ListItem","position":4,"name":"Nachttische","item":"https://www.rimadesio.it/de/produktkategorie/schlafraum/nachttische/"},{"@type":"ListItem","position":5,"name":"Self bold"}]},{"@type":"WebSite","@id":"https://www.rimadesio.it/de/#website","url":"https://www.rimadesio.it/de/","name":"Rimadesio","description":"Rimadesio official website","publisher":{"@id":"https://www.rimadesio.it/de/#organization"},"potentialAction":[{"@type":"SearchAction","target":{"@type":"EntryPoint","urlTemplate":"https://www.rimadesio.it/de/?s={search_term_string}"},"query-input":"required name=search_term_string"}],"inLanguage":"de-DE"},{"@type":"Organization","@id":"https://www.rimadesio.it/de/#organization","name":"Rimadesio","url":"https://www.rimadesio.it/de/","logo":{"@type":"ImageObject","inLanguage":"de-DE","@id":"https://www.rimadesio.it/de/#/schema/logo/image/","url":"https://static.rimadesio.it/media/2021/08/Logo.png","contentUrl":"https://static.rimadesio.it/media/2021/08/Logo.png","width":102,"height":18,"caption":"Rimadesio"},"image":{"@id":"https://www.rimadesio.it/de/#/schema/logo/image/"}}]}</script>
<!-- / Yoast SEO plugin. -->

Scopri la gamma di madie Self Bold by Rimadesio. Soluzioni dal design contemporaneo, realizzate su misura. Alta qualità Made in Italy.
