{"id":149149,"date":"2022-01-08T11:52:12","date_gmt":"2022-01-08T10:52:12","guid":{"rendered":"https:\/\/www.rimadesio.it\/product\/ala-2\/"},"modified":"2026-04-15T10:27:57","modified_gmt":"2026-04-15T08:27:57","slug":"ala-2","status":"publish","type":"product","link":"https:\/\/www.rimadesio.it\/de\/produkt\/ala-2\/","title":{"rendered":"Ala"},"content":{"rendered":"<p>Manchmal \u00fcberschreiten die M\u00f6bel die funktionalen Grenzen und tragen wesentlich dazu bei, dem Raum einen bestimmten Charakter zu verleihen, der affektive Gegenst\u00e4nde mit organisatorischer Liebe aufnimmt. Genau dies ist der Fall der Ala-Beh\u00e4lter. Es sind Vitrinen, die als kostbare Schatullen konzipiert sind, die Schubladen aus Nussbaum enthalten. Sie zeichnen sich durch die traditionelle &#8220;Schwalbenschwanz&#8221;-Konstruktion aus und sind mit einer versteckten internen Struktur aufgeh\u00e4ngt. Dieses M\u00f6belst\u00fcck hat einen starken Ausdruckswert und ist mit einem fortschrittlichen technischen Gesp\u00fcr konzpiert, das sich in einem \u00e4sthetisch \u00fcberraschenden M\u00f6belst\u00fcck offenbart.<\/p>\n","protected":false},"featured_media":0,"template":"","product_category":[276,256,615,282],"acf":[],"yoast_head":"<!-- This site is optimized with the Yoast SEO plugin v20.4 - https:\/\/yoast.com\/wordpress\/plugins\/seo\/ -->\n<title>Ala - Rimadesio<\/title>\n<meta name=\"description\" content=\"Manchmal \u00fcberschreiten die M\u00f6bel die funktionalen Grenzen und tragen wesentlich dazu bei, dem Raum einen bestimmten Charakter zu verleihen, der affektive\" \/>\n<meta name=\"robots\" content=\"index, follow, max-snippet:-1, max-image-preview:large, max-video-preview:-1\" \/>\n<link rel=\"canonical\" href=\"https:\/\/www.rimadesio.it\/de\/produkt\/ala-2\/\" \/>\n<meta property=\"og:locale\" content=\"de_DE\" \/>\n<meta property=\"og:type\" content=\"article\" \/>\n<meta property=\"og:title\" content=\"Ala - Rimadesio\" \/>\n<meta property=\"og:description\" content=\"Manchmal \u00fcberschreiten die M\u00f6bel die funktionalen Grenzen und tragen wesentlich dazu bei, dem Raum einen bestimmten Charakter zu verleihen, der affektive\" \/>\n<meta property=\"og:url\" content=\"https:\/\/www.rimadesio.it\/de\/produkt\/ala-2\/\" \/>\n<meta property=\"og:site_name\" content=\"Rimadesio\" \/>\n<meta property=\"article:modified_time\" content=\"2026-04-15T08:27:57+00:00\" \/>\n<meta name=\"twitter:card\" content=\"summary_large_image\" \/>\n<script type=\"application\/ld+json\" class=\"yoast-schema-graph\">{\"@context\":\"https:\/\/schema.org\",\"@graph\":[{\"@type\":\"WebPage\",\"@id\":\"https:\/\/www.rimadesio.it\/de\/produkt\/ala-2\/\",\"url\":\"https:\/\/www.rimadesio.it\/de\/produkt\/ala-2\/\",\"name\":\"Ala - Rimadesio\",\"isPartOf\":{\"@id\":\"https:\/\/www.rimadesio.it\/de\/#website\"},\"datePublished\":\"2022-01-08T10:52:12+00:00\",\"dateModified\":\"2026-04-15T08:27:57+00:00\",\"description\":\"Manchmal \u00fcberschreiten die M\u00f6bel die funktionalen Grenzen und tragen wesentlich dazu bei, dem Raum einen bestimmten Charakter zu verleihen, der affektive\",\"breadcrumb\":{\"@id\":\"https:\/\/www.rimadesio.it\/de\/produkt\/ala-2\/#breadcrumb\"},\"inLanguage\":\"de-DE\",\"potentialAction\":[{\"@type\":\"ReadAction\",\"target\":[\"https:\/\/www.rimadesio.it\/de\/produkt\/ala-2\/\"]}]},{\"@type\":\"BreadcrumbList\",\"@id\":\"https:\/\/www.rimadesio.it\/de\/produkt\/ala-2\/#breadcrumb\",\"itemListElement\":[{\"@type\":\"ListItem\",\"position\":1,\"name\":\"Homepage\",\"item\":\"https:\/\/www.rimadesio.it\/de\/\"},{\"@type\":\"ListItem\",\"position\":2,\"name\":\"Produkte\",\"item\":\"https:\/\/www.rimadesio.it\/de\/produkt\/\"},{\"@type\":\"ListItem\",\"position\":3,\"name\":\"Einrichtungsgegenst\u00e4nde\",\"item\":\"https:\/\/www.rimadesio.it\/de\/produktkategorie\/einzelmobel\/\"},{\"@type\":\"ListItem\",\"position\":4,\"name\":\"Schr\u00e4nkchen und Kommoden\",\"item\":\"https:\/\/www.rimadesio.it\/de\/produktkategorie\/einzelmobel\/schubladen-schranke-sekretar\/\"},{\"@type\":\"ListItem\",\"position\":5,\"name\":\"Ala\"}]},{\"@type\":\"WebSite\",\"@id\":\"https:\/\/www.rimadesio.it\/de\/#website\",\"url\":\"https:\/\/www.rimadesio.it\/de\/\",\"name\":\"Rimadesio\",\"description\":\"Rimadesio official website\",\"publisher\":{\"@id\":\"https:\/\/www.rimadesio.it\/de\/#organization\"},\"potentialAction\":[{\"@type\":\"SearchAction\",\"target\":{\"@type\":\"EntryPoint\",\"urlTemplate\":\"https:\/\/www.rimadesio.it\/de\/?s={search_term_string}\"},\"query-input\":\"required name=search_term_string\"}],\"inLanguage\":\"de-DE\"},{\"@type\":\"Organization\",\"@id\":\"https:\/\/www.rimadesio.it\/de\/#organization\",\"name\":\"Rimadesio\",\"url\":\"https:\/\/www.rimadesio.it\/de\/\",\"logo\":{\"@type\":\"ImageObject\",\"inLanguage\":\"de-DE\",\"@id\":\"https:\/\/www.rimadesio.it\/de\/#\/schema\/logo\/image\/\",\"url\":\"https:\/\/static.rimadesio.it\/media\/2021\/08\/Logo.png\",\"contentUrl\":\"https:\/\/static.rimadesio.it\/media\/2021\/08\/Logo.png\",\"width\":102,\"height\":18,\"caption\":\"Rimadesio\"},\"image\":{\"@id\":\"https:\/\/www.rimadesio.it\/de\/#\/schema\/logo\/image\/\"}}]}<\/script>\n<!-- \/ Yoast SEO plugin. -->","yoast_head_json":{"title":"Ala - Rimadesio","description":"Manchmal \u00fcberschreiten die M\u00f6bel die funktionalen Grenzen und tragen wesentlich dazu bei, dem Raum einen bestimmten Charakter zu verleihen, der affektive","robots":{"index":"index","follow":"follow","max-snippet":"max-snippet:-1","max-image-preview":"max-image-preview:large","max-video-preview":"max-video-preview:-1"},"canonical":"https:\/\/www.rimadesio.it\/de\/produkt\/ala-2\/","og_locale":"de_DE","og_type":"article","og_title":"Ala - Rimadesio","og_description":"Manchmal \u00fcberschreiten die M\u00f6bel die funktionalen Grenzen und tragen wesentlich dazu bei, dem Raum einen bestimmten Charakter zu verleihen, der affektive","og_url":"https:\/\/www.rimadesio.it\/de\/produkt\/ala-2\/","og_site_name":"Rimadesio","article_modified_time":"2026-04-15T08:27:57+00:00","twitter_card":"summary_large_image","schema":{"@context":"https:\/\/schema.org","@graph":[{"@type":"WebPage","@id":"https:\/\/www.rimadesio.it\/de\/produkt\/ala-2\/","url":"https:\/\/www.rimadesio.it\/de\/produkt\/ala-2\/","name":"Ala - Rimadesio","isPartOf":{"@id":"https:\/\/www.rimadesio.it\/de\/#website"},"datePublished":"2022-01-08T10:52:12+00:00","dateModified":"2026-04-15T08:27:57+00:00","description":"Manchmal \u00fcberschreiten die M\u00f6bel die funktionalen Grenzen und tragen wesentlich dazu bei, dem Raum einen bestimmten Charakter zu verleihen, der affektive","breadcrumb":{"@id":"https:\/\/www.rimadesio.it\/de\/produkt\/ala-2\/#breadcrumb"},"inLanguage":"de-DE","potentialAction":[{"@type":"ReadAction","target":["https:\/\/www.rimadesio.it\/de\/produkt\/ala-2\/"]}]},{"@type":"BreadcrumbList","@id":"https:\/\/www.rimadesio.it\/de\/produkt\/ala-2\/#breadcrumb","itemListElement":[{"@type":"ListItem","position":1,"name":"Homepage","item":"https:\/\/www.rimadesio.it\/de\/"},{"@type":"ListItem","position":2,"name":"Produkte","item":"https:\/\/www.rimadesio.it\/de\/produkt\/"},{"@type":"ListItem","position":3,"name":"Einrichtungsgegenst\u00e4nde","item":"https:\/\/www.rimadesio.it\/de\/produktkategorie\/einzelmobel\/"},{"@type":"ListItem","position":4,"name":"Schr\u00e4nkchen und Kommoden","item":"https:\/\/www.rimadesio.it\/de\/produktkategorie\/einzelmobel\/schubladen-schranke-sekretar\/"},{"@type":"ListItem","position":5,"name":"Ala"}]},{"@type":"WebSite","@id":"https:\/\/www.rimadesio.it\/de\/#website","url":"https:\/\/www.rimadesio.it\/de\/","name":"Rimadesio","description":"Rimadesio official website","publisher":{"@id":"https:\/\/www.rimadesio.it\/de\/#organization"},"potentialAction":[{"@type":"SearchAction","target":{"@type":"EntryPoint","urlTemplate":"https:\/\/www.rimadesio.it\/de\/?s={search_term_string}"},"query-input":"required name=search_term_string"}],"inLanguage":"de-DE"},{"@type":"Organization","@id":"https:\/\/www.rimadesio.it\/de\/#organization","name":"Rimadesio","url":"https:\/\/www.rimadesio.it\/de\/","logo":{"@type":"ImageObject","inLanguage":"de-DE","@id":"https:\/\/www.rimadesio.it\/de\/#\/schema\/logo\/image\/","url":"https:\/\/static.rimadesio.it\/media\/2021\/08\/Logo.png","contentUrl":"https:\/\/static.rimadesio.it\/media\/2021\/08\/Logo.png","width":102,"height":18,"caption":"Rimadesio"},"image":{"@id":"https:\/\/www.rimadesio.it\/de\/#\/schema\/logo\/image\/"}}]}},"_links":{"self":[{"href":"https:\/\/www.rimadesio.it\/de\/wp-json\/wp\/v2\/product\/149149"}],"collection":[{"href":"https:\/\/www.rimadesio.it\/de\/wp-json\/wp\/v2\/product"}],"about":[{"href":"https:\/\/www.rimadesio.it\/de\/wp-json\/wp\/v2\/types\/product"}],"wp:attachment":[{"href":"https:\/\/www.rimadesio.it\/de\/wp-json\/wp\/v2\/media?parent=149149"}],"wp:term":[{"taxonomy":"product_category","embeddable":true,"href":"https:\/\/www.rimadesio.it\/de\/wp-json\/wp\/v2\/product_category?post=149149"}],"curies":[{"name":"wp","href":"https:\/\/api.w.org\/{rel}","templated":true}]}}

<p>Manchmal überschreiten die Möbel die funktionalen Grenzen und tragen wesentlich dazu bei, dem Raum einen bestimmten Charakter zu verleihen, der affektive Gegenstände mit organisatorischer Liebe aufnimmt. Genau dies ist der Fall der Ala-Behälter. Es sind Vitrinen, die als kostbare Schatullen konzipiert sind, die Schubladen aus Nussbaum enthalten. Sie zeichnen sich durch die traditionelle &#8220;Schwalbenschwanz&#8221;-Konstruktion aus und sind mit einer versteckten internen Struktur aufgehängt. Dieses Möbelstück hat einen starken Ausdruckswert und ist mit einem fortschrittlichen technischen Gespür konzpiert, das sich in einem ästhetisch überraschenden Möbelstück offenbart.</p>

<!-- This site is optimized with the Yoast SEO plugin v20.4 - https://yoast.com/wordpress/plugins/seo/ -->
<title>Ala - Rimadesio</title>
<meta name="description" content="Manchmal überschreiten die Möbel die funktionalen Grenzen und tragen wesentlich dazu bei, dem Raum einen bestimmten Charakter zu verleihen, der affektive" />
<meta name="robots" content="index, follow, max-snippet:-1, max-image-preview:large, max-video-preview:-1" />
<link rel="canonical" href="https://www.rimadesio.it/de/produkt/ala-2/" />
<meta property="og:locale" content="de_DE" />
<meta property="og:type" content="article" />
<meta property="og:title" content="Ala - Rimadesio" />
<meta property="og:description" content="Manchmal überschreiten die Möbel die funktionalen Grenzen und tragen wesentlich dazu bei, dem Raum einen bestimmten Charakter zu verleihen, der affektive" />
<meta property="og:url" content="https://www.rimadesio.it/de/produkt/ala-2/" />
<meta property="og:site_name" content="Rimadesio" />
<meta property="article:modified_time" content="2026-04-15T08:27:57+00:00" />
<meta name="twitter:card" content="summary_large_image" />
<script type="application/ld+json" class="yoast-schema-graph">{"@context":"https://schema.org","@graph":[{"@type":"WebPage","@id":"https://www.rimadesio.it/de/produkt/ala-2/","url":"https://www.rimadesio.it/de/produkt/ala-2/","name":"Ala - Rimadesio","isPartOf":{"@id":"https://www.rimadesio.it/de/#website"},"datePublished":"2022-01-08T10:52:12+00:00","dateModified":"2026-04-15T08:27:57+00:00","description":"Manchmal überschreiten die Möbel die funktionalen Grenzen und tragen wesentlich dazu bei, dem Raum einen bestimmten Charakter zu verleihen, der affektive","breadcrumb":{"@id":"https://www.rimadesio.it/de/produkt/ala-2/#breadcrumb"},"inLanguage":"de-DE","potentialAction":[{"@type":"ReadAction","target":["https://www.rimadesio.it/de/produkt/ala-2/"]}]},{"@type":"BreadcrumbList","@id":"https://www.rimadesio.it/de/produkt/ala-2/#breadcrumb","itemListElement":[{"@type":"ListItem","position":1,"name":"Homepage","item":"https://www.rimadesio.it/de/"},{"@type":"ListItem","position":2,"name":"Produkte","item":"https://www.rimadesio.it/de/produkt/"},{"@type":"ListItem","position":3,"name":"Einrichtungsgegenstände","item":"https://www.rimadesio.it/de/produktkategorie/einzelmobel/"},{"@type":"ListItem","position":4,"name":"Schränkchen und Kommoden","item":"https://www.rimadesio.it/de/produktkategorie/einzelmobel/schubladen-schranke-sekretar/"},{"@type":"ListItem","position":5,"name":"Ala"}]},{"@type":"WebSite","@id":"https://www.rimadesio.it/de/#website","url":"https://www.rimadesio.it/de/","name":"Rimadesio","description":"Rimadesio official website","publisher":{"@id":"https://www.rimadesio.it/de/#organization"},"potentialAction":[{"@type":"SearchAction","target":{"@type":"EntryPoint","urlTemplate":"https://www.rimadesio.it/de/?s={search_term_string}"},"query-input":"required name=search_term_string"}],"inLanguage":"de-DE"},{"@type":"Organization","@id":"https://www.rimadesio.it/de/#organization","name":"Rimadesio","url":"https://www.rimadesio.it/de/","logo":{"@type":"ImageObject","inLanguage":"de-DE","@id":"https://www.rimadesio.it/de/#/schema/logo/image/","url":"https://static.rimadesio.it/media/2021/08/Logo.png","contentUrl":"https://static.rimadesio.it/media/2021/08/Logo.png","width":102,"height":18,"caption":"Rimadesio"},"image":{"@id":"https://www.rimadesio.it/de/#/schema/logo/image/"}}]}</script>
<!-- / Yoast SEO plugin. -->

Manchmal überschreiten die Möbel die funktionalen Grenzen und tragen wesentlich dazu bei, dem Raum einen bestimmten Charakter zu verleihen, der affektive

Einrichtungsgegenstände

Schränkchen und Kommoden
