{"id":161501,"date":"2024-02-12T17:11:39","date_gmt":"2024-02-12T16:11:39","guid":{"rendered":"https:\/\/www.rimadesio.it\/?post_type=journal&#038;p=161501"},"modified":"2024-02-12T17:11:39","modified_gmt":"2024-02-12T16:11:39","slug":"der-ausstellungsraum-von-giussano-wird-neu-gestaltet","status":"publish","type":"journal","link":"https:\/\/www.rimadesio.it\/de\/journal\/der-ausstellungsraum-von-giussano-wird-neu-gestaltet\/","title":{"rendered":"Der Ausstellungsraum von Giussano wird neu gestaltet"},"content":{"rendered":"<p>Rimadesio \u00f6ffnet die T\u00fcren seines neuen Showrooms am Hauptsitz von Giussano. Der von Giuseppe Bavuso, dem k\u00fcnstlerischen Leiter und Designer, entworfene Ausstellungsraum wurde einer umfassenden Neugestaltung unterzogen, die das urspr\u00fcngliche Konzept aufwertet, welches nun noch einladender und funktionaler erscheint.<\/p>\n","protected":false},"featured_media":0,"template":"","journal_category":[258,259],"acf":[],"yoast_head":"<!-- This site is optimized with the Yoast SEO plugin v20.4 - https:\/\/yoast.com\/wordpress\/plugins\/seo\/ -->\n<title>Der Ausstellungsraum von Giussano wird neu gestaltet - Rimadesio<\/title>\n<meta name=\"description\" content=\"Rimadesio \u00f6ffnet die T\u00fcren seines neuen Showrooms am Hauptsitz von Giussano. Der von Giuseppe Bavuso, dem k\u00fcnstlerischen Leiter und Designer, entworfene\" \/>\n<meta name=\"robots\" content=\"index, follow, max-snippet:-1, max-image-preview:large, max-video-preview:-1\" \/>\n<link rel=\"canonical\" href=\"https:\/\/www.rimadesio.it\/de\/journal\/der-ausstellungsraum-von-giussano-wird-neu-gestaltet\/\" \/>\n<meta property=\"og:locale\" content=\"de_DE\" \/>\n<meta property=\"og:type\" content=\"article\" \/>\n<meta property=\"og:title\" content=\"Der Ausstellungsraum von Giussano wird neu gestaltet - Rimadesio\" \/>\n<meta property=\"og:description\" content=\"Rimadesio \u00f6ffnet die T\u00fcren seines neuen Showrooms am Hauptsitz von Giussano. Der von Giuseppe Bavuso, dem k\u00fcnstlerischen Leiter und Designer, entworfene\" \/>\n<meta property=\"og:url\" content=\"https:\/\/www.rimadesio.it\/de\/journal\/der-ausstellungsraum-von-giussano-wird-neu-gestaltet\/\" \/>\n<meta property=\"og:site_name\" content=\"Rimadesio\" \/>\n<meta name=\"twitter:card\" content=\"summary_large_image\" \/>\n<script type=\"application\/ld+json\" class=\"yoast-schema-graph\">{\"@context\":\"https:\/\/schema.org\",\"@graph\":[{\"@type\":\"WebPage\",\"@id\":\"https:\/\/www.rimadesio.it\/de\/journal\/der-ausstellungsraum-von-giussano-wird-neu-gestaltet\/\",\"url\":\"https:\/\/www.rimadesio.it\/de\/journal\/der-ausstellungsraum-von-giussano-wird-neu-gestaltet\/\",\"name\":\"Der Ausstellungsraum von Giussano wird neu gestaltet - Rimadesio\",\"isPartOf\":{\"@id\":\"https:\/\/www.rimadesio.it\/de\/#website\"},\"datePublished\":\"2024-02-12T16:11:39+00:00\",\"dateModified\":\"2024-02-12T16:11:39+00:00\",\"description\":\"Rimadesio \u00f6ffnet die T\u00fcren seines neuen Showrooms am Hauptsitz von Giussano. Der von Giuseppe Bavuso, dem k\u00fcnstlerischen Leiter und Designer, entworfene\",\"breadcrumb\":{\"@id\":\"https:\/\/www.rimadesio.it\/de\/journal\/der-ausstellungsraum-von-giussano-wird-neu-gestaltet\/#breadcrumb\"},\"inLanguage\":\"de-DE\",\"potentialAction\":[{\"@type\":\"ReadAction\",\"target\":[\"https:\/\/www.rimadesio.it\/de\/journal\/der-ausstellungsraum-von-giussano-wird-neu-gestaltet\/\"]}]},{\"@type\":\"BreadcrumbList\",\"@id\":\"https:\/\/www.rimadesio.it\/de\/journal\/der-ausstellungsraum-von-giussano-wird-neu-gestaltet\/#breadcrumb\",\"itemListElement\":[{\"@type\":\"ListItem\",\"position\":1,\"name\":\"Homepage\",\"item\":\"https:\/\/www.rimadesio.it\/de\/\"},{\"@type\":\"ListItem\",\"position\":2,\"name\":\"Events\",\"item\":\"https:\/\/www.rimadesio.it\/de\/journal-category\/events-de\/\"},{\"@type\":\"ListItem\",\"position\":3,\"name\":\"Der Ausstellungsraum von Giussano wird neu gestaltet\"}]},{\"@type\":\"WebSite\",\"@id\":\"https:\/\/www.rimadesio.it\/de\/#website\",\"url\":\"https:\/\/www.rimadesio.it\/de\/\",\"name\":\"Rimadesio\",\"description\":\"Rimadesio official website\",\"publisher\":{\"@id\":\"https:\/\/www.rimadesio.it\/de\/#organization\"},\"potentialAction\":[{\"@type\":\"SearchAction\",\"target\":{\"@type\":\"EntryPoint\",\"urlTemplate\":\"https:\/\/www.rimadesio.it\/de\/?s={search_term_string}\"},\"query-input\":\"required name=search_term_string\"}],\"inLanguage\":\"de-DE\"},{\"@type\":\"Organization\",\"@id\":\"https:\/\/www.rimadesio.it\/de\/#organization\",\"name\":\"Rimadesio\",\"url\":\"https:\/\/www.rimadesio.it\/de\/\",\"logo\":{\"@type\":\"ImageObject\",\"inLanguage\":\"de-DE\",\"@id\":\"https:\/\/www.rimadesio.it\/de\/#\/schema\/logo\/image\/\",\"url\":\"https:\/\/static.rimadesio.it\/media\/2021\/08\/Logo.png\",\"contentUrl\":\"https:\/\/static.rimadesio.it\/media\/2021\/08\/Logo.png\",\"width\":102,\"height\":18,\"caption\":\"Rimadesio\"},\"image\":{\"@id\":\"https:\/\/www.rimadesio.it\/de\/#\/schema\/logo\/image\/\"}}]}<\/script>\n<!-- \/ Yoast SEO plugin. -->","yoast_head_json":{"title":"Der Ausstellungsraum von Giussano wird neu gestaltet - Rimadesio","description":"Rimadesio \u00f6ffnet die T\u00fcren seines neuen Showrooms am Hauptsitz von Giussano. Der von Giuseppe Bavuso, dem k\u00fcnstlerischen Leiter und Designer, entworfene","robots":{"index":"index","follow":"follow","max-snippet":"max-snippet:-1","max-image-preview":"max-image-preview:large","max-video-preview":"max-video-preview:-1"},"canonical":"https:\/\/www.rimadesio.it\/de\/journal\/der-ausstellungsraum-von-giussano-wird-neu-gestaltet\/","og_locale":"de_DE","og_type":"article","og_title":"Der Ausstellungsraum von Giussano wird neu gestaltet - Rimadesio","og_description":"Rimadesio \u00f6ffnet die T\u00fcren seines neuen Showrooms am Hauptsitz von Giussano. Der von Giuseppe Bavuso, dem k\u00fcnstlerischen Leiter und Designer, entworfene","og_url":"https:\/\/www.rimadesio.it\/de\/journal\/der-ausstellungsraum-von-giussano-wird-neu-gestaltet\/","og_site_name":"Rimadesio","twitter_card":"summary_large_image","schema":{"@context":"https:\/\/schema.org","@graph":[{"@type":"WebPage","@id":"https:\/\/www.rimadesio.it\/de\/journal\/der-ausstellungsraum-von-giussano-wird-neu-gestaltet\/","url":"https:\/\/www.rimadesio.it\/de\/journal\/der-ausstellungsraum-von-giussano-wird-neu-gestaltet\/","name":"Der Ausstellungsraum von Giussano wird neu gestaltet - Rimadesio","isPartOf":{"@id":"https:\/\/www.rimadesio.it\/de\/#website"},"datePublished":"2024-02-12T16:11:39+00:00","dateModified":"2024-02-12T16:11:39+00:00","description":"Rimadesio \u00f6ffnet die T\u00fcren seines neuen Showrooms am Hauptsitz von Giussano. Der von Giuseppe Bavuso, dem k\u00fcnstlerischen Leiter und Designer, entworfene","breadcrumb":{"@id":"https:\/\/www.rimadesio.it\/de\/journal\/der-ausstellungsraum-von-giussano-wird-neu-gestaltet\/#breadcrumb"},"inLanguage":"de-DE","potentialAction":[{"@type":"ReadAction","target":["https:\/\/www.rimadesio.it\/de\/journal\/der-ausstellungsraum-von-giussano-wird-neu-gestaltet\/"]}]},{"@type":"BreadcrumbList","@id":"https:\/\/www.rimadesio.it\/de\/journal\/der-ausstellungsraum-von-giussano-wird-neu-gestaltet\/#breadcrumb","itemListElement":[{"@type":"ListItem","position":1,"name":"Homepage","item":"https:\/\/www.rimadesio.it\/de\/"},{"@type":"ListItem","position":2,"name":"Events","item":"https:\/\/www.rimadesio.it\/de\/journal-category\/events-de\/"},{"@type":"ListItem","position":3,"name":"Der Ausstellungsraum von Giussano wird neu gestaltet"}]},{"@type":"WebSite","@id":"https:\/\/www.rimadesio.it\/de\/#website","url":"https:\/\/www.rimadesio.it\/de\/","name":"Rimadesio","description":"Rimadesio official website","publisher":{"@id":"https:\/\/www.rimadesio.it\/de\/#organization"},"potentialAction":[{"@type":"SearchAction","target":{"@type":"EntryPoint","urlTemplate":"https:\/\/www.rimadesio.it\/de\/?s={search_term_string}"},"query-input":"required name=search_term_string"}],"inLanguage":"de-DE"},{"@type":"Organization","@id":"https:\/\/www.rimadesio.it\/de\/#organization","name":"Rimadesio","url":"https:\/\/www.rimadesio.it\/de\/","logo":{"@type":"ImageObject","inLanguage":"de-DE","@id":"https:\/\/www.rimadesio.it\/de\/#\/schema\/logo\/image\/","url":"https:\/\/static.rimadesio.it\/media\/2021\/08\/Logo.png","contentUrl":"https:\/\/static.rimadesio.it\/media\/2021\/08\/Logo.png","width":102,"height":18,"caption":"Rimadesio"},"image":{"@id":"https:\/\/www.rimadesio.it\/de\/#\/schema\/logo\/image\/"}}]}},"_links":{"self":[{"href":"https:\/\/www.rimadesio.it\/de\/wp-json\/wp\/v2\/journal\/161501"}],"collection":[{"href":"https:\/\/www.rimadesio.it\/de\/wp-json\/wp\/v2\/journal"}],"about":[{"href":"https:\/\/www.rimadesio.it\/de\/wp-json\/wp\/v2\/types\/journal"}],"wp:attachment":[{"href":"https:\/\/www.rimadesio.it\/de\/wp-json\/wp\/v2\/media?parent=161501"}],"wp:term":[{"taxonomy":"journal_category","embeddable":true,"href":"https:\/\/www.rimadesio.it\/de\/wp-json\/wp\/v2\/journal_category?post=161501"}],"curies":[{"name":"wp","href":"https:\/\/api.w.org\/{rel}","templated":true}]}}

<p>Rimadesio öffnet die Türen seines neuen Showrooms am Hauptsitz von Giussano. Der von Giuseppe Bavuso, dem künstlerischen Leiter und Designer, entworfene Ausstellungsraum wurde einer umfassenden Neugestaltung unterzogen, die das ursprüngliche Konzept aufwertet, welches nun noch einladender und funktionaler erscheint.</p>

<!-- This site is optimized with the Yoast SEO plugin v20.4 - https://yoast.com/wordpress/plugins/seo/ -->
<title>Der Ausstellungsraum von Giussano wird neu gestaltet - Rimadesio</title>
<meta name="description" content="Rimadesio öffnet die Türen seines neuen Showrooms am Hauptsitz von Giussano. Der von Giuseppe Bavuso, dem künstlerischen Leiter und Designer, entworfene" />
<meta name="robots" content="index, follow, max-snippet:-1, max-image-preview:large, max-video-preview:-1" />
<link rel="canonical" href="https://www.rimadesio.it/de/journal/der-ausstellungsraum-von-giussano-wird-neu-gestaltet/" />
<meta property="og:locale" content="de_DE" />
<meta property="og:type" content="article" />
<meta property="og:title" content="Der Ausstellungsraum von Giussano wird neu gestaltet - Rimadesio" />
<meta property="og:description" content="Rimadesio öffnet die Türen seines neuen Showrooms am Hauptsitz von Giussano. Der von Giuseppe Bavuso, dem künstlerischen Leiter und Designer, entworfene" />
<meta property="og:url" content="https://www.rimadesio.it/de/journal/der-ausstellungsraum-von-giussano-wird-neu-gestaltet/" />
<meta property="og:site_name" content="Rimadesio" />
<meta name="twitter:card" content="summary_large_image" />
<script type="application/ld+json" class="yoast-schema-graph">{"@context":"https://schema.org","@graph":[{"@type":"WebPage","@id":"https://www.rimadesio.it/de/journal/der-ausstellungsraum-von-giussano-wird-neu-gestaltet/","url":"https://www.rimadesio.it/de/journal/der-ausstellungsraum-von-giussano-wird-neu-gestaltet/","name":"Der Ausstellungsraum von Giussano wird neu gestaltet - Rimadesio","isPartOf":{"@id":"https://www.rimadesio.it/de/#website"},"datePublished":"2024-02-12T16:11:39+00:00","dateModified":"2024-02-12T16:11:39+00:00","description":"Rimadesio öffnet die Türen seines neuen Showrooms am Hauptsitz von Giussano. Der von Giuseppe Bavuso, dem künstlerischen Leiter und Designer, entworfene","breadcrumb":{"@id":"https://www.rimadesio.it/de/journal/der-ausstellungsraum-von-giussano-wird-neu-gestaltet/#breadcrumb"},"inLanguage":"de-DE","potentialAction":[{"@type":"ReadAction","target":["https://www.rimadesio.it/de/journal/der-ausstellungsraum-von-giussano-wird-neu-gestaltet/"]}]},{"@type":"BreadcrumbList","@id":"https://www.rimadesio.it/de/journal/der-ausstellungsraum-von-giussano-wird-neu-gestaltet/#breadcrumb","itemListElement":[{"@type":"ListItem","position":1,"name":"Homepage","item":"https://www.rimadesio.it/de/"},{"@type":"ListItem","position":2,"name":"Events","item":"https://www.rimadesio.it/de/journal-category/events-de/"},{"@type":"ListItem","position":3,"name":"Der Ausstellungsraum von Giussano wird neu gestaltet"}]},{"@type":"WebSite","@id":"https://www.rimadesio.it/de/#website","url":"https://www.rimadesio.it/de/","name":"Rimadesio","description":"Rimadesio official website","publisher":{"@id":"https://www.rimadesio.it/de/#organization"},"potentialAction":[{"@type":"SearchAction","target":{"@type":"EntryPoint","urlTemplate":"https://www.rimadesio.it/de/?s={search_term_string}"},"query-input":"required name=search_term_string"}],"inLanguage":"de-DE"},{"@type":"Organization","@id":"https://www.rimadesio.it/de/#organization","name":"Rimadesio","url":"https://www.rimadesio.it/de/","logo":{"@type":"ImageObject","inLanguage":"de-DE","@id":"https://www.rimadesio.it/de/#/schema/logo/image/","url":"https://static.rimadesio.it/media/2021/08/Logo.png","contentUrl":"https://static.rimadesio.it/media/2021/08/Logo.png","width":102,"height":18,"caption":"Rimadesio"},"image":{"@id":"https://www.rimadesio.it/de/#/schema/logo/image/"}}]}</script>
<!-- / Yoast SEO plugin. -->

Rimadesio öffnet die Türen seines neuen Showrooms am Hauptsitz von Giussano. Der von Giuseppe Bavuso, dem künstlerischen Leiter und Designer, entworfene
