{"id":160203,"date":"2023-06-07T11:36:18","date_gmt":"2023-06-07T09:36:18","guid":{"rendered":"https:\/\/www.rimadesio.it\/?post_type=journal&#038;p=160203"},"modified":"2023-06-07T16:03:51","modified_gmt":"2023-06-07T14:03:51","slug":"the-residences-at-1428-brickell-project-by-ytech-acpv-architects-arquitectonica","status":"publish","type":"journal","link":"https:\/\/www.rimadesio.it\/de\/journal\/the-residences-at-1428-brickell-project-by-ytech-acpv-architects-arquitectonica\/","title":{"rendered":"The residences at 1428 Brickell. Project by Ytech, ACPV Architects, Arquitectonica"},"content":{"rendered":"<p>Die als skulpturale und flexible R\u00e4ume konzipierten Wohnbereiche zeichnen sich durch die Liebe zum Detail, den sorgf\u00e4ltigen Umgang mit der Materialit\u00e4t der Elemente und die warmen T\u00f6ne der M\u00f6bel und Oberfl\u00e4chen. In diesem Projekt kommt den Velaria-Schiebepaneelen<\/p>\n","protected":false},"featured_media":0,"template":"","journal_category":[],"acf":[],"yoast_head":"<!-- This site is optimized with the Yoast SEO plugin v20.4 - https:\/\/yoast.com\/wordpress\/plugins\/seo\/ -->\n<title>The residences at 1428 Brickell. Project by Ytech, ACPV Architects, Arquitectonica - Rimadesio<\/title>\n<meta name=\"description\" content=\"Die als skulpturale und flexible R\u00e4ume konzipierten Wohnbereiche zeichnen sich durch die Liebe zum Detail, den sorgf\u00e4ltigen Umgang mit der Materialit\u00e4t\" \/>\n<meta name=\"robots\" content=\"index, follow, max-snippet:-1, max-image-preview:large, max-video-preview:-1\" \/>\n<link rel=\"canonical\" href=\"https:\/\/www.rimadesio.it\/de\/journal\/the-residences-at-1428-brickell-project-by-ytech-acpv-architects-arquitectonica\/\" \/>\n<meta property=\"og:locale\" content=\"de_DE\" \/>\n<meta property=\"og:type\" content=\"article\" \/>\n<meta property=\"og:title\" content=\"The residences at 1428 Brickell. Project by Ytech, ACPV Architects, Arquitectonica - Rimadesio\" \/>\n<meta property=\"og:description\" content=\"Die als skulpturale und flexible R\u00e4ume konzipierten Wohnbereiche zeichnen sich durch die Liebe zum Detail, den sorgf\u00e4ltigen Umgang mit der Materialit\u00e4t\" \/>\n<meta property=\"og:url\" content=\"https:\/\/www.rimadesio.it\/de\/journal\/the-residences-at-1428-brickell-project-by-ytech-acpv-architects-arquitectonica\/\" \/>\n<meta property=\"og:site_name\" content=\"Rimadesio\" \/>\n<meta property=\"article:modified_time\" content=\"2023-06-07T14:03:51+00:00\" \/>\n<meta name=\"twitter:card\" content=\"summary_large_image\" \/>\n<script type=\"application\/ld+json\" class=\"yoast-schema-graph\">{\"@context\":\"https:\/\/schema.org\",\"@graph\":[{\"@type\":\"WebPage\",\"@id\":\"https:\/\/www.rimadesio.it\/de\/journal\/the-residences-at-1428-brickell-project-by-ytech-acpv-architects-arquitectonica\/\",\"url\":\"https:\/\/www.rimadesio.it\/de\/journal\/the-residences-at-1428-brickell-project-by-ytech-acpv-architects-arquitectonica\/\",\"name\":\"The residences at 1428 Brickell. Project by Ytech, ACPV Architects, Arquitectonica - Rimadesio\",\"isPartOf\":{\"@id\":\"https:\/\/www.rimadesio.it\/de\/#website\"},\"datePublished\":\"2023-06-07T09:36:18+00:00\",\"dateModified\":\"2023-06-07T14:03:51+00:00\",\"description\":\"Die als skulpturale und flexible R\u00e4ume konzipierten Wohnbereiche zeichnen sich durch die Liebe zum Detail, den sorgf\u00e4ltigen Umgang mit der Materialit\u00e4t\",\"breadcrumb\":{\"@id\":\"https:\/\/www.rimadesio.it\/de\/journal\/the-residences-at-1428-brickell-project-by-ytech-acpv-architects-arquitectonica\/#breadcrumb\"},\"inLanguage\":\"de-DE\",\"potentialAction\":[{\"@type\":\"ReadAction\",\"target\":[\"https:\/\/www.rimadesio.it\/de\/journal\/the-residences-at-1428-brickell-project-by-ytech-acpv-architects-arquitectonica\/\"]}]},{\"@type\":\"BreadcrumbList\",\"@id\":\"https:\/\/www.rimadesio.it\/de\/journal\/the-residences-at-1428-brickell-project-by-ytech-acpv-architects-arquitectonica\/#breadcrumb\",\"itemListElement\":[{\"@type\":\"ListItem\",\"position\":1,\"name\":\"Homepage\",\"item\":\"https:\/\/www.rimadesio.it\/de\/\"},{\"@type\":\"ListItem\",\"position\":2,\"name\":\"The residences at 1428 Brickell. Project by Ytech, ACPV Architects, Arquitectonica\"}]},{\"@type\":\"WebSite\",\"@id\":\"https:\/\/www.rimadesio.it\/de\/#website\",\"url\":\"https:\/\/www.rimadesio.it\/de\/\",\"name\":\"Rimadesio\",\"description\":\"Rimadesio official website\",\"publisher\":{\"@id\":\"https:\/\/www.rimadesio.it\/de\/#organization\"},\"potentialAction\":[{\"@type\":\"SearchAction\",\"target\":{\"@type\":\"EntryPoint\",\"urlTemplate\":\"https:\/\/www.rimadesio.it\/de\/?s={search_term_string}\"},\"query-input\":\"required name=search_term_string\"}],\"inLanguage\":\"de-DE\"},{\"@type\":\"Organization\",\"@id\":\"https:\/\/www.rimadesio.it\/de\/#organization\",\"name\":\"Rimadesio\",\"url\":\"https:\/\/www.rimadesio.it\/de\/\",\"logo\":{\"@type\":\"ImageObject\",\"inLanguage\":\"de-DE\",\"@id\":\"https:\/\/www.rimadesio.it\/de\/#\/schema\/logo\/image\/\",\"url\":\"https:\/\/static.rimadesio.it\/media\/2021\/08\/Logo.png\",\"contentUrl\":\"https:\/\/static.rimadesio.it\/media\/2021\/08\/Logo.png\",\"width\":102,\"height\":18,\"caption\":\"Rimadesio\"},\"image\":{\"@id\":\"https:\/\/www.rimadesio.it\/de\/#\/schema\/logo\/image\/\"}}]}<\/script>\n<!-- \/ Yoast SEO plugin. -->","yoast_head_json":{"title":"The residences at 1428 Brickell. Project by Ytech, ACPV Architects, Arquitectonica - Rimadesio","description":"Die als skulpturale und flexible R\u00e4ume konzipierten Wohnbereiche zeichnen sich durch die Liebe zum Detail, den sorgf\u00e4ltigen Umgang mit der Materialit\u00e4t","robots":{"index":"index","follow":"follow","max-snippet":"max-snippet:-1","max-image-preview":"max-image-preview:large","max-video-preview":"max-video-preview:-1"},"canonical":"https:\/\/www.rimadesio.it\/de\/journal\/the-residences-at-1428-brickell-project-by-ytech-acpv-architects-arquitectonica\/","og_locale":"de_DE","og_type":"article","og_title":"The residences at 1428 Brickell. Project by Ytech, ACPV Architects, Arquitectonica - Rimadesio","og_description":"Die als skulpturale und flexible R\u00e4ume konzipierten Wohnbereiche zeichnen sich durch die Liebe zum Detail, den sorgf\u00e4ltigen Umgang mit der Materialit\u00e4t","og_url":"https:\/\/www.rimadesio.it\/de\/journal\/the-residences-at-1428-brickell-project-by-ytech-acpv-architects-arquitectonica\/","og_site_name":"Rimadesio","article_modified_time":"2023-06-07T14:03:51+00:00","twitter_card":"summary_large_image","schema":{"@context":"https:\/\/schema.org","@graph":[{"@type":"WebPage","@id":"https:\/\/www.rimadesio.it\/de\/journal\/the-residences-at-1428-brickell-project-by-ytech-acpv-architects-arquitectonica\/","url":"https:\/\/www.rimadesio.it\/de\/journal\/the-residences-at-1428-brickell-project-by-ytech-acpv-architects-arquitectonica\/","name":"The residences at 1428 Brickell. Project by Ytech, ACPV Architects, Arquitectonica - Rimadesio","isPartOf":{"@id":"https:\/\/www.rimadesio.it\/de\/#website"},"datePublished":"2023-06-07T09:36:18+00:00","dateModified":"2023-06-07T14:03:51+00:00","description":"Die als skulpturale und flexible R\u00e4ume konzipierten Wohnbereiche zeichnen sich durch die Liebe zum Detail, den sorgf\u00e4ltigen Umgang mit der Materialit\u00e4t","breadcrumb":{"@id":"https:\/\/www.rimadesio.it\/de\/journal\/the-residences-at-1428-brickell-project-by-ytech-acpv-architects-arquitectonica\/#breadcrumb"},"inLanguage":"de-DE","potentialAction":[{"@type":"ReadAction","target":["https:\/\/www.rimadesio.it\/de\/journal\/the-residences-at-1428-brickell-project-by-ytech-acpv-architects-arquitectonica\/"]}]},{"@type":"BreadcrumbList","@id":"https:\/\/www.rimadesio.it\/de\/journal\/the-residences-at-1428-brickell-project-by-ytech-acpv-architects-arquitectonica\/#breadcrumb","itemListElement":[{"@type":"ListItem","position":1,"name":"Homepage","item":"https:\/\/www.rimadesio.it\/de\/"},{"@type":"ListItem","position":2,"name":"The residences at 1428 Brickell. Project by Ytech, ACPV Architects, Arquitectonica"}]},{"@type":"WebSite","@id":"https:\/\/www.rimadesio.it\/de\/#website","url":"https:\/\/www.rimadesio.it\/de\/","name":"Rimadesio","description":"Rimadesio official website","publisher":{"@id":"https:\/\/www.rimadesio.it\/de\/#organization"},"potentialAction":[{"@type":"SearchAction","target":{"@type":"EntryPoint","urlTemplate":"https:\/\/www.rimadesio.it\/de\/?s={search_term_string}"},"query-input":"required name=search_term_string"}],"inLanguage":"de-DE"},{"@type":"Organization","@id":"https:\/\/www.rimadesio.it\/de\/#organization","name":"Rimadesio","url":"https:\/\/www.rimadesio.it\/de\/","logo":{"@type":"ImageObject","inLanguage":"de-DE","@id":"https:\/\/www.rimadesio.it\/de\/#\/schema\/logo\/image\/","url":"https:\/\/static.rimadesio.it\/media\/2021\/08\/Logo.png","contentUrl":"https:\/\/static.rimadesio.it\/media\/2021\/08\/Logo.png","width":102,"height":18,"caption":"Rimadesio"},"image":{"@id":"https:\/\/www.rimadesio.it\/de\/#\/schema\/logo\/image\/"}}]}},"_links":{"self":[{"href":"https:\/\/www.rimadesio.it\/de\/wp-json\/wp\/v2\/journal\/160203"}],"collection":[{"href":"https:\/\/www.rimadesio.it\/de\/wp-json\/wp\/v2\/journal"}],"about":[{"href":"https:\/\/www.rimadesio.it\/de\/wp-json\/wp\/v2\/types\/journal"}],"wp:attachment":[{"href":"https:\/\/www.rimadesio.it\/de\/wp-json\/wp\/v2\/media?parent=160203"}],"wp:term":[{"taxonomy":"journal_category","embeddable":true,"href":"https:\/\/www.rimadesio.it\/de\/wp-json\/wp\/v2\/journal_category?post=160203"}],"curies":[{"name":"wp","href":"https:\/\/api.w.org\/{rel}","templated":true}]}}

<p>Die als skulpturale und flexible Räume konzipierten Wohnbereiche zeichnen sich durch die Liebe zum Detail, den sorgfältigen Umgang mit der Materialität der Elemente und die warmen Töne der Möbel und Oberflächen. In diesem Projekt kommt den Velaria-Schiebepaneelen</p>

<!-- This site is optimized with the Yoast SEO plugin v20.4 - https://yoast.com/wordpress/plugins/seo/ -->
<title>The residences at 1428 Brickell. Project by Ytech, ACPV Architects, Arquitectonica - Rimadesio</title>
<meta name="description" content="Die als skulpturale und flexible Räume konzipierten Wohnbereiche zeichnen sich durch die Liebe zum Detail, den sorgfältigen Umgang mit der Materialität" />
<meta name="robots" content="index, follow, max-snippet:-1, max-image-preview:large, max-video-preview:-1" />
<link rel="canonical" href="https://www.rimadesio.it/de/journal/the-residences-at-1428-brickell-project-by-ytech-acpv-architects-arquitectonica/" />
<meta property="og:locale" content="de_DE" />
<meta property="og:type" content="article" />
<meta property="og:title" content="The residences at 1428 Brickell. Project by Ytech, ACPV Architects, Arquitectonica - Rimadesio" />
<meta property="og:description" content="Die als skulpturale und flexible Räume konzipierten Wohnbereiche zeichnen sich durch die Liebe zum Detail, den sorgfältigen Umgang mit der Materialität" />
<meta property="og:url" content="https://www.rimadesio.it/de/journal/the-residences-at-1428-brickell-project-by-ytech-acpv-architects-arquitectonica/" />
<meta property="og:site_name" content="Rimadesio" />
<meta property="article:modified_time" content="2023-06-07T14:03:51+00:00" />
<meta name="twitter:card" content="summary_large_image" />
<script type="application/ld+json" class="yoast-schema-graph">{"@context":"https://schema.org","@graph":[{"@type":"WebPage","@id":"https://www.rimadesio.it/de/journal/the-residences-at-1428-brickell-project-by-ytech-acpv-architects-arquitectonica/","url":"https://www.rimadesio.it/de/journal/the-residences-at-1428-brickell-project-by-ytech-acpv-architects-arquitectonica/","name":"The residences at 1428 Brickell. Project by Ytech, ACPV Architects, Arquitectonica - Rimadesio","isPartOf":{"@id":"https://www.rimadesio.it/de/#website"},"datePublished":"2023-06-07T09:36:18+00:00","dateModified":"2023-06-07T14:03:51+00:00","description":"Die als skulpturale und flexible Räume konzipierten Wohnbereiche zeichnen sich durch die Liebe zum Detail, den sorgfältigen Umgang mit der Materialität","breadcrumb":{"@id":"https://www.rimadesio.it/de/journal/the-residences-at-1428-brickell-project-by-ytech-acpv-architects-arquitectonica/#breadcrumb"},"inLanguage":"de-DE","potentialAction":[{"@type":"ReadAction","target":["https://www.rimadesio.it/de/journal/the-residences-at-1428-brickell-project-by-ytech-acpv-architects-arquitectonica/"]}]},{"@type":"BreadcrumbList","@id":"https://www.rimadesio.it/de/journal/the-residences-at-1428-brickell-project-by-ytech-acpv-architects-arquitectonica/#breadcrumb","itemListElement":[{"@type":"ListItem","position":1,"name":"Homepage","item":"https://www.rimadesio.it/de/"},{"@type":"ListItem","position":2,"name":"The residences at 1428 Brickell. Project by Ytech, ACPV Architects, Arquitectonica"}]},{"@type":"WebSite","@id":"https://www.rimadesio.it/de/#website","url":"https://www.rimadesio.it/de/","name":"Rimadesio","description":"Rimadesio official website","publisher":{"@id":"https://www.rimadesio.it/de/#organization"},"potentialAction":[{"@type":"SearchAction","target":{"@type":"EntryPoint","urlTemplate":"https://www.rimadesio.it/de/?s={search_term_string}"},"query-input":"required name=search_term_string"}],"inLanguage":"de-DE"},{"@type":"Organization","@id":"https://www.rimadesio.it/de/#organization","name":"Rimadesio","url":"https://www.rimadesio.it/de/","logo":{"@type":"ImageObject","inLanguage":"de-DE","@id":"https://www.rimadesio.it/de/#/schema/logo/image/","url":"https://static.rimadesio.it/media/2021/08/Logo.png","contentUrl":"https://static.rimadesio.it/media/2021/08/Logo.png","width":102,"height":18,"caption":"Rimadesio"},"image":{"@id":"https://www.rimadesio.it/de/#/schema/logo/image/"}}]}</script>
<!-- / Yoast SEO plugin. -->

Die als skulpturale und flexible Räume konzipierten Wohnbereiche zeichnen sich durch die Liebe zum Detail, den sorgfältigen Umgang mit der Materialität
