{"id":152708,"date":"2022-02-19T17:56:26","date_gmt":"2022-02-19T16:56:26","guid":{"rendered":"https:\/\/www.rimadesio.it\/journal\/tisch-francis-in-kuerze-verfuegbar\/"},"modified":"2022-02-19T17:56:26","modified_gmt":"2022-02-19T16:56:26","slug":"tisch-francis-in-kuerze-verfuegbar","status":"publish","type":"journal","link":"https:\/\/www.rimadesio.it\/de\/journal\/tisch-francis-in-kuerze-verfuegbar\/","title":{"rendered":"Tisch Francis ist in K\u00fcrze verf\u00fcgbar"},"content":{"rendered":"<p>Die Produktion von Francis ist f\u00fcr Herbst 2020 geplant. Es handelt sich hierbei um den neuen von Giuseppe Bavuso entworfenen Tisch, der zur Bereicherung der Rimadesio Kollektion beitr\u00e4gt.<\/p>\n","protected":false},"featured_media":0,"template":"","journal_category":[259],"acf":[],"yoast_head":"<!-- This site is optimized with the Yoast SEO plugin v20.4 - https:\/\/yoast.com\/wordpress\/plugins\/seo\/ -->\n<title>Tisch Francis ist in K\u00fcrze verf\u00fcgbar - Rimadesio<\/title>\n<meta name=\"description\" content=\"Die Produktion von Francis ist f\u00fcr Herbst 2020 geplant. Es handelt sich hierbei um den neuen von Giuseppe Bavuso entworfenen Tisch, der zur Bereicherung\" \/>\n<meta name=\"robots\" content=\"index, follow, max-snippet:-1, max-image-preview:large, max-video-preview:-1\" \/>\n<link rel=\"canonical\" href=\"https:\/\/www.rimadesio.it\/de\/journal\/tisch-francis-in-kuerze-verfuegbar\/\" \/>\n<meta property=\"og:locale\" content=\"de_DE\" \/>\n<meta property=\"og:type\" content=\"article\" \/>\n<meta property=\"og:title\" content=\"Tisch Francis ist in K\u00fcrze verf\u00fcgbar - Rimadesio\" \/>\n<meta property=\"og:description\" content=\"Die Produktion von Francis ist f\u00fcr Herbst 2020 geplant. Es handelt sich hierbei um den neuen von Giuseppe Bavuso entworfenen Tisch, der zur Bereicherung\" \/>\n<meta property=\"og:url\" content=\"https:\/\/www.rimadesio.it\/de\/journal\/tisch-francis-in-kuerze-verfuegbar\/\" \/>\n<meta property=\"og:site_name\" content=\"Rimadesio\" \/>\n<meta name=\"twitter:card\" content=\"summary_large_image\" \/>\n<script type=\"application\/ld+json\" class=\"yoast-schema-graph\">{\"@context\":\"https:\/\/schema.org\",\"@graph\":[{\"@type\":\"WebPage\",\"@id\":\"https:\/\/www.rimadesio.it\/de\/journal\/tisch-francis-in-kuerze-verfuegbar\/\",\"url\":\"https:\/\/www.rimadesio.it\/de\/journal\/tisch-francis-in-kuerze-verfuegbar\/\",\"name\":\"Tisch Francis ist in K\u00fcrze verf\u00fcgbar - Rimadesio\",\"isPartOf\":{\"@id\":\"https:\/\/www.rimadesio.it\/de\/#website\"},\"datePublished\":\"2022-02-19T16:56:26+00:00\",\"dateModified\":\"2022-02-19T16:56:26+00:00\",\"description\":\"Die Produktion von Francis ist f\u00fcr Herbst 2020 geplant. Es handelt sich hierbei um den neuen von Giuseppe Bavuso entworfenen Tisch, der zur Bereicherung\",\"breadcrumb\":{\"@id\":\"https:\/\/www.rimadesio.it\/de\/journal\/tisch-francis-in-kuerze-verfuegbar\/#breadcrumb\"},\"inLanguage\":\"de-DE\",\"potentialAction\":[{\"@type\":\"ReadAction\",\"target\":[\"https:\/\/www.rimadesio.it\/de\/journal\/tisch-francis-in-kuerze-verfuegbar\/\"]}]},{\"@type\":\"BreadcrumbList\",\"@id\":\"https:\/\/www.rimadesio.it\/de\/journal\/tisch-francis-in-kuerze-verfuegbar\/#breadcrumb\",\"itemListElement\":[{\"@type\":\"ListItem\",\"position\":1,\"name\":\"Homepage\",\"item\":\"https:\/\/www.rimadesio.it\/de\/\"},{\"@type\":\"ListItem\",\"position\":2,\"name\":\"Design\",\"item\":\"https:\/\/www.rimadesio.it\/de\/journal-category\/design-de\/\"},{\"@type\":\"ListItem\",\"position\":3,\"name\":\"Tisch Francis ist in K\u00fcrze verf\u00fcgbar\"}]},{\"@type\":\"WebSite\",\"@id\":\"https:\/\/www.rimadesio.it\/de\/#website\",\"url\":\"https:\/\/www.rimadesio.it\/de\/\",\"name\":\"Rimadesio\",\"description\":\"Rimadesio official website\",\"publisher\":{\"@id\":\"https:\/\/www.rimadesio.it\/de\/#organization\"},\"potentialAction\":[{\"@type\":\"SearchAction\",\"target\":{\"@type\":\"EntryPoint\",\"urlTemplate\":\"https:\/\/www.rimadesio.it\/de\/?s={search_term_string}\"},\"query-input\":\"required name=search_term_string\"}],\"inLanguage\":\"de-DE\"},{\"@type\":\"Organization\",\"@id\":\"https:\/\/www.rimadesio.it\/de\/#organization\",\"name\":\"Rimadesio\",\"url\":\"https:\/\/www.rimadesio.it\/de\/\",\"logo\":{\"@type\":\"ImageObject\",\"inLanguage\":\"de-DE\",\"@id\":\"https:\/\/www.rimadesio.it\/de\/#\/schema\/logo\/image\/\",\"url\":\"https:\/\/static.rimadesio.it\/media\/2021\/08\/Logo.png\",\"contentUrl\":\"https:\/\/static.rimadesio.it\/media\/2021\/08\/Logo.png\",\"width\":102,\"height\":18,\"caption\":\"Rimadesio\"},\"image\":{\"@id\":\"https:\/\/www.rimadesio.it\/de\/#\/schema\/logo\/image\/\"}}]}<\/script>\n<!-- \/ Yoast SEO plugin. -->","yoast_head_json":{"title":"Tisch Francis ist in K\u00fcrze verf\u00fcgbar - Rimadesio","description":"Die Produktion von Francis ist f\u00fcr Herbst 2020 geplant. Es handelt sich hierbei um den neuen von Giuseppe Bavuso entworfenen Tisch, der zur Bereicherung","robots":{"index":"index","follow":"follow","max-snippet":"max-snippet:-1","max-image-preview":"max-image-preview:large","max-video-preview":"max-video-preview:-1"},"canonical":"https:\/\/www.rimadesio.it\/de\/journal\/tisch-francis-in-kuerze-verfuegbar\/","og_locale":"de_DE","og_type":"article","og_title":"Tisch Francis ist in K\u00fcrze verf\u00fcgbar - Rimadesio","og_description":"Die Produktion von Francis ist f\u00fcr Herbst 2020 geplant. Es handelt sich hierbei um den neuen von Giuseppe Bavuso entworfenen Tisch, der zur Bereicherung","og_url":"https:\/\/www.rimadesio.it\/de\/journal\/tisch-francis-in-kuerze-verfuegbar\/","og_site_name":"Rimadesio","twitter_card":"summary_large_image","schema":{"@context":"https:\/\/schema.org","@graph":[{"@type":"WebPage","@id":"https:\/\/www.rimadesio.it\/de\/journal\/tisch-francis-in-kuerze-verfuegbar\/","url":"https:\/\/www.rimadesio.it\/de\/journal\/tisch-francis-in-kuerze-verfuegbar\/","name":"Tisch Francis ist in K\u00fcrze verf\u00fcgbar - Rimadesio","isPartOf":{"@id":"https:\/\/www.rimadesio.it\/de\/#website"},"datePublished":"2022-02-19T16:56:26+00:00","dateModified":"2022-02-19T16:56:26+00:00","description":"Die Produktion von Francis ist f\u00fcr Herbst 2020 geplant. Es handelt sich hierbei um den neuen von Giuseppe Bavuso entworfenen Tisch, der zur Bereicherung","breadcrumb":{"@id":"https:\/\/www.rimadesio.it\/de\/journal\/tisch-francis-in-kuerze-verfuegbar\/#breadcrumb"},"inLanguage":"de-DE","potentialAction":[{"@type":"ReadAction","target":["https:\/\/www.rimadesio.it\/de\/journal\/tisch-francis-in-kuerze-verfuegbar\/"]}]},{"@type":"BreadcrumbList","@id":"https:\/\/www.rimadesio.it\/de\/journal\/tisch-francis-in-kuerze-verfuegbar\/#breadcrumb","itemListElement":[{"@type":"ListItem","position":1,"name":"Homepage","item":"https:\/\/www.rimadesio.it\/de\/"},{"@type":"ListItem","position":2,"name":"Design","item":"https:\/\/www.rimadesio.it\/de\/journal-category\/design-de\/"},{"@type":"ListItem","position":3,"name":"Tisch Francis ist in K\u00fcrze verf\u00fcgbar"}]},{"@type":"WebSite","@id":"https:\/\/www.rimadesio.it\/de\/#website","url":"https:\/\/www.rimadesio.it\/de\/","name":"Rimadesio","description":"Rimadesio official website","publisher":{"@id":"https:\/\/www.rimadesio.it\/de\/#organization"},"potentialAction":[{"@type":"SearchAction","target":{"@type":"EntryPoint","urlTemplate":"https:\/\/www.rimadesio.it\/de\/?s={search_term_string}"},"query-input":"required name=search_term_string"}],"inLanguage":"de-DE"},{"@type":"Organization","@id":"https:\/\/www.rimadesio.it\/de\/#organization","name":"Rimadesio","url":"https:\/\/www.rimadesio.it\/de\/","logo":{"@type":"ImageObject","inLanguage":"de-DE","@id":"https:\/\/www.rimadesio.it\/de\/#\/schema\/logo\/image\/","url":"https:\/\/static.rimadesio.it\/media\/2021\/08\/Logo.png","contentUrl":"https:\/\/static.rimadesio.it\/media\/2021\/08\/Logo.png","width":102,"height":18,"caption":"Rimadesio"},"image":{"@id":"https:\/\/www.rimadesio.it\/de\/#\/schema\/logo\/image\/"}}]}},"_links":{"self":[{"href":"https:\/\/www.rimadesio.it\/de\/wp-json\/wp\/v2\/journal\/152708"}],"collection":[{"href":"https:\/\/www.rimadesio.it\/de\/wp-json\/wp\/v2\/journal"}],"about":[{"href":"https:\/\/www.rimadesio.it\/de\/wp-json\/wp\/v2\/types\/journal"}],"wp:attachment":[{"href":"https:\/\/www.rimadesio.it\/de\/wp-json\/wp\/v2\/media?parent=152708"}],"wp:term":[{"taxonomy":"journal_category","embeddable":true,"href":"https:\/\/www.rimadesio.it\/de\/wp-json\/wp\/v2\/journal_category?post=152708"}],"curies":[{"name":"wp","href":"https:\/\/api.w.org\/{rel}","templated":true}]}}

Tisch Francis ist in Kürze verfügbar

<p>Die Produktion von Francis ist für Herbst 2020 geplant. Es handelt sich hierbei um den neuen von Giuseppe Bavuso entworfenen Tisch, der zur Bereicherung der Rimadesio Kollektion beiträgt.</p>

<!-- This site is optimized with the Yoast SEO plugin v20.4 - https://yoast.com/wordpress/plugins/seo/ -->
<title>Tisch Francis ist in Kürze verfügbar - Rimadesio</title>
<meta name="description" content="Die Produktion von Francis ist für Herbst 2020 geplant. Es handelt sich hierbei um den neuen von Giuseppe Bavuso entworfenen Tisch, der zur Bereicherung" />
<meta name="robots" content="index, follow, max-snippet:-1, max-image-preview:large, max-video-preview:-1" />
<link rel="canonical" href="https://www.rimadesio.it/de/journal/tisch-francis-in-kuerze-verfuegbar/" />
<meta property="og:locale" content="de_DE" />
<meta property="og:type" content="article" />
<meta property="og:title" content="Tisch Francis ist in Kürze verfügbar - Rimadesio" />
<meta property="og:description" content="Die Produktion von Francis ist für Herbst 2020 geplant. Es handelt sich hierbei um den neuen von Giuseppe Bavuso entworfenen Tisch, der zur Bereicherung" />
<meta property="og:url" content="https://www.rimadesio.it/de/journal/tisch-francis-in-kuerze-verfuegbar/" />
<meta property="og:site_name" content="Rimadesio" />
<meta name="twitter:card" content="summary_large_image" />
<script type="application/ld+json" class="yoast-schema-graph">{"@context":"https://schema.org","@graph":[{"@type":"WebPage","@id":"https://www.rimadesio.it/de/journal/tisch-francis-in-kuerze-verfuegbar/","url":"https://www.rimadesio.it/de/journal/tisch-francis-in-kuerze-verfuegbar/","name":"Tisch Francis ist in Kürze verfügbar - Rimadesio","isPartOf":{"@id":"https://www.rimadesio.it/de/#website"},"datePublished":"2022-02-19T16:56:26+00:00","dateModified":"2022-02-19T16:56:26+00:00","description":"Die Produktion von Francis ist für Herbst 2020 geplant. Es handelt sich hierbei um den neuen von Giuseppe Bavuso entworfenen Tisch, der zur Bereicherung","breadcrumb":{"@id":"https://www.rimadesio.it/de/journal/tisch-francis-in-kuerze-verfuegbar/#breadcrumb"},"inLanguage":"de-DE","potentialAction":[{"@type":"ReadAction","target":["https://www.rimadesio.it/de/journal/tisch-francis-in-kuerze-verfuegbar/"]}]},{"@type":"BreadcrumbList","@id":"https://www.rimadesio.it/de/journal/tisch-francis-in-kuerze-verfuegbar/#breadcrumb","itemListElement":[{"@type":"ListItem","position":1,"name":"Homepage","item":"https://www.rimadesio.it/de/"},{"@type":"ListItem","position":2,"name":"Design","item":"https://www.rimadesio.it/de/journal-category/design-de/"},{"@type":"ListItem","position":3,"name":"Tisch Francis ist in Kürze verfügbar"}]},{"@type":"WebSite","@id":"https://www.rimadesio.it/de/#website","url":"https://www.rimadesio.it/de/","name":"Rimadesio","description":"Rimadesio official website","publisher":{"@id":"https://www.rimadesio.it/de/#organization"},"potentialAction":[{"@type":"SearchAction","target":{"@type":"EntryPoint","urlTemplate":"https://www.rimadesio.it/de/?s={search_term_string}"},"query-input":"required name=search_term_string"}],"inLanguage":"de-DE"},{"@type":"Organization","@id":"https://www.rimadesio.it/de/#organization","name":"Rimadesio","url":"https://www.rimadesio.it/de/","logo":{"@type":"ImageObject","inLanguage":"de-DE","@id":"https://www.rimadesio.it/de/#/schema/logo/image/","url":"https://static.rimadesio.it/media/2021/08/Logo.png","contentUrl":"https://static.rimadesio.it/media/2021/08/Logo.png","width":102,"height":18,"caption":"Rimadesio"},"image":{"@id":"https://www.rimadesio.it/de/#/schema/logo/image/"}}]}</script>
<!-- / Yoast SEO plugin. -->

Tisch Francis ist in Kürze verfügbar - Rimadesio

Die Produktion von Francis ist für Herbst 2020 geplant. Es handelt sich hierbei um den neuen von Giuseppe Bavuso entworfenen Tisch, der zur Bereicherung
