{"id":143722,"date":"2021-12-28T09:22:10","date_gmt":"2021-12-28T08:22:10","guid":{"rendered":"https:\/\/www.rimadesio.it\/journal\/milano-design-week-2021-2\/"},"modified":"2021-12-29T08:27:17","modified_gmt":"2021-12-29T07:27:17","slug":"mailander-designwoche-2021","status":"publish","type":"journal","link":"https:\/\/www.rimadesio.it\/de\/journal\/mailander-designwoche-2021\/","title":{"rendered":"Mail\u00e4nder Designwoche 2021"},"content":{"rendered":"<p>Nebst der Er\u00f6ffnung der Ausstellung &#8220;Stories and Matters the exhibition&#8221;, enth\u00fcllte Rimadesio offiziell die neue Kollektion von Giuseppe Bavuso.<\/p>\n","protected":false},"featured_media":0,"template":"","journal_category":[258],"acf":[],"yoast_head":"<!-- This site is optimized with the Yoast SEO plugin v20.4 - https:\/\/yoast.com\/wordpress\/plugins\/seo\/ -->\n<title>Mail\u00e4nder Designwoche 2021 - Rimadesio<\/title>\n<meta name=\"description\" content=\"Nebst der Er\u00f6ffnung der Ausstellung &quot;Stories and Matters the exhibition&quot;, enth\u00fcllte Rimadesio offiziell die neue Kollektion von Giuseppe Bavuso.\" \/>\n<meta name=\"robots\" content=\"index, follow, max-snippet:-1, max-image-preview:large, max-video-preview:-1\" \/>\n<link rel=\"canonical\" href=\"https:\/\/www.rimadesio.it\/de\/journal\/mailander-designwoche-2021\/\" \/>\n<meta property=\"og:locale\" content=\"de_DE\" \/>\n<meta property=\"og:type\" content=\"article\" \/>\n<meta property=\"og:title\" content=\"Mail\u00e4nder Designwoche 2021 - Rimadesio\" \/>\n<meta property=\"og:description\" content=\"Nebst der Er\u00f6ffnung der Ausstellung &quot;Stories and Matters the exhibition&quot;, enth\u00fcllte Rimadesio offiziell die neue Kollektion von Giuseppe Bavuso.\" \/>\n<meta property=\"og:url\" content=\"https:\/\/www.rimadesio.it\/de\/journal\/mailander-designwoche-2021\/\" \/>\n<meta property=\"og:site_name\" content=\"Rimadesio\" \/>\n<meta property=\"article:modified_time\" content=\"2021-12-29T07:27:17+00:00\" \/>\n<meta name=\"twitter:card\" content=\"summary_large_image\" \/>\n<script type=\"application\/ld+json\" class=\"yoast-schema-graph\">{\"@context\":\"https:\/\/schema.org\",\"@graph\":[{\"@type\":\"WebPage\",\"@id\":\"https:\/\/www.rimadesio.it\/de\/journal\/mailander-designwoche-2021\/\",\"url\":\"https:\/\/www.rimadesio.it\/de\/journal\/mailander-designwoche-2021\/\",\"name\":\"Mail\u00e4nder Designwoche 2021 - Rimadesio\",\"isPartOf\":{\"@id\":\"https:\/\/www.rimadesio.it\/de\/#website\"},\"datePublished\":\"2021-12-28T08:22:10+00:00\",\"dateModified\":\"2021-12-29T07:27:17+00:00\",\"description\":\"Nebst der Er\u00f6ffnung der Ausstellung \\\"Stories and Matters the exhibition\\\", enth\u00fcllte Rimadesio offiziell die neue Kollektion von Giuseppe Bavuso.\",\"breadcrumb\":{\"@id\":\"https:\/\/www.rimadesio.it\/de\/journal\/mailander-designwoche-2021\/#breadcrumb\"},\"inLanguage\":\"de-DE\",\"potentialAction\":[{\"@type\":\"ReadAction\",\"target\":[\"https:\/\/www.rimadesio.it\/de\/journal\/mailander-designwoche-2021\/\"]}]},{\"@type\":\"BreadcrumbList\",\"@id\":\"https:\/\/www.rimadesio.it\/de\/journal\/mailander-designwoche-2021\/#breadcrumb\",\"itemListElement\":[{\"@type\":\"ListItem\",\"position\":1,\"name\":\"Homepage\",\"item\":\"https:\/\/www.rimadesio.it\/de\/\"},{\"@type\":\"ListItem\",\"position\":2,\"name\":\"Events\",\"item\":\"https:\/\/www.rimadesio.it\/de\/journal-category\/events-de\/\"},{\"@type\":\"ListItem\",\"position\":3,\"name\":\"Mail\u00e4nder Designwoche 2021\"}]},{\"@type\":\"WebSite\",\"@id\":\"https:\/\/www.rimadesio.it\/de\/#website\",\"url\":\"https:\/\/www.rimadesio.it\/de\/\",\"name\":\"Rimadesio\",\"description\":\"Rimadesio official website\",\"publisher\":{\"@id\":\"https:\/\/www.rimadesio.it\/de\/#organization\"},\"potentialAction\":[{\"@type\":\"SearchAction\",\"target\":{\"@type\":\"EntryPoint\",\"urlTemplate\":\"https:\/\/www.rimadesio.it\/de\/?s={search_term_string}\"},\"query-input\":\"required name=search_term_string\"}],\"inLanguage\":\"de-DE\"},{\"@type\":\"Organization\",\"@id\":\"https:\/\/www.rimadesio.it\/de\/#organization\",\"name\":\"Rimadesio\",\"url\":\"https:\/\/www.rimadesio.it\/de\/\",\"logo\":{\"@type\":\"ImageObject\",\"inLanguage\":\"de-DE\",\"@id\":\"https:\/\/www.rimadesio.it\/de\/#\/schema\/logo\/image\/\",\"url\":\"https:\/\/static.rimadesio.it\/media\/2021\/08\/Logo.png\",\"contentUrl\":\"https:\/\/static.rimadesio.it\/media\/2021\/08\/Logo.png\",\"width\":102,\"height\":18,\"caption\":\"Rimadesio\"},\"image\":{\"@id\":\"https:\/\/www.rimadesio.it\/de\/#\/schema\/logo\/image\/\"}}]}<\/script>\n<!-- \/ Yoast SEO plugin. -->","yoast_head_json":{"title":"Mail\u00e4nder Designwoche 2021 - Rimadesio","description":"Nebst der Er\u00f6ffnung der Ausstellung \"Stories and Matters the exhibition\", enth\u00fcllte Rimadesio offiziell die neue Kollektion von Giuseppe Bavuso.","robots":{"index":"index","follow":"follow","max-snippet":"max-snippet:-1","max-image-preview":"max-image-preview:large","max-video-preview":"max-video-preview:-1"},"canonical":"https:\/\/www.rimadesio.it\/de\/journal\/mailander-designwoche-2021\/","og_locale":"de_DE","og_type":"article","og_title":"Mail\u00e4nder Designwoche 2021 - Rimadesio","og_description":"Nebst der Er\u00f6ffnung der Ausstellung \"Stories and Matters the exhibition\", enth\u00fcllte Rimadesio offiziell die neue Kollektion von Giuseppe Bavuso.","og_url":"https:\/\/www.rimadesio.it\/de\/journal\/mailander-designwoche-2021\/","og_site_name":"Rimadesio","article_modified_time":"2021-12-29T07:27:17+00:00","twitter_card":"summary_large_image","schema":{"@context":"https:\/\/schema.org","@graph":[{"@type":"WebPage","@id":"https:\/\/www.rimadesio.it\/de\/journal\/mailander-designwoche-2021\/","url":"https:\/\/www.rimadesio.it\/de\/journal\/mailander-designwoche-2021\/","name":"Mail\u00e4nder Designwoche 2021 - Rimadesio","isPartOf":{"@id":"https:\/\/www.rimadesio.it\/de\/#website"},"datePublished":"2021-12-28T08:22:10+00:00","dateModified":"2021-12-29T07:27:17+00:00","description":"Nebst der Er\u00f6ffnung der Ausstellung \"Stories and Matters the exhibition\", enth\u00fcllte Rimadesio offiziell die neue Kollektion von Giuseppe Bavuso.","breadcrumb":{"@id":"https:\/\/www.rimadesio.it\/de\/journal\/mailander-designwoche-2021\/#breadcrumb"},"inLanguage":"de-DE","potentialAction":[{"@type":"ReadAction","target":["https:\/\/www.rimadesio.it\/de\/journal\/mailander-designwoche-2021\/"]}]},{"@type":"BreadcrumbList","@id":"https:\/\/www.rimadesio.it\/de\/journal\/mailander-designwoche-2021\/#breadcrumb","itemListElement":[{"@type":"ListItem","position":1,"name":"Homepage","item":"https:\/\/www.rimadesio.it\/de\/"},{"@type":"ListItem","position":2,"name":"Events","item":"https:\/\/www.rimadesio.it\/de\/journal-category\/events-de\/"},{"@type":"ListItem","position":3,"name":"Mail\u00e4nder Designwoche 2021"}]},{"@type":"WebSite","@id":"https:\/\/www.rimadesio.it\/de\/#website","url":"https:\/\/www.rimadesio.it\/de\/","name":"Rimadesio","description":"Rimadesio official website","publisher":{"@id":"https:\/\/www.rimadesio.it\/de\/#organization"},"potentialAction":[{"@type":"SearchAction","target":{"@type":"EntryPoint","urlTemplate":"https:\/\/www.rimadesio.it\/de\/?s={search_term_string}"},"query-input":"required name=search_term_string"}],"inLanguage":"de-DE"},{"@type":"Organization","@id":"https:\/\/www.rimadesio.it\/de\/#organization","name":"Rimadesio","url":"https:\/\/www.rimadesio.it\/de\/","logo":{"@type":"ImageObject","inLanguage":"de-DE","@id":"https:\/\/www.rimadesio.it\/de\/#\/schema\/logo\/image\/","url":"https:\/\/static.rimadesio.it\/media\/2021\/08\/Logo.png","contentUrl":"https:\/\/static.rimadesio.it\/media\/2021\/08\/Logo.png","width":102,"height":18,"caption":"Rimadesio"},"image":{"@id":"https:\/\/www.rimadesio.it\/de\/#\/schema\/logo\/image\/"}}]}},"_links":{"self":[{"href":"https:\/\/www.rimadesio.it\/de\/wp-json\/wp\/v2\/journal\/143722"}],"collection":[{"href":"https:\/\/www.rimadesio.it\/de\/wp-json\/wp\/v2\/journal"}],"about":[{"href":"https:\/\/www.rimadesio.it\/de\/wp-json\/wp\/v2\/types\/journal"}],"wp:attachment":[{"href":"https:\/\/www.rimadesio.it\/de\/wp-json\/wp\/v2\/media?parent=143722"}],"wp:term":[{"taxonomy":"journal_category","embeddable":true,"href":"https:\/\/www.rimadesio.it\/de\/wp-json\/wp\/v2\/journal_category?post=143722"}],"curies":[{"name":"wp","href":"https:\/\/api.w.org\/{rel}","templated":true}]}}

Mailänder Designwoche 2021

<p>Nebst der Eröffnung der Ausstellung &#8220;Stories and Matters the exhibition&#8221;, enthüllte Rimadesio offiziell die neue Kollektion von Giuseppe Bavuso.</p>

<!-- This site is optimized with the Yoast SEO plugin v20.4 - https://yoast.com/wordpress/plugins/seo/ -->
<title>Mailänder Designwoche 2021 - Rimadesio</title>
<meta name="description" content="Nebst der Eröffnung der Ausstellung &quot;Stories and Matters the exhibition&quot;, enthüllte Rimadesio offiziell die neue Kollektion von Giuseppe Bavuso." />
<meta name="robots" content="index, follow, max-snippet:-1, max-image-preview:large, max-video-preview:-1" />
<link rel="canonical" href="https://www.rimadesio.it/de/journal/mailander-designwoche-2021/" />
<meta property="og:locale" content="de_DE" />
<meta property="og:type" content="article" />
<meta property="og:title" content="Mailänder Designwoche 2021 - Rimadesio" />
<meta property="og:description" content="Nebst der Eröffnung der Ausstellung &quot;Stories and Matters the exhibition&quot;, enthüllte Rimadesio offiziell die neue Kollektion von Giuseppe Bavuso." />
<meta property="og:url" content="https://www.rimadesio.it/de/journal/mailander-designwoche-2021/" />
<meta property="og:site_name" content="Rimadesio" />
<meta property="article:modified_time" content="2021-12-29T07:27:17+00:00" />
<meta name="twitter:card" content="summary_large_image" />
<script type="application/ld+json" class="yoast-schema-graph">{"@context":"https://schema.org","@graph":[{"@type":"WebPage","@id":"https://www.rimadesio.it/de/journal/mailander-designwoche-2021/","url":"https://www.rimadesio.it/de/journal/mailander-designwoche-2021/","name":"Mailänder Designwoche 2021 - Rimadesio","isPartOf":{"@id":"https://www.rimadesio.it/de/#website"},"datePublished":"2021-12-28T08:22:10+00:00","dateModified":"2021-12-29T07:27:17+00:00","description":"Nebst der Eröffnung der Ausstellung \"Stories and Matters the exhibition\", enthüllte Rimadesio offiziell die neue Kollektion von Giuseppe Bavuso.","breadcrumb":{"@id":"https://www.rimadesio.it/de/journal/mailander-designwoche-2021/#breadcrumb"},"inLanguage":"de-DE","potentialAction":[{"@type":"ReadAction","target":["https://www.rimadesio.it/de/journal/mailander-designwoche-2021/"]}]},{"@type":"BreadcrumbList","@id":"https://www.rimadesio.it/de/journal/mailander-designwoche-2021/#breadcrumb","itemListElement":[{"@type":"ListItem","position":1,"name":"Homepage","item":"https://www.rimadesio.it/de/"},{"@type":"ListItem","position":2,"name":"Events","item":"https://www.rimadesio.it/de/journal-category/events-de/"},{"@type":"ListItem","position":3,"name":"Mailänder Designwoche 2021"}]},{"@type":"WebSite","@id":"https://www.rimadesio.it/de/#website","url":"https://www.rimadesio.it/de/","name":"Rimadesio","description":"Rimadesio official website","publisher":{"@id":"https://www.rimadesio.it/de/#organization"},"potentialAction":[{"@type":"SearchAction","target":{"@type":"EntryPoint","urlTemplate":"https://www.rimadesio.it/de/?s={search_term_string}"},"query-input":"required name=search_term_string"}],"inLanguage":"de-DE"},{"@type":"Organization","@id":"https://www.rimadesio.it/de/#organization","name":"Rimadesio","url":"https://www.rimadesio.it/de/","logo":{"@type":"ImageObject","inLanguage":"de-DE","@id":"https://www.rimadesio.it/de/#/schema/logo/image/","url":"https://static.rimadesio.it/media/2021/08/Logo.png","contentUrl":"https://static.rimadesio.it/media/2021/08/Logo.png","width":102,"height":18,"caption":"Rimadesio"},"image":{"@id":"https://www.rimadesio.it/de/#/schema/logo/image/"}}]}</script>
<!-- / Yoast SEO plugin. -->

Mailänder Designwoche 2021 - Rimadesio

Nebst der Eröffnung der Ausstellung "Stories and Matters the exhibition", enthüllte Rimadesio offiziell die neue Kollektion von Giuseppe Bavuso.
